{"id":717164,"date":"2025-08-27T17:52:17","date_gmt":"2025-08-27T14:52:17","guid":{"rendered":"https:\/\/roveyayinevi.com.tr\/index.php\/urun\/kar-altinda-bugday-tanesi\/"},"modified":"2026-04-16T02:25:11","modified_gmt":"2026-04-15T23:25:11","slug":"kar-altinda-bugday-tanesi","status":"publish","type":"product","link":"https:\/\/roveyayinevi.com.tr\/index.php\/urun\/kar-altinda-bugday-tanesi\/","title":{"rendered":"Kar Alt\u0131nda Bu\u011fday Tanesi"},"content":{"rendered":"<p>Yine karanl\u0131k bir d\u00f6nemden ge\u00e7iyoruz. \u00dclkemizin ayd\u0131nlar\u0131, yar\u0131 ayd\u0131nlar\u0131, okumu\u015flar\u0131, yakla\u015fan karanl\u0131\u011f\u0131 enselerinde hissediyorlar ama hi\u00e7bir \u015fey yapam\u0131yorlar. Kar\u0131n alt\u0131ndaki bu\u011fday tanesi kadar \u00e7aresizler. Bug\u00fcn ba\u015f\u0131m\u0131z\u0131n \u00fcst\u00fcne y\u0131\u011f\u0131lm\u0131\u015f, soluk almam\u0131z\u0131 zorla\u015ft\u0131ran \u015feyler, belki de kar\u0131n alt\u0131nda g\u00fcn \u0131\u015f\u0131\u011f\u0131na kavu\u015fmay\u0131 bekleyen bu\u011fday tanesiyle \u00f6zde\u015f k\u0131l\u0131yordur bizi. Belki de \u00fcst\u00fcm\u00fczde karanl\u0131k ve bask\u0131 yaratan karlar\u0131n eriyece\u011fi, g\u00f6z\u00fcm\u00fcz\u00fc g\u00fcn \u0131\u015f\u0131\u011f\u0131na a\u00e7aca\u011f\u0131m\u0131z g\u00fcnler yak\u0131nd\u0131r. Kar\u0131n alt\u0131nda beklerken kar suyuyla beslenerek b\u00fcy\u00fcyen bu\u011fday tanesi gibi, bizi karanl\u0131kta b\u0131rakan ve ba\u015f\u0131m\u0131z\u0131 kald\u0131rmam\u0131za olanak vermeyen bask\u0131 da belki i\u00e7ten i\u00e7e g\u00fc\u00e7lendiriyor, ba\u015f\u0131m\u0131z\u0131 kald\u0131rma cesareti bulaca\u011f\u0131m\u0131z g\u00fcne yakla\u015ft\u0131r\u0131yordur bizi. Umar\u0131m ve dilerim ki \u00f6yle olur. Umudunu yitiren insan\u0131n ba\u015fka hi\u00e7bir \u015feyi kalmaz \u00e7\u00fcnk\u00fc.<\/p>\n","protected":false},"excerpt":{"rendered":"<p>Yine karanl\u0131k bir d\u00f6nemden ge\u00e7iyoruz. \u00dclkemizin ayd\u0131nlar\u0131, yar\u0131 ayd\u0131nlar\u0131, okumu\u015flar\u0131, yakla\u015fan karanl\u0131\u011f\u0131 enselerinde hissediyorlar ama hi\u00e7bir \u015fey yapam\u0131yorlar. Kar\u0131n alt\u0131ndaki bu\u011fday tanesi kadar \u00e7aresizler. Bug\u00fcn ba\u015f\u0131m\u0131z\u0131n<span class=\"excerpt-hellip\"> [\u2026]<\/span><\/p>\n","protected":false},"featured_media":0,"template":"","meta":{"_monsterinsights_skip_tracking":false,"_monsterinsights_sitenote_active":false,"_monsterinsights_sitenote_note":"","_monsterinsights_sitenote_category":0},"product_brand":[],"product_cat":[13072,12291],"product_tag":[],"class_list":{"0":"post-717164","1":"product","2":"type-product","3":"status-publish","5":"product_cat-arastirma-inceleme-referans","6":"product_cat-edebiyat","7":"pa_cilt-ciltsiz","8":"pa_tur-kitap","9":"pa_yayinevi-kirmizi-kedi-yayinevi","10":"pa_yazar-feyza-hepcilingirler","12":"first","13":"instock","14":"sale","15":"shipping-taxable","16":"purchasable","17":"product-type-simple"},"_links":{"self":[{"href":"https:\/\/roveyayinevi.com.tr\/index.php\/wp-json\/wp\/v2\/product\/717164","targetHints":{"allow":["GET"]}}],"collection":[{"href":"https:\/\/roveyayinevi.com.tr\/index.php\/wp-json\/wp\/v2\/product"}],"about":[{"href":"https:\/\/roveyayinevi.com.tr\/index.php\/wp-json\/wp\/v2\/types\/product"}],"wp:attachment":[{"href":"https:\/\/roveyayinevi.com.tr\/index.php\/wp-json\/wp\/v2\/media?parent=717164"}],"wp:term":[{"taxonomy":"product_brand","embeddable":true,"href":"https:\/\/roveyayinevi.com.tr\/index.php\/wp-json\/wp\/v2\/product_brand?post=717164"},{"taxonomy":"product_cat","embeddable":true,"href":"https:\/\/roveyayinevi.com.tr\/index.php\/wp-json\/wp\/v2\/product_cat?post=717164"},{"taxonomy":"product_tag","embeddable":true,"href":"https:\/\/roveyayinevi.com.tr\/index.php\/wp-json\/wp\/v2\/product_tag?post=717164"}],"curies":[{"name":"wp","href":"https:\/\/api.w.org\/{rel}","templated":true}]}}