{"id":717151,"date":"2025-08-27T17:52:08","date_gmt":"2025-08-27T14:52:08","guid":{"rendered":"https:\/\/roveyayinevi.com.tr\/index.php\/urun\/proje-calismalari\/"},"modified":"2026-04-16T02:25:10","modified_gmt":"2026-04-15T23:25:10","slug":"proje-calismalari","status":"publish","type":"product","link":"https:\/\/roveyayinevi.com.tr\/index.php\/urun\/proje-calismalari\/","title":{"rendered":"Proje \u00c7al\u0131\u015fmalar\u0131"},"content":{"rendered":"<p>Fizokimyasal Sistemler G\u00fc\u00e7 \u00dcniteleri Ak\u0131\u015fkanlar Mekani\u011fi Is\u0131 Transferi, Is\u0131 Transfer Cihazlar\u0131 K\u00fctle Transferi ve Faz Dengeleri \u0130\u015fletme Ekipmanlar\u0131 <\/p>\n","protected":false},"excerpt":{"rendered":"<p>Fizokimyasal Sistemler G\u00fc\u00e7 \u00dcniteleri Ak\u0131\u015fkanlar Mekani\u011fi Is\u0131 Transferi, Is\u0131 Transfer Cihazlar\u0131 K\u00fctle Transferi ve Faz Dengeleri \u0130\u015fletme Ekipmanlar\u0131<\/p>\n","protected":false},"featured_media":0,"template":"","meta":{"_monsterinsights_skip_tracking":false,"_monsterinsights_sitenote_active":false,"_monsterinsights_sitenote_note":"","_monsterinsights_sitenote_category":0},"product_brand":[],"product_cat":[13005,37328],"product_tag":[],"class_list":{"0":"post-717151","1":"product","2":"type-product","3":"status-publish","5":"product_cat-bilim-muhendislik","6":"product_cat-diger-bilim-muhendislik","7":"pa_cilt-ciltsiz","8":"pa_tur-kitap","9":"pa_yayinevi-gazi-kitabevi","10":"pa_yazar-bilsen-besergil","12":"first","13":"instock","14":"sale","15":"shipping-taxable","16":"purchasable","17":"product-type-simple"},"_links":{"self":[{"href":"https:\/\/roveyayinevi.com.tr\/index.php\/wp-json\/wp\/v2\/product\/717151","targetHints":{"allow":["GET"]}}],"collection":[{"href":"https:\/\/roveyayinevi.com.tr\/index.php\/wp-json\/wp\/v2\/product"}],"about":[{"href":"https:\/\/roveyayinevi.com.tr\/index.php\/wp-json\/wp\/v2\/types\/product"}],"wp:attachment":[{"href":"https:\/\/roveyayinevi.com.tr\/index.php\/wp-json\/wp\/v2\/media?parent=717151"}],"wp:term":[{"taxonomy":"product_brand","embeddable":true,"href":"https:\/\/roveyayinevi.com.tr\/index.php\/wp-json\/wp\/v2\/product_brand?post=717151"},{"taxonomy":"product_cat","embeddable":true,"href":"https:\/\/roveyayinevi.com.tr\/index.php\/wp-json\/wp\/v2\/product_cat?post=717151"},{"taxonomy":"product_tag","embeddable":true,"href":"https:\/\/roveyayinevi.com.tr\/index.php\/wp-json\/wp\/v2\/product_tag?post=717151"}],"curies":[{"name":"wp","href":"https:\/\/api.w.org\/{rel}","templated":true}]}}