{"id":717134,"date":"2025-08-27T17:51:57","date_gmt":"2025-08-27T14:51:57","guid":{"rendered":"https:\/\/roveyayinevi.com.tr\/index.php\/urun\/tam-bitti-derken\/"},"modified":"2026-04-16T02:25:10","modified_gmt":"2026-04-15T23:25:10","slug":"tam-bitti-derken","status":"publish","type":"product","link":"https:\/\/roveyayinevi.com.tr\/index.php\/urun\/tam-bitti-derken\/","title":{"rendered":"Tam Bitti Derken"},"content":{"rendered":"<p>Tunahan Elmas\u2019\u0131n Tam Bitti Derken ad\u0131n\u0131 verdi\u011fi bu kitab\u0131, tarihin ak\u0131\u015f\u0131na y\u00f6n veren isimlerin ortak bir \u00f6zelli\u011fi \u00fczerinden v\u00fccuda gelmi\u015ftir. \u00c7al\u0131\u015fman\u0131n i\u00e7inde hayatlar\u0131n\u0131n bir k\u0131sm\u0131n\u0131 okuyaca\u011f\u0131n\u0131z bu tarih\u00ee \u015fahsiyetler en k\u00f6t\u00fc zamanlar\u0131nda bile azimle aya\u011fa kalkma \u00e7abas\u0131 ve cesareti g\u00f6sterebilmi\u015f hi\u00e7bir zaman pes etmemi\u015f ki\u015filerdir.Bu kitap, bir biyografi kitab\u0131 olman\u0131n \u00f6tesinde, d\u00fcnyadan ve T\u00fcrkiye\u2019den se\u00e7ilmi\u015f 13 liderlerin tam olarak \u201ck\u00fcllerinden do\u011fu\u015f\u201d hik\u00e2yelerini anlatmak amac\u0131yla yaz\u0131lm\u0131\u015ft\u0131r. Bir yanda d\u00fcnyay\u0131 ate\u015fe veren Hitler, di\u011fer yanda uluslar\u0131n\u0131n ba\u011f\u0131ms\u0131zl\u0131k m\u00fccadelelerine \u00f6nc\u00fcl\u00fck ederek tarihe ad\u0131n\u0131 yazd\u0131ran Mustafa Kemal, Aliya \u0130zzetbegovi\u00e7 ve Gandhi\u2026 Baz\u0131s\u0131 Lenin ve Mao gibi imk\u00e2ns\u0131z\u0131 ba\u015far\u0131rken, baz\u0131s\u0131 Napolyon gibi imk\u00e2ns\u0131z bir hayalin pe\u015finde \u00f6m\u00fcr s\u00fcrm\u00fc\u015ft\u00fcr.Napolyon, Hitler, Lenin, Mao, Gandhi, Humeyni, Mandela, Aliya, Mustafa Kemal, Ecevit, Erbakan, Demirel ve T\u00fcrke\u015f\u2026D\u00fcnyadan 8, T\u00fcrkiye\u2019den ise 5 liderin geri d\u00f6n\u00fc\u015f hik\u00e2yesinin yer ald\u0131\u011f\u0131 bu kitapta Elmas, d\u00fcnyaca tan\u0131nan bu isimlerin ki\u015fisel hayat hik\u00e2yelerinden \u00e7ok, \u00f6zel hayatlar\u0131, d\u00fcnya g\u00f6r\u00fc\u015fleri ve m\u00fccadeleye kar\u015f\u0131 bak\u0131\u015f a\u00e7\u0131lar\u0131n\u0131 anlatm\u0131\u015ft\u0131r. Olduk\u00e7a ak\u0131c\u0131 bir \u00fcslupla yaz\u0131lan bu \u00e7al\u0131\u015fma, tamamen tarihsel ger\u00e7ekliklere ba\u011fl\u0131 kalm\u0131\u015ft\u0131r.Kitab\u0131 okurken kendinizi s\u0131k s\u0131k farkl\u0131 d\u00fcnyalarda bulacaks\u0131n\u0131z. Mao\u2019yla B\u00fcy\u00fck Y\u00fcr\u00fcy\u00fc\u015f\u2019\u00fcn yap\u0131ld\u0131\u011f\u0131 \u00c7in da\u011flar\u0131nda, Napolyon\u2019la s\u00fcrg\u00fcn adas\u0131 Elba\u2019da, T\u00fcrke\u015f\u2019le tabutlukta, Erbakan\u2019la 12 Eyl\u00fcl\u2019\u00fcn mahkeme salonlar\u0131nda, Ecevit\u2019le Mamak\u2019ta ve Atat\u00fcrk\u2019le Dumlup\u0131nar\u2019da\u2026<\/p>\n","protected":false},"excerpt":{"rendered":"<p>Tunahan Elmas\u2019\u0131n Tam Bitti Derken ad\u0131n\u0131 verdi\u011fi bu kitab\u0131, tarihin ak\u0131\u015f\u0131na y\u00f6n veren isimlerin ortak bir \u00f6zelli\u011fi \u00fczerinden v\u00fccuda gelmi\u015ftir. \u00c7al\u0131\u015fman\u0131n i\u00e7inde hayatlar\u0131n\u0131n bir k\u0131sm\u0131n\u0131 okuyaca\u011f\u0131n\u0131z<span class=\"excerpt-hellip\"> [\u2026]<\/span><\/p>\n","protected":false},"featured_media":0,"template":"","meta":{"_monsterinsights_skip_tracking":false,"_monsterinsights_sitenote_active":false,"_monsterinsights_sitenote_note":"","_monsterinsights_sitenote_category":0},"product_brand":[],"product_cat":[12312,12304],"product_tag":[],"class_list":{"0":"post-717134","1":"product","2":"type-product","3":"status-publish","5":"product_cat-diger","6":"product_cat-tarih","7":"pa_cilt-ciltsiz","8":"pa_tur-kitap","9":"pa_yayinevi-timas-yayinlari","10":"pa_yazar-tunahan-elmas","12":"first","13":"instock","14":"sale","15":"shipping-taxable","16":"purchasable","17":"product-type-simple"},"_links":{"self":[{"href":"https:\/\/roveyayinevi.com.tr\/index.php\/wp-json\/wp\/v2\/product\/717134","targetHints":{"allow":["GET"]}}],"collection":[{"href":"https:\/\/roveyayinevi.com.tr\/index.php\/wp-json\/wp\/v2\/product"}],"about":[{"href":"https:\/\/roveyayinevi.com.tr\/index.php\/wp-json\/wp\/v2\/types\/product"}],"wp:attachment":[{"href":"https:\/\/roveyayinevi.com.tr\/index.php\/wp-json\/wp\/v2\/media?parent=717134"}],"wp:term":[{"taxonomy":"product_brand","embeddable":true,"href":"https:\/\/roveyayinevi.com.tr\/index.php\/wp-json\/wp\/v2\/product_brand?post=717134"},{"taxonomy":"product_cat","embeddable":true,"href":"https:\/\/roveyayinevi.com.tr\/index.php\/wp-json\/wp\/v2\/product_cat?post=717134"},{"taxonomy":"product_tag","embeddable":true,"href":"https:\/\/roveyayinevi.com.tr\/index.php\/wp-json\/wp\/v2\/product_tag?post=717134"}],"curies":[{"name":"wp","href":"https:\/\/api.w.org\/{rel}","templated":true}]}}