{"id":717126,"date":"2025-08-27T17:51:51","date_gmt":"2025-08-27T14:51:51","guid":{"rendered":"https:\/\/roveyayinevi.com.tr\/index.php\/urun\/cam-tavsan-bir-hidrellez-gunu\/"},"modified":"2026-04-12T02:30:34","modified_gmt":"2026-04-11T23:30:34","slug":"cam-tavsan-bir-hidrellez-gunu","status":"publish","type":"product","link":"https:\/\/roveyayinevi.com.tr\/index.php\/urun\/cam-tavsan-bir-hidrellez-gunu\/","title":{"rendered":"Cam Tav\u015fan \u2013 Bir H\u0131drellez G\u00fcn\u00fc"},"content":{"rendered":"<p>Hik\u00e2ye anlat\u0131c\u0131s\u0131, gen\u00e7 ku\u015fa\u011f\u0131n \u00e7al\u0131\u015fkan, tatl\u0131 temsilcisi Berfin S\u0131la Kepez, fark edilmeyi bekleyen g\u00fczel kalpler i\u00e7in modern bir masal kaleme ald\u0131. Masal\u0131m\u0131z \u0131\u015f\u0131l \u0131\u015f\u0131l bir H\u0131drellez g\u00fcn\u00fcn\u00fc diline dolad\u0131, do\u011fay\u0131 yak\u0131ndan izledi, geleneklerle tatland\u0131. Zaman\u0131 gelince de camdan bir tav\u015fana d\u00f6n\u00fc\u015ft\u00fc, ne\u015feyle aram\u0131za kat\u0131ld\u0131. Haz\u0131rsan\u0131z g\u00f6kten \u00fc\u00e7 elma d\u00fc\u015fecek. Masal sevenler, temiz kalpler ve bahara benzeyen umut i\u00e7in&#8230; &#8220;Tav\u015fan kendini sevdirdi Yollara d\u00fc\u015fmek istedi Kocaman bir a\u011fa\u00e7tan G\u00f6r\u00fcnmeyi diledi&#8221; \u0130\u00e7i d\u0131\u015f\u0131 bir Cam Tav\u015fan, kimseler onu g\u00f6remedi\u011fi i\u00e7in \u00e7ok \u00fczg\u00fcnm\u00fc\u015f. Derken H\u0131drellez, renkli kollar\u0131n\u0131 a\u00e7m\u0131\u015f ve onu t\u0131ls\u0131ml\u0131 bir a\u011fa\u00e7la tan\u0131\u015ft\u0131rm\u0131\u015f. Art\u0131k g\u00f6r\u00fcnmek i\u00e7in bir \u015fans\u0131 varm\u0131\u015f. Umutla yola \u00e7\u0131km\u0131\u015f. Emek emek s\u00fcslenmi\u015f a\u011fa\u00e7lar, tablo gibi yumurtalar, k\u00fcplere binmi\u015f cad\u0131lar, kiraz seven devler\u2026 Hepsi ormanda onu bekliyormu\u015f me\u011fer. \u00c7i\u00e7ek ay\u0131nda \u00e7i\u00e7eklenip ne\u015felenmi\u015f, kiraz ay\u0131nda yaz sevincini tatm\u0131\u015f. En g\u00fczel kalplerden gelen \u015fark\u0131y\u0131 duymu\u015f. \u015eimdi s\u0131ra sizde. <\/p>\n","protected":false},"excerpt":{"rendered":"<p>Hik\u00e2ye anlat\u0131c\u0131s\u0131, gen\u00e7 ku\u015fa\u011f\u0131n \u00e7al\u0131\u015fkan, tatl\u0131 temsilcisi Berfin S\u0131la Kepez, fark edilmeyi bekleyen g\u00fczel kalpler i\u00e7in modern bir masal kaleme ald\u0131. Masal\u0131m\u0131z \u0131\u015f\u0131l \u0131\u015f\u0131l bir H\u0131drellez<span class=\"excerpt-hellip\"> [\u2026]<\/span><\/p>\n","protected":false},"featured_media":0,"template":"","meta":{"_monsterinsights_skip_tracking":false,"_monsterinsights_sitenote_active":false,"_monsterinsights_sitenote_note":"","_monsterinsights_sitenote_category":0},"product_brand":[],"product_cat":[12274,12284],"product_tag":[],"class_list":{"0":"post-717126","1":"product","2":"type-product","3":"status-publish","5":"product_cat-cocuk-ve-genclik-kitaplari","6":"product_cat-hikayeler","7":"pa_cilt-ciltsiz","8":"pa_tur-kitap","9":"pa_yayinevi-elma-cocuk","10":"pa_yazar-berfin-sila-kepez","12":"first","13":"instock","14":"sale","15":"shipping-taxable","16":"purchasable","17":"product-type-simple"},"_links":{"self":[{"href":"https:\/\/roveyayinevi.com.tr\/index.php\/wp-json\/wp\/v2\/product\/717126","targetHints":{"allow":["GET"]}}],"collection":[{"href":"https:\/\/roveyayinevi.com.tr\/index.php\/wp-json\/wp\/v2\/product"}],"about":[{"href":"https:\/\/roveyayinevi.com.tr\/index.php\/wp-json\/wp\/v2\/types\/product"}],"wp:attachment":[{"href":"https:\/\/roveyayinevi.com.tr\/index.php\/wp-json\/wp\/v2\/media?parent=717126"}],"wp:term":[{"taxonomy":"product_brand","embeddable":true,"href":"https:\/\/roveyayinevi.com.tr\/index.php\/wp-json\/wp\/v2\/product_brand?post=717126"},{"taxonomy":"product_cat","embeddable":true,"href":"https:\/\/roveyayinevi.com.tr\/index.php\/wp-json\/wp\/v2\/product_cat?post=717126"},{"taxonomy":"product_tag","embeddable":true,"href":"https:\/\/roveyayinevi.com.tr\/index.php\/wp-json\/wp\/v2\/product_tag?post=717126"}],"curies":[{"name":"wp","href":"https:\/\/api.w.org\/{rel}","templated":true}]}}