{"id":717120,"date":"2025-08-27T17:51:47","date_gmt":"2025-08-27T14:51:47","guid":{"rendered":"https:\/\/roveyayinevi.com.tr\/index.php\/urun\/huzun-ve-kan\/"},"modified":"2026-04-16T02:25:09","modified_gmt":"2026-04-15T23:25:09","slug":"huzun-ve-kan","status":"publish","type":"product","link":"https:\/\/roveyayinevi.com.tr\/index.php\/urun\/huzun-ve-kan\/","title":{"rendered":"H\u00fcz\u00fcn ve Kan"},"content":{"rendered":"<p>Her nefes bir hikaye bar\u0131nd\u0131r\u0131r hayatta,her tebess\u00fcm yeni hikayelere ,yolculu\u011fa \u00e7\u0131kar\u0131r bizleri.Hikayesi h\u00fcz\u00fcnlerle yo\u011frulanlar vard\u0131r birde.Onlar hayata dair bir hikayeleri olmad\u0131\u011f\u0131n\u0131 zannetseler de biz biliriz neler neler oldu\u011funu.Vatan sevdas\u0131 yazar onlar\u0131n hikayelerini,sevin\u00e7lerini ve a\u015fklar\u0131n\u0131.Kutlu bir yolculu\u011fun kollar\u0131na b\u0131rak\u0131rlar kendilerini ve seve seve kucaklarlar sonsuzluklar\u0131.Her daim ayr\u0131l\u0131k ya\u015farlar ama ya\u015fanmam\u0131\u015f sayarlar yine de , g\u00fczel olan\u0131n kollar\u0131ndad\u0131rlar \u00e7\u00fcnk\u00fc ,al bayra\u011f\u0131n g\u00f6lgesinde,eri\u015filmez da\u011flar\u0131n b\u00fcy\u00fcl\u00fc r\u00fczgarlar\u0131n sesinde can bulurlar ve her nefeste yeniden ya\u015farlar,\u00f6l\u00fcms\u00fcz a\u015fklar\u0131.Onlar\u0131n \u00f6l\u00fcms\u00fczd\u00fcr sevgileri,ayd\u0131nl\u0131k yar\u0131nlar i\u00e7in,kanla s\u00fcslenir h\u00fcz\u00fcnleri.\ufffcTan\u0131t\u0131m Metni<\/p>\n","protected":false},"excerpt":{"rendered":"<p>Her nefes bir hikaye bar\u0131nd\u0131r\u0131r hayatta,her tebess\u00fcm yeni hikayelere ,yolculu\u011fa \u00e7\u0131kar\u0131r bizleri.Hikayesi h\u00fcz\u00fcnlerle yo\u011frulanlar vard\u0131r birde.Onlar hayata dair bir hikayeleri olmad\u0131\u011f\u0131n\u0131 zannetseler de biz biliriz neler<span class=\"excerpt-hellip\"> [\u2026]<\/span><\/p>\n","protected":false},"featured_media":0,"template":"","meta":{"_monsterinsights_skip_tracking":false,"_monsterinsights_sitenote_active":false,"_monsterinsights_sitenote_note":"","_monsterinsights_sitenote_category":0},"product_brand":[],"product_cat":[12291,12711],"product_tag":[],"class_list":{"0":"post-717120","1":"product","2":"type-product","3":"status-publish","5":"product_cat-edebiyat","6":"product_cat-roman-oyku","7":"pa_cilt-ciltsiz","8":"pa_tur-kitap","9":"pa_yayinevi-nar-agaci-yayinlari","10":"pa_yazar-mustafa-altintop","12":"first","13":"instock","14":"sale","15":"shipping-taxable","16":"purchasable","17":"product-type-simple"},"_links":{"self":[{"href":"https:\/\/roveyayinevi.com.tr\/index.php\/wp-json\/wp\/v2\/product\/717120","targetHints":{"allow":["GET"]}}],"collection":[{"href":"https:\/\/roveyayinevi.com.tr\/index.php\/wp-json\/wp\/v2\/product"}],"about":[{"href":"https:\/\/roveyayinevi.com.tr\/index.php\/wp-json\/wp\/v2\/types\/product"}],"wp:attachment":[{"href":"https:\/\/roveyayinevi.com.tr\/index.php\/wp-json\/wp\/v2\/media?parent=717120"}],"wp:term":[{"taxonomy":"product_brand","embeddable":true,"href":"https:\/\/roveyayinevi.com.tr\/index.php\/wp-json\/wp\/v2\/product_brand?post=717120"},{"taxonomy":"product_cat","embeddable":true,"href":"https:\/\/roveyayinevi.com.tr\/index.php\/wp-json\/wp\/v2\/product_cat?post=717120"},{"taxonomy":"product_tag","embeddable":true,"href":"https:\/\/roveyayinevi.com.tr\/index.php\/wp-json\/wp\/v2\/product_tag?post=717120"}],"curies":[{"name":"wp","href":"https:\/\/api.w.org\/{rel}","templated":true}]}}