{"id":717090,"date":"2025-08-27T17:51:26","date_gmt":"2025-08-27T14:51:26","guid":{"rendered":"https:\/\/roveyayinevi.com.tr\/index.php\/urun\/futbol-akademisinde-buyuk-bulusma-2\/"},"modified":"2026-04-16T02:25:09","modified_gmt":"2026-04-15T23:25:09","slug":"futbol-akademisinde-buyuk-bulusma-2","status":"publish","type":"product","link":"https:\/\/roveyayinevi.com.tr\/index.php\/urun\/futbol-akademisinde-buyuk-bulusma-2\/","title":{"rendered":"Futbol Akademisi&#8217;nde B\u00fcy\u00fck Bulu\u015fma 2"},"content":{"rendered":"<p>Maslak Futbol Akademisi\u2019nde hem yeni arkada\u015fl\u0131klar edinen hem de \u00e7ok e\u011flenen Nehir ve arkada\u015flar\u0131n\u0131 Antalya\u2019da inan\u0131lmaz s\u00fcrprizler bekliyordu! Ba\u015far\u0131l\u0131 olan 14 \u00f6\u011frencinin gitmeye hak kazand\u0131\u011f\u0131 bu \u00f6zel gezide \u00e7ocuklar futbol temal\u0131 bir otelde kalacak, zorlu antrenmanlardan ge\u00e7erek bir turnuvaya kat\u0131lacaklard\u0131. Ancak beklenmedik olaylar, Nehir ve arkada\u015flar\u0131n\u0131 sadece iyi bir tak\u0131m olurlarsa \u00e7\u00f6zebilecekleri baz\u0131 sorunlarla kar\u015f\u0131 kar\u015f\u0131ya getirecekti. Peki hem bu sorunlar\u0131 \u00e7\u00f6z\u00fcp hem de \u00e7ok \u00e7al\u0131\u015fmalar\u0131n\u0131n kar\u015f\u0131l\u0131\u011f\u0131n\u0131 alarak turnuvay\u0131 kazanabilecekler miydi? <\/p>\n","protected":false},"excerpt":{"rendered":"<p>Maslak Futbol Akademisi\u2019nde hem yeni arkada\u015fl\u0131klar edinen hem de \u00e7ok e\u011flenen Nehir ve arkada\u015flar\u0131n\u0131 Antalya\u2019da inan\u0131lmaz s\u00fcrprizler bekliyordu! Ba\u015far\u0131l\u0131 olan 14 \u00f6\u011frencinin gitmeye hak kazand\u0131\u011f\u0131 bu<span class=\"excerpt-hellip\"> [\u2026]<\/span><\/p>\n","protected":false},"featured_media":0,"template":"","meta":{"_monsterinsights_skip_tracking":false,"_monsterinsights_sitenote_active":false,"_monsterinsights_sitenote_note":"","_monsterinsights_sitenote_category":0},"product_brand":[],"product_cat":[12274,12284],"product_tag":[],"class_list":{"0":"post-717090","1":"product","2":"type-product","3":"status-publish","5":"product_cat-cocuk-ve-genclik-kitaplari","6":"product_cat-hikayeler","7":"pa_cilt-ciltsiz","8":"pa_tur-kitap","9":"pa_yayinevi-kirmizi-kedi-yayinevi","10":"pa_yazar-ugur-onver","12":"first","13":"instock","14":"sale","15":"shipping-taxable","16":"purchasable","17":"product-type-simple"},"_links":{"self":[{"href":"https:\/\/roveyayinevi.com.tr\/index.php\/wp-json\/wp\/v2\/product\/717090","targetHints":{"allow":["GET"]}}],"collection":[{"href":"https:\/\/roveyayinevi.com.tr\/index.php\/wp-json\/wp\/v2\/product"}],"about":[{"href":"https:\/\/roveyayinevi.com.tr\/index.php\/wp-json\/wp\/v2\/types\/product"}],"wp:attachment":[{"href":"https:\/\/roveyayinevi.com.tr\/index.php\/wp-json\/wp\/v2\/media?parent=717090"}],"wp:term":[{"taxonomy":"product_brand","embeddable":true,"href":"https:\/\/roveyayinevi.com.tr\/index.php\/wp-json\/wp\/v2\/product_brand?post=717090"},{"taxonomy":"product_cat","embeddable":true,"href":"https:\/\/roveyayinevi.com.tr\/index.php\/wp-json\/wp\/v2\/product_cat?post=717090"},{"taxonomy":"product_tag","embeddable":true,"href":"https:\/\/roveyayinevi.com.tr\/index.php\/wp-json\/wp\/v2\/product_tag?post=717090"}],"curies":[{"name":"wp","href":"https:\/\/api.w.org\/{rel}","templated":true}]}}