{"id":717081,"date":"2025-08-27T17:51:20","date_gmt":"2025-08-27T14:51:20","guid":{"rendered":"https:\/\/roveyayinevi.com.tr\/index.php\/urun\/kantin-siyaset-felsefesi-uzerine-dersler\/"},"modified":"2026-04-16T02:25:09","modified_gmt":"2026-04-15T23:25:09","slug":"kantin-siyaset-felsefesi-uzerine-dersler","status":"publish","type":"product","link":"https:\/\/roveyayinevi.com.tr\/index.php\/urun\/kantin-siyaset-felsefesi-uzerine-dersler\/","title":{"rendered":"Kant&#8217;\u0131n Siyaset Felsefesi \u00dczerine Dersler"},"content":{"rendered":"<p>Kant Dersleri organik bir b\u00fct\u00fcnl\u00fck arz eder. Ele al\u0131nan temalar\u0131n hepsi birbiriyle yak\u0131ndan ili\u015fkilidir: \u0130nsan ya\u015fam\u0131na anlam ve de\u011fer verenin tam olarak ne oldu\u011fu sorunu; ya\u015fam\u0131n ho\u015flanma ve ho\u015flanmama duygular\u0131 bak\u0131m\u0131ndan de\u011ferlendirilmesi; tema\u015fa insanlar\u0131n\u0131n insani ili\u015fkiler d\u00fcnyas\u0131na besledi\u011fi husumet; metafizik hakikatlerden yoksun olu\u015fumuz ve ele\u015ftirel d\u00fc\u015f\u00fcnme ihtiyac\u0131; ortak duyu ile anlama yetimizin savunusu; insan onuru kavram\u0131; tarihsel d\u00fc\u015f\u00fcn\u00fcm\u00fcn do\u011fas\u0131; \u0130lerleme fikri ile bireyin otonomisi aras\u0131ndaki gerilim; evrensel ile tikel aras\u0131ndaki ili\u015fki ve son olarak, yarg\u0131 yetisinin kurtar\u0131c\u0131 g\u00fcc\u00fc.\u201d Ronald Beiner Hannah Arendt\u2019in 1970\u2019te Kant\u2019\u0131n siyasi felsefesi \u00fczerine verdi\u011fi dersler, hem Kant\u2019\u0131n hem de as\u0131l, Arendt\u2019in d\u00fc\u015f\u00fcncesinin yeniden in\u015fas\u0131na katk\u0131da bulunmu\u015ftur. Kant\u2019\u0131n Yarg\u0131 Yetisinin Ele\u015ftirisi eserine odaklanan Arendt, bu muhakemeye dayanarak, kendi siyaset felsefesini geli\u015ftirip tamamlar. Arendt, siyasetin, d\u00fc\u015f\u00fcnce etkinli\u011finin ve insanlar\u0131n birbirleriyle konu\u015farak var olmalar\u0131n\u0131n anlam\u0131, olanaklar\u0131, sorunlar\u0131 \u00fczerine konu\u015fuyor, tart\u0131\u015f\u0131yor Kant\u2019la.Bu eserin Arendt\u2019in \u00f6l\u00fcm\u00fcnden sonra yay\u0131mlanmas\u0131n\u0131 sa\u011flayan Ronald Beiner\u2019in a\u00e7\u0131mlay\u0131c\u0131 yorumlar\u0131, T\u00fcrk\u00e7e bas\u0131ma yazd\u0131\u011f\u0131 uzunca \u00f6ns\u00f6zle tamamlan\u0131yor. <\/p>\n","protected":false},"excerpt":{"rendered":"<p>Kant Dersleri organik bir b\u00fct\u00fcnl\u00fck arz eder. Ele al\u0131nan temalar\u0131n hepsi birbiriyle yak\u0131ndan ili\u015fkilidir: \u0130nsan ya\u015fam\u0131na anlam ve de\u011fer verenin tam olarak ne oldu\u011fu sorunu; ya\u015fam\u0131n<span class=\"excerpt-hellip\"> [\u2026]<\/span><\/p>\n","protected":false},"featured_media":0,"template":"","meta":{"_monsterinsights_skip_tracking":false,"_monsterinsights_sitenote_active":false,"_monsterinsights_sitenote_note":"","_monsterinsights_sitenote_category":0},"product_brand":[],"product_cat":[12388,15536],"product_tag":[],"class_list":{"0":"post-717081","1":"product","2":"type-product","3":"status-publish","5":"product_cat-felsefe","6":"product_cat-siyaset-felsefesi","7":"pa_cilt-ciltsiz","8":"pa_tur-kitap","9":"pa_yayinevi-iletisim-yayinlari","10":"pa_yazar-hannah-arendt","12":"first","13":"instock","14":"sale","15":"shipping-taxable","16":"purchasable","17":"product-type-simple"},"_links":{"self":[{"href":"https:\/\/roveyayinevi.com.tr\/index.php\/wp-json\/wp\/v2\/product\/717081","targetHints":{"allow":["GET"]}}],"collection":[{"href":"https:\/\/roveyayinevi.com.tr\/index.php\/wp-json\/wp\/v2\/product"}],"about":[{"href":"https:\/\/roveyayinevi.com.tr\/index.php\/wp-json\/wp\/v2\/types\/product"}],"wp:attachment":[{"href":"https:\/\/roveyayinevi.com.tr\/index.php\/wp-json\/wp\/v2\/media?parent=717081"}],"wp:term":[{"taxonomy":"product_brand","embeddable":true,"href":"https:\/\/roveyayinevi.com.tr\/index.php\/wp-json\/wp\/v2\/product_brand?post=717081"},{"taxonomy":"product_cat","embeddable":true,"href":"https:\/\/roveyayinevi.com.tr\/index.php\/wp-json\/wp\/v2\/product_cat?post=717081"},{"taxonomy":"product_tag","embeddable":true,"href":"https:\/\/roveyayinevi.com.tr\/index.php\/wp-json\/wp\/v2\/product_tag?post=717081"}],"curies":[{"name":"wp","href":"https:\/\/api.w.org\/{rel}","templated":true}]}}