{"id":717072,"date":"2025-08-27T17:51:15","date_gmt":"2025-08-27T14:51:15","guid":{"rendered":"https:\/\/roveyayinevi.com.tr\/index.php\/urun\/afrikali-amazonlar-dahomeyin-kadin-savascilari\/"},"modified":"2026-04-16T02:25:08","modified_gmt":"2026-04-15T23:25:08","slug":"afrikali-amazonlar-dahomeyin-kadin-savascilari","status":"publish","type":"product","link":"https:\/\/roveyayinevi.com.tr\/index.php\/urun\/afrikali-amazonlar-dahomeyin-kadin-savascilari\/","title":{"rendered":"Afrikal\u0131 Amazonlar &#8211; Dahomey\u2019in Kad\u0131n Sava\u015f\u00e7\u0131lar\u0131"},"content":{"rendered":"<p>Antik \u00e7a\u011flar\u0131n fantezile\u015ftirilmi\u015f amazonlar\u0131 ile Dahomey\u2019in ger\u00e7ek amazonlar\u0131n\u0131n ortak \u00f6zellikleri olduk\u00e7a fazlayd\u0131. Her ikisinde de k\u0131z \u00e7ocuklar\u0131 k\u00fc\u00e7\u00fck ya\u015flardan itibaren sava\u015fmay\u0131, silah tutmay\u0131, g\u00fc\u00e7l\u00fc, h\u0131zl\u0131 ve dayan\u0131kl\u0131 olmay\u0131 ve ac\u0131yla ba\u015f etmeyi \u00f6\u011freniyorlard\u0131. Avc\u0131l\u0131k, dans ve enstr\u00fcmantal m\u00fczik bu k\u0131z \u00e7ocuklar\u0131n\u0131n yeteneklerinden sadece baz\u0131lar\u0131yd\u0131. Hayattaki as\u0131l ama\u00e7lar\u0131 sava\u015fmakt\u0131. Sava\u015fmay\u0131 arzuluyor, kan dondurucu \u00e7\u0131\u011fl\u0131klarla sava\u015fa ko\u015fuyor, sava\u015ftan zevk al\u0131yor, \u00f6fke ve y\u00fcreklilikle sava\u015f\u0131yorlard\u0131. Korkuya ba\u011f\u0131\u015f\u0131kl\u0131k kazand\u0131klar\u0131 a\u015fik\u00e2rd\u0131. Zafer kazan\u0131nca ise ac\u0131mas\u0131z oluyorlard\u0131. Kom\u015fular\u0131na korku sal\u0131yorlard\u0131. Erkekler onlar\u0131, sayg\u0131n ve amans\u0131z d\u00fc\u015fmanlar\u0131 olarak g\u00f6r\u00fcyorlard\u0131. Titiz bir ar\u015fiv ara\u015ft\u0131rmas\u0131yla haz\u0131rlanan Afrikal\u0131 Amazonlar, d\u00fcnya sava\u015f tarihinde kad\u0131nlar hakk\u0131nda yaz\u0131lan en kapsaml\u0131 ve g\u00fcvenilir \u00e7al\u0131\u015fma olma \u00f6zelli\u011fini de ta\u015f\u0131yor. Stanley B. Alpern\u2019in e\u015fsiz ara\u015ft\u0131rmas\u0131, k\u00f6leli\u011fe kar\u015f\u0131 \u00e7\u0131kan bu zorlu kad\u0131n sava\u015f\u00e7\u0131lar\u0131n s\u00f6m\u00fcrgecilik tarihindeki yerlerine \u0131\u015f\u0131k tutuyor. Bir mitten \u00f6teye ge\u00e7emeyen Amazonlar&#8217;\u0131n v\u00fccut bulmu\u015f hali olan Dahomey\u2019in kad\u0131n sava\u015f\u00e7\u0131lar\u0131, erkek egemen d\u00fcnyan\u0131n k\u0131talar\u0131ndan biri olan Afrika\u2019da ataerkil gelene\u011fin ezberini bozuyor. Bu kapsaml\u0131 \u00e7al\u0131\u015fmada devletin k\u00f6kenlerinden 1892 y\u0131l\u0131ndaki Fransa yenilgisine kadar Dahomey Amazonlar\u0131\u2019n\u0131n tarihi g\u00f6zler \u00f6n\u00fcne seriliyor: Kad\u0131nlar\u0131n ne yedikleri, nas\u0131l i\u015fe al\u0131nd\u0131klar\u0131, nas\u0131l e\u011fitildikleri ve sava\u015f\u0131n olmad\u0131\u011f\u0131 d\u00f6nemlerde neler yapt\u0131klar\u0131 hakk\u0131nda g\u00f6rsel ve yaz\u0131nsal belgeler sunuluyor. Erkek egemen tarih yaz\u0131m\u0131na alternatif \u00e7arp\u0131c\u0131 ve zihin a\u00e7\u0131c\u0131 bir tarih kitab\u0131&#8230; <\/p>\n","protected":false},"excerpt":{"rendered":"<p>Antik \u00e7a\u011flar\u0131n fantezile\u015ftirilmi\u015f amazonlar\u0131 ile Dahomey\u2019in ger\u00e7ek amazonlar\u0131n\u0131n ortak \u00f6zellikleri olduk\u00e7a fazlayd\u0131. Her ikisinde de k\u0131z \u00e7ocuklar\u0131 k\u00fc\u00e7\u00fck ya\u015flardan itibaren sava\u015fmay\u0131, silah tutmay\u0131, g\u00fc\u00e7l\u00fc, h\u0131zl\u0131 ve<span class=\"excerpt-hellip\"> [\u2026]<\/span><\/p>\n","protected":false},"featured_media":0,"template":"","meta":{"_monsterinsights_skip_tracking":false,"_monsterinsights_sitenote_active":false,"_monsterinsights_sitenote_note":"","_monsterinsights_sitenote_category":0},"product_brand":[],"product_cat":[12370,12304],"product_tag":[],"class_list":{"0":"post-717072","1":"product","2":"type-product","3":"status-publish","5":"product_cat-arastirma-inceleme","6":"product_cat-tarih","7":"pa_cilt-ciltsiz","8":"pa_tur-kitap","9":"pa_yayinevi-ayrinti-yayinlari","10":"pa_yazar-stanley-b-alpern","12":"first","13":"instock","14":"sale","15":"shipping-taxable","16":"purchasable","17":"product-type-simple"},"_links":{"self":[{"href":"https:\/\/roveyayinevi.com.tr\/index.php\/wp-json\/wp\/v2\/product\/717072","targetHints":{"allow":["GET"]}}],"collection":[{"href":"https:\/\/roveyayinevi.com.tr\/index.php\/wp-json\/wp\/v2\/product"}],"about":[{"href":"https:\/\/roveyayinevi.com.tr\/index.php\/wp-json\/wp\/v2\/types\/product"}],"wp:attachment":[{"href":"https:\/\/roveyayinevi.com.tr\/index.php\/wp-json\/wp\/v2\/media?parent=717072"}],"wp:term":[{"taxonomy":"product_brand","embeddable":true,"href":"https:\/\/roveyayinevi.com.tr\/index.php\/wp-json\/wp\/v2\/product_brand?post=717072"},{"taxonomy":"product_cat","embeddable":true,"href":"https:\/\/roveyayinevi.com.tr\/index.php\/wp-json\/wp\/v2\/product_cat?post=717072"},{"taxonomy":"product_tag","embeddable":true,"href":"https:\/\/roveyayinevi.com.tr\/index.php\/wp-json\/wp\/v2\/product_tag?post=717072"}],"curies":[{"name":"wp","href":"https:\/\/api.w.org\/{rel}","templated":true}]}}