{"id":717066,"date":"2025-08-27T17:51:12","date_gmt":"2025-08-27T14:51:12","guid":{"rendered":"https:\/\/roveyayinevi.com.tr\/index.php\/urun\/bebeklik-doneminde-gelisim-ve-egitim\/"},"modified":"2026-04-16T02:25:08","modified_gmt":"2026-04-15T23:25:08","slug":"bebeklik-doneminde-gelisim-ve-egitim","status":"publish","type":"product","link":"https:\/\/roveyayinevi.com.tr\/index.php\/urun\/bebeklik-doneminde-gelisim-ve-egitim\/","title":{"rendered":"Bebeklik D\u00f6neminde Geli\u015fim ve E\u011fitim"},"content":{"rendered":"<p>Bu kitap, 0-3 ya\u015f grubu \u00e7ocuklarla ilgili meslek icra edecek olan \u00fcniversite \u00f6\u011frencileri (okul \u00f6ncesi \u00f6\u011fretmenli\u011fi, \u00e7ocuk geli\u015fimi lisans ve \u00f6n lisans programlar\u0131 gibi), \u00f6\u011fretmenler, \u00e7ocuk geli\u015fimciler ve anne-babalar i\u00e7in ba\u015fvuru kitab\u0131 olacak \u015fekilde haz\u0131rlanm\u0131\u015ft\u0131r. Kitapta; do\u011fum \u00f6ncesi d\u00f6nemden ba\u015flayarak geli\u015fimin \u00e7e\u015fitli d\u00f6nemlerdeki \u00f6zellikleri ayr\u0131nt\u0131l\u0131 olarak ele al\u0131nm\u0131\u015ft\u0131r. Do\u011fum \u00f6ncesi geli\u015fim ve do\u011fum s\u00fcreci detayland\u0131r\u0131larak a\u00e7\u0131klanm\u0131\u015ft\u0131r. Yenido\u011fan d\u00f6neminin \u00f6zellikleri ve bu d\u00f6nemde bebek i\u00e7in yap\u0131lmas\u0131 gerekenler, bebeklerin sa\u011fl\u0131\u011f\u0131, bak\u0131m\u0131 ve beslenmesi ayr\u0131nt\u0131l\u0131 olarak a\u00e7\u0131klanm\u0131\u015ft\u0131r. \u0130lk \u00fc\u00e7 ya\u015fta bebeklerin bili\u015fsel, dil, sosyal-duygusal, alg\u0131sal ve psiko-motor becerilerinin nas\u0131l geli\u015fti\u011fi ve ne t\u00fcr \u00f6zellikler g\u00f6sterdi\u011fi ele al\u0131nm\u0131\u015ft\u0131r. 0-3 ya\u015flar\u0131nda \u00f6z-bak\u0131m becerilerinin nas\u0131l kazand\u0131r\u0131laca\u011f\u0131 ve geli\u015ftirilece\u011fi ile ilgili bilgilerin yan\u0131 s\u0131ra 0-3 ya\u015f \u00e7ocuklar\u0131 i\u00e7in haz\u0131rlanm\u0131\u015f olan e\u011fitim programlar\u0131n\u0131n \u00e7e\u015fitli \u00f6zelliklerine de yer verilmi\u015ftir.Anne-babalar, \u00f6\u011fretmenler, \u00e7ocuk geli\u015fimciler ve d\u00fcnyan\u0131n en g\u00fczel mesle\u011fini icra edecek olan \u00f6\u011fretmen adaylar\u0131 i\u00e7in yararl\u0131 olmas\u0131 dile\u011fiyle\u2026<\/p>\n","protected":false},"excerpt":{"rendered":"<p>Bu kitap, 0-3 ya\u015f grubu \u00e7ocuklarla ilgili meslek icra edecek olan \u00fcniversite \u00f6\u011frencileri (okul \u00f6ncesi \u00f6\u011fretmenli\u011fi, \u00e7ocuk geli\u015fimi lisans ve \u00f6n lisans programlar\u0131 gibi), \u00f6\u011fretmenler, \u00e7ocuk<span class=\"excerpt-hellip\"> [\u2026]<\/span><\/p>\n","protected":false},"featured_media":0,"template":"","meta":{"_monsterinsights_skip_tracking":false,"_monsterinsights_sitenote_active":false,"_monsterinsights_sitenote_note":"","_monsterinsights_sitenote_category":0},"product_brand":[],"product_cat":[17996,12364],"product_tag":[],"class_list":{"0":"post-717066","1":"product","2":"type-product","3":"status-publish","5":"product_cat-ebeveyn-kitaplari","6":"product_cat-genel-konular","7":"pa_cilt-ciltsiz","8":"pa_tur-kitap","9":"pa_yayinevi-ani-yayincilik","10":"pa_yazar-kolektif","12":"first","13":"instock","14":"sale","15":"shipping-taxable","16":"purchasable","17":"product-type-simple"},"_links":{"self":[{"href":"https:\/\/roveyayinevi.com.tr\/index.php\/wp-json\/wp\/v2\/product\/717066","targetHints":{"allow":["GET"]}}],"collection":[{"href":"https:\/\/roveyayinevi.com.tr\/index.php\/wp-json\/wp\/v2\/product"}],"about":[{"href":"https:\/\/roveyayinevi.com.tr\/index.php\/wp-json\/wp\/v2\/types\/product"}],"wp:attachment":[{"href":"https:\/\/roveyayinevi.com.tr\/index.php\/wp-json\/wp\/v2\/media?parent=717066"}],"wp:term":[{"taxonomy":"product_brand","embeddable":true,"href":"https:\/\/roveyayinevi.com.tr\/index.php\/wp-json\/wp\/v2\/product_brand?post=717066"},{"taxonomy":"product_cat","embeddable":true,"href":"https:\/\/roveyayinevi.com.tr\/index.php\/wp-json\/wp\/v2\/product_cat?post=717066"},{"taxonomy":"product_tag","embeddable":true,"href":"https:\/\/roveyayinevi.com.tr\/index.php\/wp-json\/wp\/v2\/product_tag?post=717066"}],"curies":[{"name":"wp","href":"https:\/\/api.w.org\/{rel}","templated":true}]}}