{"id":717060,"date":"2025-08-27T17:51:08","date_gmt":"2025-08-27T14:51:08","guid":{"rendered":"https:\/\/roveyayinevi.com.tr\/index.php\/urun\/kasif\/"},"modified":"2026-04-16T02:25:08","modified_gmt":"2026-04-15T23:25:08","slug":"kasif","status":"publish","type":"product","link":"https:\/\/roveyayinevi.com.tr\/index.php\/urun\/kasif\/","title":{"rendered":"Ka\u015fif"},"content":{"rendered":"<p>Bir ses, bir nefes arar K\u00e2\u015fif. Ayr\u0131 d\u00fc\u015ft\u00fc\u011f\u00fc uzak ve mutlu \u00fclkenin kokusunu ta\u015f\u0131yan kutlu bir nefes\u2026 Israrla bekler. Bir a\u011faca asar dile\u011fini. A\u011fac\u0131, r\u00fczg\u00e2r\u0131, g\u00f6\u011f\u00fc ve topra\u011f\u0131 \u015fahit tutara k\u00e2leme ilan eder bekleyi\u015fini. Ne aray\u0131\u015f\u0131n ne de bekleyi\u015fin pe\u015fini b\u0131rak\u0131r. Ard\u0131na d\u00fc\u015fer buldu\u011fu her i\u015faretin, her izin. \u0130zlerin i\u015faret etti\u011fi yere d\u00fc\u015fer.D\u00fc\u015ft\u00fc\u011f\u00fc yer bir d\u00fc\u015f\u00fcn ta kendisidir. Bir g\u00fcn duyulur sesi o aziz nefesin. Uzaktan g\u00fclsimas\u0131 g\u00f6r\u00fcn\u00fcr.Bir g\u00fcn duyulur sesi o aziz nefesin. Uzaktan g\u00fclsimas\u0131 g\u00f6r\u00fcn\u00fcr. Latif bir koku dollar K\u00e2\u015fif\u2019in burnuna. \u0130\u00e7inde dola\u015f\u0131ma girer o koku, ge\u00e7erken de\u011fdi\u011fi yerleri yakar. Atomlar\u0131na dek kavrulur, kavrulur ve alev al\u0131p tutu\u015fur. Ne yana d\u00f6nse odur art\u0131k, ne i\u015fitse o\u2026 Kab\u0131na s\u0131\u011fmaz, kab\u0131nda duramaz. Yola \u00e7\u0131kar, onun izini s\u00fcrmek i\u00e7in. K\u00e2hgamlan\u0131r yolda, yoldan d\u00fc\u015fer k\u00e2h e\u011flenir yolda, yola girer. D\u00fc\u015fe kalka iz surerken kar\u015f\u0131la\u015f\u0131r onunla, o \u00e7ok bekledi\u011fi g\u00fclsimayla\u2026 Orada d\u00fcnya da d\u00fc\u015f de durur. Kel\u00e2m durur, sesler yok olur. Duydu\u011fu tek \u015fey,emsalsiz bak\u0131\u015flar kar\u015f\u0131s\u0131nda delice atan kalbinin sesi olur. Bu kitap, tamamlanmak \u00fczere kay\u0131p par\u00e7as\u0131n\u0131 arayan ruhlar\u0131n hik\u00e2yesidir.<\/p>\n","protected":false},"excerpt":{"rendered":"<p>Bir ses, bir nefes arar K\u00e2\u015fif. Ayr\u0131 d\u00fc\u015ft\u00fc\u011f\u00fc uzak ve mutlu \u00fclkenin kokusunu ta\u015f\u0131yan kutlu bir nefes\u2026 Israrla bekler. Bir a\u011faca asar dile\u011fini. A\u011fac\u0131, r\u00fczg\u00e2r\u0131, g\u00f6\u011f\u00fc<span class=\"excerpt-hellip\"> [\u2026]<\/span><\/p>\n","protected":false},"featured_media":0,"template":"","meta":{"_monsterinsights_skip_tracking":false,"_monsterinsights_sitenote_active":false,"_monsterinsights_sitenote_note":"","_monsterinsights_sitenote_category":0},"product_brand":[],"product_cat":[12777,12291],"product_tag":[],"class_list":{"0":"post-717060","1":"product","2":"type-product","3":"status-publish","5":"product_cat-deneme","6":"product_cat-edebiyat","7":"pa_cilt-ciltsiz","8":"pa_tur-kitap","9":"pa_yayinevi-tuti-kitap","10":"pa_yazar-mumine-yildiz","12":"first","13":"instock","14":"sale","15":"shipping-taxable","16":"purchasable","17":"product-type-simple"},"_links":{"self":[{"href":"https:\/\/roveyayinevi.com.tr\/index.php\/wp-json\/wp\/v2\/product\/717060","targetHints":{"allow":["GET"]}}],"collection":[{"href":"https:\/\/roveyayinevi.com.tr\/index.php\/wp-json\/wp\/v2\/product"}],"about":[{"href":"https:\/\/roveyayinevi.com.tr\/index.php\/wp-json\/wp\/v2\/types\/product"}],"wp:attachment":[{"href":"https:\/\/roveyayinevi.com.tr\/index.php\/wp-json\/wp\/v2\/media?parent=717060"}],"wp:term":[{"taxonomy":"product_brand","embeddable":true,"href":"https:\/\/roveyayinevi.com.tr\/index.php\/wp-json\/wp\/v2\/product_brand?post=717060"},{"taxonomy":"product_cat","embeddable":true,"href":"https:\/\/roveyayinevi.com.tr\/index.php\/wp-json\/wp\/v2\/product_cat?post=717060"},{"taxonomy":"product_tag","embeddable":true,"href":"https:\/\/roveyayinevi.com.tr\/index.php\/wp-json\/wp\/v2\/product_tag?post=717060"}],"curies":[{"name":"wp","href":"https:\/\/api.w.org\/{rel}","templated":true}]}}