{"id":717053,"date":"2025-08-27T17:51:03","date_gmt":"2025-08-27T14:51:03","guid":{"rendered":"https:\/\/roveyayinevi.com.tr\/index.php\/urun\/karanligi-arsinlayanlar\/"},"modified":"2026-04-16T02:25:08","modified_gmt":"2026-04-15T23:25:08","slug":"karanligi-arsinlayanlar","status":"publish","type":"product","link":"https:\/\/roveyayinevi.com.tr\/index.php\/urun\/karanligi-arsinlayanlar\/","title":{"rendered":"Karanl\u0131\u011f\u0131 Ar\u015f\u0131nlayanlar"},"content":{"rendered":"<p>Kaosun esteti\u011fini kaleme d\u00f6kmek \u00fczere i\u015fe al\u0131nan Antoni ile s\u00f6zde p\u00fcriten ahlaka duydu\u011fu nefreti New York sokaklar\u0131n\u0131n duvarlar\u0131na \u00e7izdi\u011fi grafitilerle ifade eden b\u00fcy\u00fcleyici Anca, kimli\u011fi me\u00e7hul esrarengiz bir yazar\u0131n pe\u015finde ABD ve Meksika\u2019y\u0131 ar\u015f\u0131nlar. Bu esnada d\u00fcnyay\u0131 kas\u0131p kavuran yepyeni ve \u015fiirsel bir ter\u00f6rizmin haberleri de bu ayr\u0131ks\u0131 iki \u00e2\u015f\u0131\u011f\u0131n yol hik\u00e2yesinin kilometre ta\u015flar\u0131n\u0131 d\u00f6\u015femektedir. Hayallerle  ger\u00e7e\u011fin i\u00e7 i\u00e7e ge\u00e7ti\u011fi, b\u00fcy\u00fcl\u00fc ezgilerin arka fondan hi\u00e7 eksilmedi\u011fi, sanr\u0131l\u0131 bir kas\u0131rgaya d\u00f6n\u00fc\u015fm\u00fc\u015f bu ba\u015f d\u00f6nd\u00fcr\u00fcc\u00fc yolculuk sonunda kaosa a\u00e7\u0131lan bir kap\u0131ya d\u00f6n\u00fc\u015f\u00fcr. Antoni Casas Ros \u00e7a\u011fda\u015f d\u00fcnyaya y\u00f6neltti\u011fi ger\u00e7ek\u00e7i, ayn\u0131 zamanda erotik ve estetik bak\u0131\u015f\u0131yla, okuru metinleraras\u0131l\u0131ktan dadac\u0131l\u0131\u011fa, ger\u00e7ek\u00fcst\u00fcc\u00fcl\u00fc\u011fe, hatta ger\u00e7ekalt\u0131na g\u00f6ndererek, anlat\u0131n\u0131n do\u011frusall\u0131\u011f\u0131n\u0131 k\u0131r\u0131p yapay s\u00fcreklilikleri bertaraf ederek, metni yazars\u0131z b\u0131rak\u0131p kendi kendine konu\u015fturuyor. ederek, metni yazars\u0131z b\u0131rak\u0131p kendi kendine konu\u015fturuyor. Yoldan \u00e7\u0131kmak isteyenlere, karanl\u0131\u011f\u0131 ar\u015f\u0131nlamaktan \u00e7ekinmeyenlere Casas Ros\u2019tan yeni bir yol haritas\u0131\u2026 <\/p>\n","protected":false},"excerpt":{"rendered":"<p>Kaosun esteti\u011fini kaleme d\u00f6kmek \u00fczere i\u015fe al\u0131nan Antoni ile s\u00f6zde p\u00fcriten ahlaka duydu\u011fu nefreti New York sokaklar\u0131n\u0131n duvarlar\u0131na \u00e7izdi\u011fi grafitilerle ifade eden b\u00fcy\u00fcleyici Anca, kimli\u011fi me\u00e7hul<span class=\"excerpt-hellip\"> [\u2026]<\/span><\/p>\n","protected":false},"featured_media":0,"template":"","meta":{"_monsterinsights_skip_tracking":false,"_monsterinsights_sitenote_active":false,"_monsterinsights_sitenote_note":"","_monsterinsights_sitenote_category":0},"product_brand":[],"product_cat":[12291,12711],"product_tag":[],"class_list":{"0":"post-717053","1":"product","2":"type-product","3":"status-publish","5":"product_cat-edebiyat","6":"product_cat-roman-oyku","7":"pa_cilt-ciltsiz","8":"pa_tur-kitap","9":"pa_yayinevi-sel-yayincilik","10":"pa_yazar-antoni-casas-ros","12":"first","13":"instock","14":"sale","15":"shipping-taxable","16":"purchasable","17":"product-type-simple"},"_links":{"self":[{"href":"https:\/\/roveyayinevi.com.tr\/index.php\/wp-json\/wp\/v2\/product\/717053","targetHints":{"allow":["GET"]}}],"collection":[{"href":"https:\/\/roveyayinevi.com.tr\/index.php\/wp-json\/wp\/v2\/product"}],"about":[{"href":"https:\/\/roveyayinevi.com.tr\/index.php\/wp-json\/wp\/v2\/types\/product"}],"wp:attachment":[{"href":"https:\/\/roveyayinevi.com.tr\/index.php\/wp-json\/wp\/v2\/media?parent=717053"}],"wp:term":[{"taxonomy":"product_brand","embeddable":true,"href":"https:\/\/roveyayinevi.com.tr\/index.php\/wp-json\/wp\/v2\/product_brand?post=717053"},{"taxonomy":"product_cat","embeddable":true,"href":"https:\/\/roveyayinevi.com.tr\/index.php\/wp-json\/wp\/v2\/product_cat?post=717053"},{"taxonomy":"product_tag","embeddable":true,"href":"https:\/\/roveyayinevi.com.tr\/index.php\/wp-json\/wp\/v2\/product_tag?post=717053"}],"curies":[{"name":"wp","href":"https:\/\/api.w.org\/{rel}","templated":true}]}}