{"id":717048,"date":"2025-08-27T17:51:00","date_gmt":"2025-08-27T14:51:00","guid":{"rendered":"https:\/\/roveyayinevi.com.tr\/index.php\/urun\/dikte-101\/"},"modified":"2026-04-16T02:25:08","modified_gmt":"2026-04-15T23:25:08","slug":"dikte-101","status":"publish","type":"product","link":"https:\/\/roveyayinevi.com.tr\/index.php\/urun\/dikte-101\/","title":{"rendered":"Dikte 101"},"content":{"rendered":"<p>Dikte 101, dikte yazmaya yeni ba\u015flayanlara, bu alanda kendini geli\u015ftirmek isteyenlere ve bu e\u011fitimi verenlere yol g\u00f6stermek ve kaynak olu\u015fturmak amac\u0131yla tasarlan\u0131p yaz\u0131lm\u0131\u015ft\u0131r. Kitap ba\u015flang\u0131\u00e7 d\u00fczeyinden ileri d\u00fczeye do\u011fru s\u0131ralanm\u0131\u015f ezgilerden olu\u015fur. Ba\u015flang\u0131\u00e7ta yer alan ezgiler kar\u0131\u015f\u0131k olmayan nota de\u011ferleri ve yana\u015f\u0131k sesler i\u00e7erir. Daha sonraki ezgilerde s\u0131ras\u0131yla 3\u2019l\u00fc, 4\u2019l\u00fc ve 5\u2019li aral\u0131klar bulunmaktad\u0131r. Devam\u0131ndaki ezgilerde bu aral\u0131klar kullan\u0131larak temel, I. \u00e7evirim ve II. \u00e7evirim konumunda olu\u015fturulan akorlar yer almaktad\u0131r. Kitapta yer alan dikteler iki diyez ve iki bemole kadar olan maj\u00f6r ve min\u00f6r tonlarda yaz\u0131lm\u0131\u015ft\u0131r. \u00d6l\u00e7\u00fc say\u0131s\u0131 olarak 2\/4\u2019l\u00fck, 3\/4\u2019l\u00fck, 4\/4\u2019l\u00fck, 3\/8\u2019lik ve 6\/8\u2019lik \u00f6l\u00e7\u00fc say\u0131lar\u0131 kullan\u0131lm\u0131\u015ft\u0131r. Nota de\u011ferleri, zorluk d\u00fczeyi artt\u0131k\u00e7a \u00e7e\u015fitlenmektedir. Ele al\u0131nan konular birbirlerinden kesin bir \u015fekilde ayr\u0131lmam\u0131\u015f, yeni konu ile eski konuya ait dikteler i\u00e7 i\u00e7e yerle\u015ftirilmi\u015ftir.<\/p>\n","protected":false},"excerpt":{"rendered":"<p>Dikte 101, dikte yazmaya yeni ba\u015flayanlara, bu alanda kendini geli\u015ftirmek isteyenlere ve bu e\u011fitimi verenlere yol g\u00f6stermek ve kaynak olu\u015fturmak amac\u0131yla tasarlan\u0131p yaz\u0131lm\u0131\u015ft\u0131r. Kitap ba\u015flang\u0131\u00e7 d\u00fczeyinden<span class=\"excerpt-hellip\"> [\u2026]<\/span><\/p>\n","protected":false},"featured_media":0,"template":"","meta":{"_monsterinsights_skip_tracking":false,"_monsterinsights_sitenote_active":false,"_monsterinsights_sitenote_note":"","_monsterinsights_sitenote_category":0},"product_brand":[],"product_cat":[14556,20810],"product_tag":[],"class_list":{"0":"post-717048","1":"product","2":"type-product","3":"status-publish","5":"product_cat-muzik","6":"product_cat-ogrenim-kitaplari","7":"pa_cilt-ciltsiz","8":"pa_tur-kitap","9":"pa_yayinevi-muzik-egitimi-yayinlari","10":"pa_yazar-ozan-belge","12":"first","13":"instock","14":"sale","15":"shipping-taxable","16":"purchasable","17":"product-type-simple"},"_links":{"self":[{"href":"https:\/\/roveyayinevi.com.tr\/index.php\/wp-json\/wp\/v2\/product\/717048","targetHints":{"allow":["GET"]}}],"collection":[{"href":"https:\/\/roveyayinevi.com.tr\/index.php\/wp-json\/wp\/v2\/product"}],"about":[{"href":"https:\/\/roveyayinevi.com.tr\/index.php\/wp-json\/wp\/v2\/types\/product"}],"wp:attachment":[{"href":"https:\/\/roveyayinevi.com.tr\/index.php\/wp-json\/wp\/v2\/media?parent=717048"}],"wp:term":[{"taxonomy":"product_brand","embeddable":true,"href":"https:\/\/roveyayinevi.com.tr\/index.php\/wp-json\/wp\/v2\/product_brand?post=717048"},{"taxonomy":"product_cat","embeddable":true,"href":"https:\/\/roveyayinevi.com.tr\/index.php\/wp-json\/wp\/v2\/product_cat?post=717048"},{"taxonomy":"product_tag","embeddable":true,"href":"https:\/\/roveyayinevi.com.tr\/index.php\/wp-json\/wp\/v2\/product_tag?post=717048"}],"curies":[{"name":"wp","href":"https:\/\/api.w.org\/{rel}","templated":true}]}}