{"id":717040,"date":"2025-08-27T17:50:55","date_gmt":"2025-08-27T14:50:55","guid":{"rendered":"https:\/\/roveyayinevi.com.tr\/index.php\/urun\/percemli-sokak\/"},"modified":"2026-04-16T02:25:07","modified_gmt":"2026-04-15T23:25:07","slug":"percemli-sokak","status":"publish","type":"product","link":"https:\/\/roveyayinevi.com.tr\/index.php\/urun\/percemli-sokak\/","title":{"rendered":"Per\u00e7emli Sokak"},"content":{"rendered":"<p>K\u00f6\u015fe ba\u015f\u0131n\u0131 tutan leylak kokusu Yakam\u0131 b\u0131rak da gideyim Yap\u0131 Kredi Yay\u0131nlar\u0131 modern \u015fiirimizi yaratan ustalar\u0131n kitaplar\u0131n\u0131n ayr\u0131 bas\u0131m\u0131n\u0131 s\u00fcrd\u00fcr\u00fcyor. 1956\u2019da \u00e7\u0131kan Per\u00e7emli Sokak \u015fiirimizde \u00e7\u0131\u011f\u0131r a\u00e7an Birinci Yeni\u2019yi \u0130kinci Yeni\u2019ye ba\u011flayan sembol kitaplardan. Oktay Rifat\u2019\u0131n bu \u00f6nemli kitab\u0131, \u00f6nceki bask\u0131lar\u0131 da g\u00f6zden ge\u00e7irilerek, yeni ve ayr\u0131 bir bas\u0131mla okuruna ula\u015f\u0131yor. <\/p>\n","protected":false},"excerpt":{"rendered":"<p>K\u00f6\u015fe ba\u015f\u0131n\u0131 tutan leylak kokusu Yakam\u0131 b\u0131rak da gideyim Yap\u0131 Kredi Yay\u0131nlar\u0131 modern \u015fiirimizi yaratan ustalar\u0131n kitaplar\u0131n\u0131n ayr\u0131 bas\u0131m\u0131n\u0131 s\u00fcrd\u00fcr\u00fcyor. 1956\u2019da \u00e7\u0131kan Per\u00e7emli Sokak \u015fiirimizde \u00e7\u0131\u011f\u0131r<span class=\"excerpt-hellip\"> [\u2026]<\/span><\/p>\n","protected":false},"featured_media":0,"template":"","meta":{"_monsterinsights_skip_tracking":false,"_monsterinsights_sitenote_active":false,"_monsterinsights_sitenote_note":"","_monsterinsights_sitenote_category":0},"product_brand":[],"product_cat":[12291,12509],"product_tag":[],"class_list":{"0":"post-717040","1":"product","2":"type-product","3":"status-publish","5":"product_cat-edebiyat","6":"product_cat-siir","7":"pa_cilt-ciltsiz","8":"pa_tur-kitap","9":"pa_yayinevi-yapi-kredi-yayinlari","10":"pa_yazar-oktay-rifat","12":"first","13":"instock","14":"sale","15":"shipping-taxable","16":"purchasable","17":"product-type-simple"},"_links":{"self":[{"href":"https:\/\/roveyayinevi.com.tr\/index.php\/wp-json\/wp\/v2\/product\/717040","targetHints":{"allow":["GET"]}}],"collection":[{"href":"https:\/\/roveyayinevi.com.tr\/index.php\/wp-json\/wp\/v2\/product"}],"about":[{"href":"https:\/\/roveyayinevi.com.tr\/index.php\/wp-json\/wp\/v2\/types\/product"}],"wp:attachment":[{"href":"https:\/\/roveyayinevi.com.tr\/index.php\/wp-json\/wp\/v2\/media?parent=717040"}],"wp:term":[{"taxonomy":"product_brand","embeddable":true,"href":"https:\/\/roveyayinevi.com.tr\/index.php\/wp-json\/wp\/v2\/product_brand?post=717040"},{"taxonomy":"product_cat","embeddable":true,"href":"https:\/\/roveyayinevi.com.tr\/index.php\/wp-json\/wp\/v2\/product_cat?post=717040"},{"taxonomy":"product_tag","embeddable":true,"href":"https:\/\/roveyayinevi.com.tr\/index.php\/wp-json\/wp\/v2\/product_tag?post=717040"}],"curies":[{"name":"wp","href":"https:\/\/api.w.org\/{rel}","templated":true}]}}