{"id":717035,"date":"2025-08-27T17:50:01","date_gmt":"2025-08-27T14:50:01","guid":{"rendered":"https:\/\/roveyayinevi.com.tr\/index.php\/urun\/sansini-nasil-yaratirsin\/"},"modified":"2026-04-16T02:25:07","modified_gmt":"2026-04-15T23:25:07","slug":"sansini-nasil-yaratirsin","status":"publish","type":"product","link":"https:\/\/roveyayinevi.com.tr\/index.php\/urun\/sansini-nasil-yaratirsin\/","title":{"rendered":"\u015eans\u0131n\u0131 Nas\u0131l Yarat\u0131rs\u0131n?"},"content":{"rendered":"<p>\u015eans diye bir \u015fey var m\u0131d\u0131r? Ya da \u015fans denilen \u015feyi anlamak, kap\u0131y\u0131 ne zaman ve nas\u0131l \u00e7ald\u0131\u011f\u0131n\u0131 ke\u015ffetmek m\u00fcmk\u00fcn m\u00fcd\u00fcr? Bu gizemli etkinin hayat\u0131m\u0131zdaki yerinin hi\u00e7 de az olmad\u0131\u011f\u0131n\u0131 d\u00fc\u015f\u00fcnen gazeteci Janice Kaplan ve \u201c\u015eans Laboratuvar\u0131\u201d kuracak kadar bu konuyu ara\u015ft\u0131ran akademisyen Barnaby Marsh, birlikte bu meseleye el atm\u0131\u015flar. Pek \u00e7ok \u00fcnl\u00fc ki\u015fiyle, oyuncularla, ba\u015far\u0131l\u0131 i\u015f insanlar\u0131yla, akademisyenlerle ve s\u0131radan insanlarla g\u00f6r\u00fc\u015fen ikili \u201c\u015fans\u201d ad\u0131 verilen \u015feyin arkas\u0131ndaki s\u0131rlar\u0131 a\u00e7\u0131\u011fa \u00e7\u0131kar\u0131yor, genellikle \u201ctesad\u00fcf\u201d olarak nitelendirilen olaylar\u0131n asl\u0131nda pek \u00f6yle olmad\u0131\u011f\u0131n\u0131 ortaya koyuyorlar. Orijinal ara\u015ft\u0131rma ve \u00e7al\u0131\u015fmalar, ilgi \u00e7ekici r\u00f6portajlar kullanan yazarlar, a\u015fk ve evlilik, i\u015f ve kariyer, sa\u011fl\u0131k, mutluluk ve aile ili\u015fkilerinde \u015fans yaratmak i\u00e7in basit teknikler \u00f6\u011fretiyor. Hayat\u0131n ak\u0131\u015f\u0131 i\u00e7inde her birimizin \u201c\u015fansl\u0131\u201d veya \u201c\u015fanss\u0131z\u201d oldu\u011fumuza inand\u0131\u011f\u0131m\u0131z anlar ve olaylar vard\u0131r. Baz\u0131 insanlar ise hep \u015fansl\u0131 ya da hep \u015fanss\u0131z olduklar\u0131na inan\u0131rlar. Zihninizi ve kalbinizi \u015fansa daha \u00e7ok a\u00e7may\u0131, \u015fans\u0131n kap\u0131n\u0131z\u0131 daha fazla \u00e7almas\u0131n\u0131 istiyorsan\u0131z yazarlara kulak vermekte fayda var.   \u015eans hepimize laz\u0131m\u2026 Ve do\u011frusu, kim biraz daha fazlas\u0131n\u0131 istemez ki? Bu e\u011flenceli ve zekice yaz\u0131lm\u0131\u015f kitaptan \u00f6\u011freneceklerinizle \u015fansl\u0131 insanlar aras\u0131na kat\u0131labilirsiniz.   \u015eans\u0131n\u0131z bol olsun! <\/p>\n","protected":false},"excerpt":{"rendered":"<p>\u015eans diye bir \u015fey var m\u0131d\u0131r? Ya da \u015fans denilen \u015feyi anlamak, kap\u0131y\u0131 ne zaman ve nas\u0131l \u00e7ald\u0131\u011f\u0131n\u0131 ke\u015ffetmek m\u00fcmk\u00fcn m\u00fcd\u00fcr? Bu gizemli etkinin hayat\u0131m\u0131zdaki yerinin<span class=\"excerpt-hellip\"> [\u2026]<\/span><\/p>\n","protected":false},"featured_media":0,"template":"","meta":{"_monsterinsights_skip_tracking":false,"_monsterinsights_sitenote_active":false,"_monsterinsights_sitenote_note":"","_monsterinsights_sitenote_category":0},"product_brand":[],"product_cat":[12364,12376],"product_tag":[],"class_list":{"0":"post-717035","1":"product","2":"type-product","3":"status-publish","5":"product_cat-genel-konular","6":"product_cat-kisisel-gelisim","7":"pa_cilt-ciltsiz","8":"pa_tur-kitap","9":"pa_yayinevi-kuraldisi-yayinevi","10":"pa_yazar-janice-kaplan-barnaby-marsh","12":"first","13":"instock","14":"sale","15":"shipping-taxable","16":"purchasable","17":"product-type-simple"},"_links":{"self":[{"href":"https:\/\/roveyayinevi.com.tr\/index.php\/wp-json\/wp\/v2\/product\/717035","targetHints":{"allow":["GET"]}}],"collection":[{"href":"https:\/\/roveyayinevi.com.tr\/index.php\/wp-json\/wp\/v2\/product"}],"about":[{"href":"https:\/\/roveyayinevi.com.tr\/index.php\/wp-json\/wp\/v2\/types\/product"}],"wp:attachment":[{"href":"https:\/\/roveyayinevi.com.tr\/index.php\/wp-json\/wp\/v2\/media?parent=717035"}],"wp:term":[{"taxonomy":"product_brand","embeddable":true,"href":"https:\/\/roveyayinevi.com.tr\/index.php\/wp-json\/wp\/v2\/product_brand?post=717035"},{"taxonomy":"product_cat","embeddable":true,"href":"https:\/\/roveyayinevi.com.tr\/index.php\/wp-json\/wp\/v2\/product_cat?post=717035"},{"taxonomy":"product_tag","embeddable":true,"href":"https:\/\/roveyayinevi.com.tr\/index.php\/wp-json\/wp\/v2\/product_tag?post=717035"}],"curies":[{"name":"wp","href":"https:\/\/api.w.org\/{rel}","templated":true}]}}