{"id":717023,"date":"2025-08-27T17:49:53","date_gmt":"2025-08-27T14:49:53","guid":{"rendered":"https:\/\/roveyayinevi.com.tr\/index.php\/urun\/gurkan-sefin-unlu-tarifleri\/"},"modified":"2026-04-16T02:25:07","modified_gmt":"2026-04-15T23:25:07","slug":"gurkan-sefin-unlu-tarifleri","status":"publish","type":"product","link":"https:\/\/roveyayinevi.com.tr\/index.php\/urun\/gurkan-sefin-unlu-tarifleri\/","title":{"rendered":"G\u00fcrkan \u015eef&#8217;in \u00dcnl\u00fc Tarifleri"},"content":{"rendered":"<p>G\u00fcrkan Top\u00e7u, nam\u0131di\u011fer G\u00fcrkan \u015eef Denizli\u2019de d\u00fcnyaya gelmi\u015ftir. Ailesinin i\u015fi gere\u011fi g\u0131da sekt\u00f6r\u00fcyle i\u00e7 i\u00e7e b\u00fcy\u00fcyen G\u00fcrkan Top\u00e7u, lise e\u011fitiminin ard\u0131ndan \u0130stanbul\u2019a gelerek Mutfak Akademisi\u2019nde Yiyecek ve \u0130\u00e7ecek \u0130\u015fletmecili\u011fi e\u011fitimi ald\u0131. Hocas\u0131n\u0131n tavsiyesiyle a\u015f\u00e7\u0131l\u0131k e\u011fitimini de bitirdi. Buradan mezun olduktan sonra Avrupa ve Afrika Mutfa\u011f\u0131 diplomas\u0131n\u0131 da ald\u0131. E\u011fitimlerinin ard\u0131ndan staj i\u00e7in \u0130talya\u2019ya ad\u0131m atan G\u00fcrkan Top\u00e7u arad\u0131\u011f\u0131n\u0131n makarna ve pizza olmad\u0131\u011f\u0131n\u0131, kendisini heyecanland\u0131ran \u015feyin et oldu\u011funu fark etti ve T\u00fcrkiye\u2019ye geri d\u00f6nerek \u00e7e\u015fitli et firmalar\u0131nda \u00e7al\u0131\u015ft\u0131. Bu arada et hakk\u0131nda detayl\u0131 bir e\u011fitim almak isteyerek \u0130ngiltere\u2019de EnglandMeatSchool\u2019da kasapl\u0131k e\u011fitimi g\u00f6rd\u00fc. B\u00f6ylece T\u00fcrkiye\u2019nin ilk diplomal\u0131 kasab\u0131 oldu. \u00d6\u011frencilik y\u0131llar\u0131nda proje \u00f6devi olarak hayalini kurdu\u011fu Ni\u015fanta\u015f\u0131\u2019ndaki G\u00fcrkan \u015eef Steakhouse mek\u00e2n\u0131n\u0131 2014\u2019\u00fcn May\u0131s ay\u0131nda hayata ge\u00e7irdi. D\u00fcnya standartlar\u0131nda hizmet anlay\u0131\u015f\u0131yla yola \u00e7\u0131kan G\u00fcrkan \u015eef, T\u00fcrkiye\u2019de yeni \u015fubeleri ile hizmet a\u011f\u0131n\u0131 geni\u015fletirken d\u00fcnyan\u0131n g\u00f6zde kentlerinde de yeni \u015fubelerle G\u00fcrkan \u015eef markas\u0131n\u0131 evrensel hale getirdi. Onlarca TV program\u0131 yapan G\u00fcrkan Top\u00e7u, 2014 y\u0131l\u0131nda d\u00fcnyada ilk ve tek mangal program\u0131 olma \u00f6zelli\u011fine sahip \u201cG\u00fcrkan \u015eef ile Mangal Zaman\u0131\u201dn\u0131 haz\u0131rlad\u0131 ve sundu. Program farkl\u0131 kanallarda yakla\u015f\u0131k 180 b\u00f6l\u00fcm yay\u0131nland\u0131.  Ete ve i\u015fine olan tutkusu ile yeni tatlar ve konseptler yaratmak ad\u0131na h\u0131z kesmeyen G\u00fcrkan Top\u00e7u, \u015fimdi de d\u00fcnyada ilk defa \u00f6zg\u00fcn bir lezzet olan Asado\u2019nunburgerle bulu\u015ftu\u011fu \u201cMr. AsadoBurger\u201d projesini hayata ge\u00e7irdi. Konseptin tasar\u0131m\u0131ndan uygulanmas\u0131na kadar her detay\u0131yla birebir ilgilenen G\u00fcrkan Top\u00e7u, bu projeyi h\u0131zl\u0131 bir \u015fekilde uluslararas\u0131 boyuta getirerek \u201cG\u00fcrkan \u015eef\u201d markas\u0131n\u0131n ard\u0131ndan \u201cMr. AsadoBurger\u201di de d\u00fcnya markas\u0131na d\u00f6n\u00fc\u015ft\u00fcrerek bir T\u00fcrk markas\u0131n\u0131n neler ba\u015farabilece\u011fini yeniden t\u00fcm d\u00fcnyaya g\u00f6stermeyi hedefliyor. <\/p>\n","protected":false},"excerpt":{"rendered":"<p>G\u00fcrkan Top\u00e7u, nam\u0131di\u011fer G\u00fcrkan \u015eef Denizli\u2019de d\u00fcnyaya gelmi\u015ftir. Ailesinin i\u015fi gere\u011fi g\u0131da sekt\u00f6r\u00fcyle i\u00e7 i\u00e7e b\u00fcy\u00fcyen G\u00fcrkan Top\u00e7u, lise e\u011fitiminin ard\u0131ndan \u0130stanbul\u2019a gelerek Mutfak Akademisi\u2019nde Yiyecek<span class=\"excerpt-hellip\"> [\u2026]<\/span><\/p>\n","protected":false},"featured_media":0,"template":"","meta":{"_monsterinsights_skip_tracking":false,"_monsterinsights_sitenote_active":false,"_monsterinsights_sitenote_note":"","_monsterinsights_sitenote_category":0},"product_brand":[],"product_cat":[12458,12457],"product_tag":[],"class_list":{"0":"post-717023","1":"product","2":"type-product","3":"status-publish","5":"product_cat-turk-mutfagi","6":"product_cat-yemek-kitaplari","7":"pa_cilt-ciltsiz","8":"pa_tur-kitap","9":"pa_yayinevi-inkilap-kitabevi","10":"pa_yazar-gurkan-topcu","12":"first","13":"instock","14":"sale","15":"shipping-taxable","16":"purchasable","17":"product-type-simple"},"_links":{"self":[{"href":"https:\/\/roveyayinevi.com.tr\/index.php\/wp-json\/wp\/v2\/product\/717023","targetHints":{"allow":["GET"]}}],"collection":[{"href":"https:\/\/roveyayinevi.com.tr\/index.php\/wp-json\/wp\/v2\/product"}],"about":[{"href":"https:\/\/roveyayinevi.com.tr\/index.php\/wp-json\/wp\/v2\/types\/product"}],"wp:attachment":[{"href":"https:\/\/roveyayinevi.com.tr\/index.php\/wp-json\/wp\/v2\/media?parent=717023"}],"wp:term":[{"taxonomy":"product_brand","embeddable":true,"href":"https:\/\/roveyayinevi.com.tr\/index.php\/wp-json\/wp\/v2\/product_brand?post=717023"},{"taxonomy":"product_cat","embeddable":true,"href":"https:\/\/roveyayinevi.com.tr\/index.php\/wp-json\/wp\/v2\/product_cat?post=717023"},{"taxonomy":"product_tag","embeddable":true,"href":"https:\/\/roveyayinevi.com.tr\/index.php\/wp-json\/wp\/v2\/product_tag?post=717023"}],"curies":[{"name":"wp","href":"https:\/\/api.w.org\/{rel}","templated":true}]}}