{"id":717021,"date":"2025-08-27T17:49:52","date_gmt":"2025-08-27T14:49:52","guid":{"rendered":"https:\/\/roveyayinevi.com.tr\/index.php\/urun\/hayati-emen-karanlik\/"},"modified":"2026-04-16T02:25:07","modified_gmt":"2026-04-15T23:25:07","slug":"hayati-emen-karanlik","status":"publish","type":"product","link":"https:\/\/roveyayinevi.com.tr\/index.php\/urun\/hayati-emen-karanlik\/","title":{"rendered":"Hayat\u0131 Emen Karanl\u0131k"},"content":{"rendered":"<p>Thad Beaumont y\u0131llarca George Stark takma ad\u0131n\u0131 kullanarak romanlar yazd\u0131; bu adla \u00fcn ve para kazand\u0131, kitaplar\u0131 \u201c\u00e7oksatanlar\u201d aras\u0131nda yer ald\u0131. Fakat bir g\u00fcn bu takma ad\u0131n if\u015fa edilmesi tehlikesiyle kar\u015f\u0131 kar\u015f\u0131ya kal\u0131nca, y\u0131llard\u0131r yapmak istedi\u011fi \u015feyi yap\u0131p ger\u00e7e\u011fi kamuoyuna a\u00e7\u0131klama karar\u0131 ald\u0131 ve pop\u00fcler bir dergiye verdi\u011fi r\u00f6portajla birlikte Stark\u2019\u0131n cenaze t\u00f6renini d\u00fczenledi. Art\u0131k George Stark yoktu. Thad bir daha bu isimle kitap yazmayacakt\u0131. Ne var ki, Stark\u2019\u0131n \u201c\u00f6ld\u00fcr\u00fclmesinde\u201d katk\u0131s\u0131 olan ki\u015filer birer birer cinayete kurban gitmeye ba\u015flay\u0131nca bunun o kadar da kolay olmayaca\u011f\u0131 ortaya \u00e7\u0131kt\u0131. Thad Beaumont\u2019un hayat\u0131nda bir \u015feyler fena halde ters gitmeye ba\u015flam\u0131\u015f, k\u00e2buslar geri d\u00f6nm\u00fc\u015ft\u00fc. Ve ser\u00e7eler yine u\u00e7maya ba\u015flam\u0131\u015ft\u0131\u2026Parmak izlerini ve ses-izlerini unutuyorsun. Thad ve Liz\u2019in so\u011fukkanl\u0131l\u0131kla onun ger\u00e7ek oldu\u011funu, ger\u00e7ek KALMAK i\u00e7in cinayet i\u015fleyece\u011fini iddia ettiklerini unutuyorsun. Onlara sadece intikam pe\u015findeki bir hayalete de\u011fil, hi\u00e7 var olmam\u0131\u015f bir adam\u0131n hayaletine inanman\u0131n ne kadar ka\u00e7\u0131k\u00e7a oldu\u011funu s\u00f6yledin. Ama yazarlar hayaletleri DAVET ederler. Onlar hi\u00e7 var olmam\u0131\u015f d\u00fcnyalar yarat\u0131rlar, oralar\u0131 hi\u00e7 var olmam\u0131\u015f insanlarla doldururlar, sonra da bu hayal d\u00fcnyalar\u0131na kat\u0131lmam\u0131z i\u00e7in bizi davet ederler.<\/p>\n","protected":false},"excerpt":{"rendered":"<p>Thad Beaumont y\u0131llarca George Stark takma ad\u0131n\u0131 kullanarak romanlar yazd\u0131; bu adla \u00fcn ve para kazand\u0131, kitaplar\u0131 \u201c\u00e7oksatanlar\u201d aras\u0131nda yer ald\u0131. Fakat bir g\u00fcn bu takma<span class=\"excerpt-hellip\"> [\u2026]<\/span><\/p>\n","protected":false},"featured_media":0,"template":"","meta":{"_monsterinsights_skip_tracking":false,"_monsterinsights_sitenote_active":false,"_monsterinsights_sitenote_note":"","_monsterinsights_sitenote_category":0},"product_brand":[],"product_cat":[12291,17033],"product_tag":[],"class_list":{"0":"post-717021","1":"product","2":"type-product","3":"status-publish","5":"product_cat-edebiyat","6":"product_cat-korku-gerilim","7":"pa_cilt-ciltsiz","8":"pa_tur-kitap","9":"pa_yayinevi-altin-kitaplar","10":"pa_yazar-stephen-king","12":"first","13":"instock","14":"sale","15":"shipping-taxable","16":"purchasable","17":"product-type-simple"},"_links":{"self":[{"href":"https:\/\/roveyayinevi.com.tr\/index.php\/wp-json\/wp\/v2\/product\/717021","targetHints":{"allow":["GET"]}}],"collection":[{"href":"https:\/\/roveyayinevi.com.tr\/index.php\/wp-json\/wp\/v2\/product"}],"about":[{"href":"https:\/\/roveyayinevi.com.tr\/index.php\/wp-json\/wp\/v2\/types\/product"}],"wp:attachment":[{"href":"https:\/\/roveyayinevi.com.tr\/index.php\/wp-json\/wp\/v2\/media?parent=717021"}],"wp:term":[{"taxonomy":"product_brand","embeddable":true,"href":"https:\/\/roveyayinevi.com.tr\/index.php\/wp-json\/wp\/v2\/product_brand?post=717021"},{"taxonomy":"product_cat","embeddable":true,"href":"https:\/\/roveyayinevi.com.tr\/index.php\/wp-json\/wp\/v2\/product_cat?post=717021"},{"taxonomy":"product_tag","embeddable":true,"href":"https:\/\/roveyayinevi.com.tr\/index.php\/wp-json\/wp\/v2\/product_tag?post=717021"}],"curies":[{"name":"wp","href":"https:\/\/api.w.org\/{rel}","templated":true}]}}