{"id":717012,"date":"2025-08-27T17:49:46","date_gmt":"2025-08-27T14:49:46","guid":{"rendered":"https:\/\/roveyayinevi.com.tr\/index.php\/urun\/kusatma-ve-firtina\/"},"modified":"2026-04-16T02:25:07","modified_gmt":"2026-04-15T23:25:07","slug":"kusatma-ve-firtina","status":"publish","type":"product","link":"https:\/\/roveyayinevi.com.tr\/index.php\/urun\/kusatma-ve-firtina\/","title":{"rendered":"Ku\u015fatma ve F\u0131rt\u0131na"},"content":{"rendered":"<p>O Kendi G\u00fc\u00e7lerini Kabul Etmese Bile T\u00fcm D\u00fcnyan\u0131n O G\u00fc\u00e7lere \u0130htiyac\u0131 Vard\u0131G\u00fcne\u015fin El\u00e7isi Alina Starkov, Karanl\u0131klar Diyar\u0131\u2019ndaki karma\u015fay\u0131 ard\u0131nda b\u0131rakarak bamba\u015fka topraklara do\u011fru yola \u00e7\u0131kar, ancak kaderinden ve ge\u00e7mi\u015finden ka\u00e7mak sand\u0131\u011f\u0131 kadar kolay olmayacakt\u0131r. Karanl\u0131klar Efendisi t\u00fcm g\u00fcc\u00fc ve \u00f6l\u00fcmc\u00fcl planlar\u0131yla yeniden kar\u015f\u0131s\u0131na \u00e7\u0131kmaya haz\u0131rlanmaktad\u0131r.Alina, Karanl\u0131klar Efendisi\u2019ni yenmek ve \u00fclkesini \u00f6zg\u00fcrl\u00fc\u011f\u00fcne kavu\u015fturmak i\u00e7in gereken g\u00fcce ula\u015fmak zorundad\u0131r. Bu sebeple de uzun ve tehlikelerle dolu bir yolculu\u011fu g\u00f6ze almal\u0131d\u0131r.\u201cE\u015fsiz ve b\u00fcy\u00fcleyici tasvirlerin her sayfas\u0131nda kendini hissettirdi\u011fi Ku\u015fatma ve F\u0131rt\u0131na\u2019n\u0131n kendine \u00f6zg\u00fc d\u00fcnyas\u0131 onu benzersiz k\u0131lan etkenlerden sadece biri.\u201dBooklist\u201cM\u00fckemmel bir kurgu ve aksiyonla harmanlanm\u0131\u015f bu s\u00fcr\u00fckleyici roman okurlar\u0131n hayal g\u00fcc\u00fcn\u00fc harekete ge\u00e7irmekte olduk\u00e7a ba\u015far\u0131l\u0131.&#8221;The Los Angeles Times\u201cBardugo yine fantastik edebiyat\u0131n nas\u0131l yaz\u0131lmas\u0131 gerekti\u011fini ispatlar nitelikte bir romana imza atm\u0131\u015f.\u201dThe New York Times\u201cKu\u015fatma ve F\u0131rt\u0131na\u2019y\u0131 bitirdikten sonra onun daha \u00f6nce okudu\u011funuz hi\u00e7bir kitaba benzemedi\u011fini anlayacaks\u0131n\u0131z.\u201dPublishers Weekly<\/p>\n","protected":false},"excerpt":{"rendered":"<p>O Kendi G\u00fc\u00e7lerini Kabul Etmese Bile T\u00fcm D\u00fcnyan\u0131n O G\u00fc\u00e7lere \u0130htiyac\u0131 Vard\u0131G\u00fcne\u015fin El\u00e7isi Alina Starkov, Karanl\u0131klar Diyar\u0131\u2019ndaki karma\u015fay\u0131 ard\u0131nda b\u0131rakarak bamba\u015fka topraklara do\u011fru yola \u00e7\u0131kar, ancak<span class=\"excerpt-hellip\"> [\u2026]<\/span><\/p>\n","protected":false},"featured_media":0,"template":"","meta":{"_monsterinsights_skip_tracking":false,"_monsterinsights_sitenote_active":false,"_monsterinsights_sitenote_note":"","_monsterinsights_sitenote_category":0},"product_brand":[],"product_cat":[12291,14777],"product_tag":[],"class_list":{"0":"post-717012","1":"product","2":"type-product","3":"status-publish","5":"product_cat-edebiyat","6":"product_cat-fantastik","7":"pa_cilt-ciltsiz","8":"pa_tur-kitap","9":"pa_yayinevi-marti-yayinlari","10":"pa_yazar-leigh-bardugo","12":"first","13":"instock","14":"sale","15":"shipping-taxable","16":"purchasable","17":"product-type-simple"},"_links":{"self":[{"href":"https:\/\/roveyayinevi.com.tr\/index.php\/wp-json\/wp\/v2\/product\/717012","targetHints":{"allow":["GET"]}}],"collection":[{"href":"https:\/\/roveyayinevi.com.tr\/index.php\/wp-json\/wp\/v2\/product"}],"about":[{"href":"https:\/\/roveyayinevi.com.tr\/index.php\/wp-json\/wp\/v2\/types\/product"}],"wp:attachment":[{"href":"https:\/\/roveyayinevi.com.tr\/index.php\/wp-json\/wp\/v2\/media?parent=717012"}],"wp:term":[{"taxonomy":"product_brand","embeddable":true,"href":"https:\/\/roveyayinevi.com.tr\/index.php\/wp-json\/wp\/v2\/product_brand?post=717012"},{"taxonomy":"product_cat","embeddable":true,"href":"https:\/\/roveyayinevi.com.tr\/index.php\/wp-json\/wp\/v2\/product_cat?post=717012"},{"taxonomy":"product_tag","embeddable":true,"href":"https:\/\/roveyayinevi.com.tr\/index.php\/wp-json\/wp\/v2\/product_tag?post=717012"}],"curies":[{"name":"wp","href":"https:\/\/api.w.org\/{rel}","templated":true}]}}

Kuşatma ve Fırtına

<p>O Kendi Güçlerini Kabul Etmese Bile Tüm Dünyanın O Güçlere İhtiyacı VardıGüneşin Elçisi Alina Starkov, Karanlıklar Diyarı’ndaki karmaşayı ardında bırakarak bambaşka topraklara doğru yola çıkar, ancak kaderinden ve geçmişinden kaçmak sandığı kadar kolay olmayacaktır. Karanlıklar Efendisi tüm gücü ve ölümcül planlarıyla yeniden karşısına çıkmaya hazırlanmaktadır.Alina, Karanlıklar Efendisi’ni yenmek ve ülkesini özgürlüğüne kavuşturmak için gereken güce ulaşmak zorundadır. Bu sebeple de uzun ve tehlikelerle dolu bir yolculuğu göze almalıdır.“Eşsiz ve büyüleyici tasvirlerin her sayfasında kendini hissettirdiği Kuşatma ve Fırtına’nın kendine özgü dünyası onu benzersiz kılan etkenlerden sadece biri.”Booklist“Mükemmel bir kurgu ve aksiyonla harmanlanmış bu sürükleyici roman okurların hayal gücünü harekete geçirmekte oldukça başarılı.&#8221;The Los Angeles Times“Bardugo yine fantastik edebiyatın nasıl yazılması gerektiğini ispatlar nitelikte bir romana imza atmış.”The New York Times“Kuşatma ve Fırtına’yı bitirdikten sonra onun daha önce okuduğunuz hiçbir kitaba benzemediğini anlayacaksınız.”Publishers Weekly</p>

<p>O Kendi Güçlerini Kabul Etmese Bile Tüm Dünyanın O Güçlere İhtiyacı VardıGüneşin Elçisi Alina Starkov, Karanlıklar Diyarı’ndaki karmaşayı ardında bırakarak bambaşka topraklara doğru yola çıkar, ancak<span class="excerpt-hellip"> […]</span></p>
