{"id":717009,"date":"2025-08-27T17:49:44","date_gmt":"2025-08-27T14:49:44","guid":{"rendered":"https:\/\/roveyayinevi.com.tr\/index.php\/urun\/rus-devriminin-kisa-tarihi\/"},"modified":"2026-02-03T02:39:23","modified_gmt":"2026-02-02T23:39:23","slug":"rus-devriminin-kisa-tarihi","status":"publish","type":"product","link":"https:\/\/roveyayinevi.com.tr\/index.php\/urun\/rus-devriminin-kisa-tarihi\/","title":{"rendered":"Rus Devrimi&#8217;nin K\u0131sa Tarihi"},"content":{"rendered":"<p>\u00c7ar y\u00f6netiminden mutsuz bir kitlenin benzersiz bir \u00f6rg\u00fctlenmeyle harekete ge\u00e7erek ger\u00e7ekle\u015ftirdi\u011fi 1917 Rus Devrimi, tarihin ilk kom\u00fcnist devletinin kurulmas\u0131na neden oldu. Toplumsal ve ekonomik bir\u00e7ok de\u011fi\u015fikli\u011fi beraberinde getiren Sovyetler Birli\u011fi, d\u00fcnya tarihine damga vurdu ve g\u00fcn\u00fcm\u00fczde h\u00e2l\u00e2 ilgi uyand\u0131rmaya devam ediyor. Peki bu devrimin \u00f6nc\u00fclleri nelerdi? \u00d6rg\u00fctlenme nas\u0131l ger\u00e7ekle\u015fti? Fikir \u00f6nderleri kitleleri nas\u0131l etkiledi ve yol g\u00f6sterdi? Rusya toplumunun d\u00fc\u015f\u00fcnce yap\u0131s\u0131 devrimde ne kadar etkili oldu ve bu toplumun hangi kesimleri, nas\u0131l roller \u00fcstlendi? Geoffrey Swain bu kitab\u0131nda yeni bir bak\u0131\u015f a\u00e7\u0131s\u0131yla devrimi tekrar ele al\u0131rken bu sorular\u0131n cevaplar\u0131n\u0131 ar\u0131yor. \u201cElinizdeki k\u0131sa tarih [\u2026] Rus i\u015f\u00e7i s\u0131n\u0131f\u0131n\u0131n 1905\u2019ten itibaren istikrarl\u0131 bir bi\u00e7imde reformistten ziyade devrimci oldu\u011funu ve \u015eubat 1917\u2019de ortaya \u00e7\u0131kan sapman\u0131n yeni kurulan Sovyet\u2019in ba\u015f\u0131na, \u00f6nde gelen reformistleri rastlant\u0131sal olaylar sonucu getirdi\u011fini, Haziran sona ermeden, belki de daha \u00f6ncesinde Bol\u015feviklerin i\u015f\u00e7i s\u0131n\u0131f\u0131n\u0131n geleneksel devrimci reaksiyonunu yeniden ortaya \u00e7\u0131karmak i\u00e7in b\u00fcy\u00fck \u00e7aba harcam\u0131\u015f oldu\u011funu iddia ediyor.\u201d GEOFFREY SWAIN <\/p>\n","protected":false},"excerpt":{"rendered":"<p>\u00c7ar y\u00f6netiminden mutsuz bir kitlenin benzersiz bir \u00f6rg\u00fctlenmeyle harekete ge\u00e7erek ger\u00e7ekle\u015ftirdi\u011fi 1917 Rus Devrimi, tarihin ilk kom\u00fcnist devletinin kurulmas\u0131na neden oldu. Toplumsal ve ekonomik bir\u00e7ok de\u011fi\u015fikli\u011fi<span class=\"excerpt-hellip\"> [\u2026]<\/span><\/p>\n","protected":false},"featured_media":0,"template":"","meta":{"_monsterinsights_skip_tracking":false,"_monsterinsights_sitenote_active":false,"_monsterinsights_sitenote_note":"","_monsterinsights_sitenote_category":0},"product_brand":[],"product_cat":[12305,12304],"product_tag":[],"class_list":{"0":"post-717009","1":"product","2":"type-product","3":"status-publish","5":"product_cat-dunya-tarihi","6":"product_cat-tarih","7":"pa_cilt-ciltsiz","8":"pa_tur-kitap","9":"pa_yayinevi-iletisim-yayinlari","10":"pa_yazar-geoffrey-swain","12":"first","13":"instock","14":"sale","15":"shipping-taxable","16":"purchasable","17":"product-type-simple"},"_links":{"self":[{"href":"https:\/\/roveyayinevi.com.tr\/index.php\/wp-json\/wp\/v2\/product\/717009","targetHints":{"allow":["GET"]}}],"collection":[{"href":"https:\/\/roveyayinevi.com.tr\/index.php\/wp-json\/wp\/v2\/product"}],"about":[{"href":"https:\/\/roveyayinevi.com.tr\/index.php\/wp-json\/wp\/v2\/types\/product"}],"wp:attachment":[{"href":"https:\/\/roveyayinevi.com.tr\/index.php\/wp-json\/wp\/v2\/media?parent=717009"}],"wp:term":[{"taxonomy":"product_brand","embeddable":true,"href":"https:\/\/roveyayinevi.com.tr\/index.php\/wp-json\/wp\/v2\/product_brand?post=717009"},{"taxonomy":"product_cat","embeddable":true,"href":"https:\/\/roveyayinevi.com.tr\/index.php\/wp-json\/wp\/v2\/product_cat?post=717009"},{"taxonomy":"product_tag","embeddable":true,"href":"https:\/\/roveyayinevi.com.tr\/index.php\/wp-json\/wp\/v2\/product_tag?post=717009"}],"curies":[{"name":"wp","href":"https:\/\/api.w.org\/{rel}","templated":true}]}}