{"id":717004,"date":"2025-08-27T17:49:40","date_gmt":"2025-08-27T14:49:40","guid":{"rendered":"https:\/\/roveyayinevi.com.tr\/index.php\/urun\/iyi-adamin-on-gunu\/"},"modified":"2026-04-16T02:25:06","modified_gmt":"2026-04-15T23:25:06","slug":"iyi-adamin-on-gunu","status":"publish","type":"product","link":"https:\/\/roveyayinevi.com.tr\/index.php\/urun\/iyi-adamin-on-gunu\/","title":{"rendered":"\u0130yi Adam\u0131n On G\u00fcn\u00fc"},"content":{"rendered":"<p>D\u00f6rt kad\u0131n ve bir adam. Kad\u0131nlardan en al\u0131ml\u0131s\u0131 ona ihanet etti; en zengini ondan \u00e7etrefil bir bilmece \u00e7\u00f6zmesini istedi; en kurnaz\u0131 labirentten \u00e7\u0131k\u0131\u015f\u0131 g\u00f6sterdi; en seveceni ise hayat\u0131n\u0131 hi\u00e7 olmad\u0131\u011f\u0131 kadar g\u00fczelle\u015ftirdi\u2026 On g\u00fcnde olup biten bir muamma\u2026 Kay\u0131p bir mele\u011fin pe\u015fine d\u00fc\u015fen herkes\u00e7e \u201ciyi bir adam\u201d olarak bilinen eski avukat Sad\u0131k\u2019\u0131n hafiyelik ve hayat\u0131ndaki kad\u0131nlarla y\u00fczle\u015fme hik\u00e2yesi\u2026 \u0130yi Adam\u0131n On G\u00fcn\u00fc, Mehmet Ero\u011flu\u2019nun d\u00fcnyas\u0131nda ayr\u0131ks\u0131 duracak yeni ve k\u0131ymetli bir par\u00e7a. Katman katman a\u00e7\u0131lan; yalanlarla, hazlarla ve esrarengiz cinayetlerle \u00f6r\u00fcl\u00fc \u015fa\u015f\u0131rt\u0131c\u0131 bir polisiye. \u201cAdalet, adalet dedin mi, Alyo\u015fa ya da Mi\u015fkin kalmak m\u00fcmk\u00fcn de\u011fil.\u201d \u201c\u2026Galiba cesaret sand\u0131\u011f\u0131m\u0131z \u015fey, korkunun yoklu\u011fundan ya da korkuya al\u0131\u015fmaktan ibaret&#8230;\u201d Cesaretimin s\u0131rr\u0131n\u0131 vermek i\u00e7in daha da e\u011fildim. \u0130\u00e7imden g\u00fclmek geliyordu: \u201cHem risk almadan, ya\u015fam\u0131n\u0131 ortaya s\u00fcrmeden adalet elde edilmiyor.\u201d <\/p>\n","protected":false},"excerpt":{"rendered":"<p>D\u00f6rt kad\u0131n ve bir adam. Kad\u0131nlardan en al\u0131ml\u0131s\u0131 ona ihanet etti; en zengini ondan \u00e7etrefil bir bilmece \u00e7\u00f6zmesini istedi; en kurnaz\u0131 labirentten \u00e7\u0131k\u0131\u015f\u0131 g\u00f6sterdi; en seveceni<span class=\"excerpt-hellip\"> [\u2026]<\/span><\/p>\n","protected":false},"featured_media":0,"template":"","meta":{"_monsterinsights_skip_tracking":false,"_monsterinsights_sitenote_active":false,"_monsterinsights_sitenote_note":"","_monsterinsights_sitenote_category":0},"product_brand":[],"product_cat":[12291,12711],"product_tag":[],"class_list":{"0":"post-717004","1":"product","2":"type-product","3":"status-publish","5":"product_cat-edebiyat","6":"product_cat-roman-oyku","7":"pa_cilt-ciltsiz","8":"pa_tur-kitap","9":"pa_yayinevi-iletisim-yayinlari","10":"pa_yazar-mehmet-eroglu","12":"first","13":"instock","14":"sale","15":"shipping-taxable","16":"purchasable","17":"product-type-simple"},"_links":{"self":[{"href":"https:\/\/roveyayinevi.com.tr\/index.php\/wp-json\/wp\/v2\/product\/717004","targetHints":{"allow":["GET"]}}],"collection":[{"href":"https:\/\/roveyayinevi.com.tr\/index.php\/wp-json\/wp\/v2\/product"}],"about":[{"href":"https:\/\/roveyayinevi.com.tr\/index.php\/wp-json\/wp\/v2\/types\/product"}],"wp:attachment":[{"href":"https:\/\/roveyayinevi.com.tr\/index.php\/wp-json\/wp\/v2\/media?parent=717004"}],"wp:term":[{"taxonomy":"product_brand","embeddable":true,"href":"https:\/\/roveyayinevi.com.tr\/index.php\/wp-json\/wp\/v2\/product_brand?post=717004"},{"taxonomy":"product_cat","embeddable":true,"href":"https:\/\/roveyayinevi.com.tr\/index.php\/wp-json\/wp\/v2\/product_cat?post=717004"},{"taxonomy":"product_tag","embeddable":true,"href":"https:\/\/roveyayinevi.com.tr\/index.php\/wp-json\/wp\/v2\/product_tag?post=717004"}],"curies":[{"name":"wp","href":"https:\/\/api.w.org\/{rel}","templated":true}]}}