{"id":717001,"date":"2025-08-27T17:49:38","date_gmt":"2025-08-27T14:49:38","guid":{"rendered":"https:\/\/roveyayinevi.com.tr\/index.php\/urun\/las-vegasta-korku-ve-nefret\/"},"modified":"2026-04-16T02:25:06","modified_gmt":"2026-04-15T23:25:06","slug":"las-vegasta-korku-ve-nefret","status":"publish","type":"product","link":"https:\/\/roveyayinevi.com.tr\/index.php\/urun\/las-vegasta-korku-ve-nefret\/","title":{"rendered":"Las Vegas\u2019ta Korku ve Nefret"},"content":{"rendered":"<p>Amerikan gazetecili\u011finin ve edebiyat\u0131n\u0131n yirminci y\u00fczy\u0131ldaki en tart\u0131\u015fmal\u0131 fig\u00fcrlerinden biri olan Hunter S. Thompson, d\u00f6neminin en b\u00fcy\u00fck ak\u0131mlar\u0131ndan olan \u201cGonzo gazetecili\u011fi\u201dnin kurucusu olmas\u0131n\u0131n yan\u0131 s\u0131ra \u00f6nemli bir altk\u00fclt\u00fcr ve siyaset fig\u00fcr\u00fc. Thompson\u2019\u0131n 1998\u2019de Terry Gilliam taraf\u0131ndan sinemaya da uyarlanan roman\u0131 Las Vegas\u2019ta Korku ve Nefret hem edebiyat hem de sinemada k\u00fclt bir eser. Thompson, Amerikan r\u00fcyas\u0131n\u0131n karanl\u0131k yan\u0131n\u0131 bulmak i\u00e7in avukat\u0131 ile birlikte Las Vegas\u2019a gider. Los Angeles\u2019tan \u00e7\u0131k\u0131p \u00e7\u00f6l boyunca tam gaz ilerlerken, b\u00f6yle tehlikeli bir g\u00f6revi ger\u00e7ekle\u015ftirmenin tek bir yolu oldu\u011funu anlarlar: Kafay\u0131 iyice bulmak. Muazzam bir uyu\u015fturucu cephaneli\u011fiyle silahlanan ikili, d\u00fcnyan\u0131n baya\u011f\u0131l\u0131k ba\u015fkentinde manik ve ger\u00e7ek\u00fcst\u00fc bir tura \u00e7\u0131kar. Casino y\u00f6neticileri, polis memurlar\u0131 ve her \u00e7e\u015fit Orta Amerikal\u0131 ile ya\u015fanan tehlikeli ve kimyasallarla y\u00fckl\u00fc kar\u015f\u0131la\u015fmalarda sanr\u0131l\u0131 bir mizah ve k\u00e2buslara yara\u015f\u0131r bir deh\u015fet hi\u00e7 eksik olmaz. \u0130nsan\u0131 g\u00fclmekten yerlere yat\u0131ran, cesur, \u00f6zg\u00fcn ve \u00f6z\u00fcnde fazlas\u0131yla ciddi Las Vegas\u2019ta Korku ve Nefret, altm\u0131\u015flar\u0131n Amerika\u2019s\u0131nda y\u0131k\u0131lan hayallere dair bir modern klasik.   \u201cYazarlar i\u00e7in \u00f6nemli olan iki s\u0131fat vard\u0131r sadece\u2026 \u2018m\u00fcthi\u015f\u2019 ve \u2018ola\u011fan\u00fcst\u00fc\u2019. Hunter S. Thompson ikisine de sonuna kadar sahip \u00e7\u0131k\u0131yor. El yakan, \u00e7\u0131\u011f\u0131r a\u00e7an, muhte\u015fem bir kitap.\u201d Tom Wolfe   \u201cAmerikan edebiyat\u0131nda \u00c7\u0131plak \u015e\u00f6len\u2019den beri yaz\u0131lm\u0131\u015f en e\u011flenceli eser. Uyu\u015fturucu \u00e7a\u011f\u0131n\u0131n ba\u015fyap\u0131t\u0131.\u201d New York Times <\/p>\n","protected":false},"excerpt":{"rendered":"<p>Amerikan gazetecili\u011finin ve edebiyat\u0131n\u0131n yirminci y\u00fczy\u0131ldaki en tart\u0131\u015fmal\u0131 fig\u00fcrlerinden biri olan Hunter S. Thompson, d\u00f6neminin en b\u00fcy\u00fck ak\u0131mlar\u0131ndan olan \u201cGonzo gazetecili\u011fi\u201dnin kurucusu olmas\u0131n\u0131n yan\u0131 s\u0131ra \u00f6nemli<span class=\"excerpt-hellip\"> [\u2026]<\/span><\/p>\n","protected":false},"featured_media":0,"template":"","meta":{"_monsterinsights_skip_tracking":false,"_monsterinsights_sitenote_active":false,"_monsterinsights_sitenote_note":"","_monsterinsights_sitenote_category":0},"product_brand":[],"product_cat":[12291,12711],"product_tag":[],"class_list":{"0":"post-717001","1":"product","2":"type-product","3":"status-publish","5":"product_cat-edebiyat","6":"product_cat-roman-oyku","7":"pa_cilt-ciltsiz","8":"pa_tur-kitap","9":"pa_yayinevi-ithaki-yayinlari","10":"pa_yazar-hunter-s-thompson","12":"first","13":"instock","14":"sale","15":"shipping-taxable","16":"purchasable","17":"product-type-simple"},"_links":{"self":[{"href":"https:\/\/roveyayinevi.com.tr\/index.php\/wp-json\/wp\/v2\/product\/717001","targetHints":{"allow":["GET"]}}],"collection":[{"href":"https:\/\/roveyayinevi.com.tr\/index.php\/wp-json\/wp\/v2\/product"}],"about":[{"href":"https:\/\/roveyayinevi.com.tr\/index.php\/wp-json\/wp\/v2\/types\/product"}],"wp:attachment":[{"href":"https:\/\/roveyayinevi.com.tr\/index.php\/wp-json\/wp\/v2\/media?parent=717001"}],"wp:term":[{"taxonomy":"product_brand","embeddable":true,"href":"https:\/\/roveyayinevi.com.tr\/index.php\/wp-json\/wp\/v2\/product_brand?post=717001"},{"taxonomy":"product_cat","embeddable":true,"href":"https:\/\/roveyayinevi.com.tr\/index.php\/wp-json\/wp\/v2\/product_cat?post=717001"},{"taxonomy":"product_tag","embeddable":true,"href":"https:\/\/roveyayinevi.com.tr\/index.php\/wp-json\/wp\/v2\/product_tag?post=717001"}],"curies":[{"name":"wp","href":"https:\/\/api.w.org\/{rel}","templated":true}]}}