{"id":716993,"date":"2025-08-27T17:49:32","date_gmt":"2025-08-27T14:49:32","guid":{"rendered":"https:\/\/roveyayinevi.com.tr\/index.php\/urun\/guvercin-ile-kurbaga\/"},"modified":"2026-04-16T02:25:06","modified_gmt":"2026-04-15T23:25:06","slug":"guvercin-ile-kurbaga","status":"publish","type":"product","link":"https:\/\/roveyayinevi.com.tr\/index.php\/urun\/guvercin-ile-kurbaga\/","title":{"rendered":"G\u00fcvercin ile Kurba\u011fa"},"content":{"rendered":"<p>Uzun k\u0131\u015f g\u00fcnlerinin ard\u0131ndan bahar gelmi\u015f, kurba\u011fa ya\u015fam sevinciyle dolmu\u015f. G\u00fcne\u015fin alt\u0131nda uzan\u0131rken yan\u0131na bir g\u00fcvercin konuvermi\u015f. G\u00fcvercin ba\u015flam\u0131\u015f su i\u00e7meye. Kurba\u011fa g\u00fcvercinin di\u011fer ku\u015flardan farkl\u0131 bir \u015fekilde su i\u00e7ti\u011fini g\u00f6rm\u00fc\u015f ve onun hakk\u0131nda daha \u00e7ok \u015fey \u00f6\u011frenmek istemi\u015f. <\/p>\n","protected":false},"excerpt":{"rendered":"<p>Uzun k\u0131\u015f g\u00fcnlerinin ard\u0131ndan bahar gelmi\u015f, kurba\u011fa ya\u015fam sevinciyle dolmu\u015f. G\u00fcne\u015fin alt\u0131nda uzan\u0131rken yan\u0131na bir g\u00fcvercin konuvermi\u015f. G\u00fcvercin ba\u015flam\u0131\u015f su i\u00e7meye. Kurba\u011fa g\u00fcvercinin di\u011fer ku\u015flardan farkl\u0131<span class=\"excerpt-hellip\"> [\u2026]<\/span><\/p>\n","protected":false},"featured_media":0,"template":"","meta":{"_monsterinsights_skip_tracking":false,"_monsterinsights_sitenote_active":false,"_monsterinsights_sitenote_note":"","_monsterinsights_sitenote_category":0},"product_brand":[],"product_cat":[12274,12284],"product_tag":[],"class_list":{"0":"post-716993","1":"product","2":"type-product","3":"status-publish","5":"product_cat-cocuk-ve-genclik-kitaplari","6":"product_cat-hikayeler","7":"pa_cilt-ciltsiz","8":"pa_tur-kitap","9":"pa_yayinevi-dinozor-cocuk","10":"pa_yazar-fehime-ozdemir","12":"first","13":"instock","14":"sale","15":"shipping-taxable","16":"purchasable","17":"product-type-simple"},"_links":{"self":[{"href":"https:\/\/roveyayinevi.com.tr\/index.php\/wp-json\/wp\/v2\/product\/716993","targetHints":{"allow":["GET"]}}],"collection":[{"href":"https:\/\/roveyayinevi.com.tr\/index.php\/wp-json\/wp\/v2\/product"}],"about":[{"href":"https:\/\/roveyayinevi.com.tr\/index.php\/wp-json\/wp\/v2\/types\/product"}],"wp:attachment":[{"href":"https:\/\/roveyayinevi.com.tr\/index.php\/wp-json\/wp\/v2\/media?parent=716993"}],"wp:term":[{"taxonomy":"product_brand","embeddable":true,"href":"https:\/\/roveyayinevi.com.tr\/index.php\/wp-json\/wp\/v2\/product_brand?post=716993"},{"taxonomy":"product_cat","embeddable":true,"href":"https:\/\/roveyayinevi.com.tr\/index.php\/wp-json\/wp\/v2\/product_cat?post=716993"},{"taxonomy":"product_tag","embeddable":true,"href":"https:\/\/roveyayinevi.com.tr\/index.php\/wp-json\/wp\/v2\/product_tag?post=716993"}],"curies":[{"name":"wp","href":"https:\/\/api.w.org\/{rel}","templated":true}]}}