{"id":716992,"date":"2025-08-27T17:49:32","date_gmt":"2025-08-27T14:49:32","guid":{"rendered":"https:\/\/roveyayinevi.com.tr\/index.php\/urun\/matematik-cizgibilim\/"},"modified":"2026-04-16T02:25:06","modified_gmt":"2026-04-15T23:25:06","slug":"matematik-cizgibilim","status":"publish","type":"product","link":"https:\/\/roveyayinevi.com.tr\/index.php\/urun\/matematik-cizgibilim\/","title":{"rendered":"Matematik (\u00c7izgibilim)"},"content":{"rendered":"<p>Matematik nedir ve neden pek \u00e7ok insan i\u00e7in h\u00e2l\u00e2 bir gizemdir? Matematik, insan akl\u0131n\u0131n en b\u00fcy\u00fck icad\u0131d\u0131r. Bug\u00fcnse matemati\u011fe, bizden \u00f6nceki milyonlarca insan gibi g\u00fcnl\u00fck hayat\u0131m\u0131z\u0131n en \u00f6nemsiz par\u00e7alar\u0131nda bile ihtiya\u00e7 duyuyor, hayat\u0131n her alan\u0131nda ondan faydalan\u0131yoruz. Peki, matemati\u011fin k\u00f6kenlerinin veya geometri, cebir ve trigonometri gibi pek \u00e7ok alan\u0131n\u0131n antik ya da Bat\u0131l\u0131 olmayan uygarl\u0131klara dayand\u0131\u011f\u0131n\u0131 biliyor muyuz? Matematik, antik zamanlardan modern medeniyetler d\u00f6nemine kadar matematik tarihinin izini s\u00fcr\u00fcyor; \u00f6nemli bulu\u015flar\u0131 ve mucitlerin hik\u00e2yelerini okura sunuyor; say\u0131 sistemleri, kalk\u00fcl\u00fcs, kaos teorisi ve daha pek \u00e7ok merak edilen konuya de\u011finiyor; en \u00f6nemlisi ise matemati\u011fin h\u00e2l\u00e2 devam eden geli\u015fimini g\u00f6zler \u00f6n\u00fcne seriyor. <\/p>\n","protected":false},"excerpt":{"rendered":"<p>Matematik nedir ve neden pek \u00e7ok insan i\u00e7in h\u00e2l\u00e2 bir gizemdir? Matematik, insan akl\u0131n\u0131n en b\u00fcy\u00fck icad\u0131d\u0131r. Bug\u00fcnse matemati\u011fe, bizden \u00f6nceki milyonlarca insan gibi g\u00fcnl\u00fck hayat\u0131m\u0131z\u0131n<span class=\"excerpt-hellip\"> [\u2026]<\/span><\/p>\n","protected":false},"featured_media":0,"template":"","meta":{"_monsterinsights_skip_tracking":false,"_monsterinsights_sitenote_active":false,"_monsterinsights_sitenote_note":"","_monsterinsights_sitenote_category":0},"product_brand":[],"product_cat":[13005,37328],"product_tag":[],"class_list":{"0":"post-716992","1":"product","2":"type-product","3":"status-publish","5":"product_cat-bilim-muhendislik","6":"product_cat-diger-bilim-muhendislik","7":"pa_cilt-ciltsiz","8":"pa_tur-kitap","9":"pa_yayinevi-say-yayinlari","10":"pa_yazar-ziauddin-sardar-jerry-ravetz","12":"first","13":"instock","14":"sale","15":"shipping-taxable","16":"purchasable","17":"product-type-simple"},"_links":{"self":[{"href":"https:\/\/roveyayinevi.com.tr\/index.php\/wp-json\/wp\/v2\/product\/716992","targetHints":{"allow":["GET"]}}],"collection":[{"href":"https:\/\/roveyayinevi.com.tr\/index.php\/wp-json\/wp\/v2\/product"}],"about":[{"href":"https:\/\/roveyayinevi.com.tr\/index.php\/wp-json\/wp\/v2\/types\/product"}],"wp:attachment":[{"href":"https:\/\/roveyayinevi.com.tr\/index.php\/wp-json\/wp\/v2\/media?parent=716992"}],"wp:term":[{"taxonomy":"product_brand","embeddable":true,"href":"https:\/\/roveyayinevi.com.tr\/index.php\/wp-json\/wp\/v2\/product_brand?post=716992"},{"taxonomy":"product_cat","embeddable":true,"href":"https:\/\/roveyayinevi.com.tr\/index.php\/wp-json\/wp\/v2\/product_cat?post=716992"},{"taxonomy":"product_tag","embeddable":true,"href":"https:\/\/roveyayinevi.com.tr\/index.php\/wp-json\/wp\/v2\/product_tag?post=716992"}],"curies":[{"name":"wp","href":"https:\/\/api.w.org\/{rel}","templated":true}]}}