{"id":716990,"date":"2025-08-27T17:49:30","date_gmt":"2025-08-27T14:49:30","guid":{"rendered":"https:\/\/roveyayinevi.com.tr\/index.php\/urun\/simdi\/"},"modified":"2026-04-16T02:25:06","modified_gmt":"2026-04-15T23:25:06","slug":"simdi","status":"publish","type":"product","link":"https:\/\/roveyayinevi.com.tr\/index.php\/urun\/simdi\/","title":{"rendered":"\u015eimdi"},"content":{"rendered":"<p>Uzun yoldan gelmi\u015fsin Az\u0131c\u0131k bulut az\u0131c\u0131k ku\u015f Otur \u0131s\u0131ns\u0131n y\u00fcre\u011fin \u0130\u00e7inde s\u00f6z buz tutmu\u015f   Kan kurumu\u015f duda\u011f\u0131nda Gece \u0131slak karanl\u0131k zor Y\u00fcr\u00fcyor tohuma toprak Su yata\u011f\u0131na y\u00fcr\u00fcyor   Ka\u00e7ak yolcusu d\u00fcnyan\u0131n S\u00fcrg\u00fcn\u00fcn k\u0131r\u0131lgan sesi Denizin ta\u015f\u0131d\u0131\u011f\u0131 kum R\u00fczg\u00e2r\u0131n usul ezgisi   Uzun yoldan gelmi\u015fsin Heybende k\u0131z\u0131l g\u00fcller Ben ku\u015flar\u0131 oyalar\u0131m Sen ya\u011fmuru tut yeter.<\/p>\n","protected":false},"excerpt":{"rendered":"<p>Uzun yoldan gelmi\u015fsin Az\u0131c\u0131k bulut az\u0131c\u0131k ku\u015f Otur \u0131s\u0131ns\u0131n y\u00fcre\u011fin \u0130\u00e7inde s\u00f6z buz tutmu\u015f Kan kurumu\u015f duda\u011f\u0131nda Gece \u0131slak karanl\u0131k zor Y\u00fcr\u00fcyor tohuma toprak Su yata\u011f\u0131na<span class=\"excerpt-hellip\"> [\u2026]<\/span><\/p>\n","protected":false},"featured_media":0,"template":"","meta":{"_monsterinsights_skip_tracking":false,"_monsterinsights_sitenote_active":false,"_monsterinsights_sitenote_note":"","_monsterinsights_sitenote_category":0},"product_brand":[],"product_cat":[12291,12509],"product_tag":[],"class_list":{"0":"post-716990","1":"product","2":"type-product","3":"status-publish","5":"product_cat-edebiyat","6":"product_cat-siir","7":"pa_cilt-ciltsiz","8":"pa_tur-kitap","9":"pa_yayinevi-islik-yayinlari","10":"pa_yazar-tozan-alkan","12":"first","13":"instock","14":"sale","15":"shipping-taxable","16":"purchasable","17":"product-type-simple"},"_links":{"self":[{"href":"https:\/\/roveyayinevi.com.tr\/index.php\/wp-json\/wp\/v2\/product\/716990","targetHints":{"allow":["GET"]}}],"collection":[{"href":"https:\/\/roveyayinevi.com.tr\/index.php\/wp-json\/wp\/v2\/product"}],"about":[{"href":"https:\/\/roveyayinevi.com.tr\/index.php\/wp-json\/wp\/v2\/types\/product"}],"wp:attachment":[{"href":"https:\/\/roveyayinevi.com.tr\/index.php\/wp-json\/wp\/v2\/media?parent=716990"}],"wp:term":[{"taxonomy":"product_brand","embeddable":true,"href":"https:\/\/roveyayinevi.com.tr\/index.php\/wp-json\/wp\/v2\/product_brand?post=716990"},{"taxonomy":"product_cat","embeddable":true,"href":"https:\/\/roveyayinevi.com.tr\/index.php\/wp-json\/wp\/v2\/product_cat?post=716990"},{"taxonomy":"product_tag","embeddable":true,"href":"https:\/\/roveyayinevi.com.tr\/index.php\/wp-json\/wp\/v2\/product_tag?post=716990"}],"curies":[{"name":"wp","href":"https:\/\/api.w.org\/{rel}","templated":true}]}}