{"id":716989,"date":"2025-08-27T17:49:30","date_gmt":"2025-08-27T14:49:30","guid":{"rendered":"https:\/\/roveyayinevi.com.tr\/index.php\/urun\/muzigin-kitabi\/"},"modified":"2026-04-16T02:25:06","modified_gmt":"2026-04-15T23:25:06","slug":"muzigin-kitabi","status":"publish","type":"product","link":"https:\/\/roveyayinevi.com.tr\/index.php\/urun\/muzigin-kitabi\/","title":{"rendered":"M\u00fczi\u011fin Kitab\u0131"},"content":{"rendered":"<p>Bu kitap, m\u00fczik bilgisi i\u00e7inde yer alan temel konular\u0131 \u00f6\u011frenmenin kolay ve zevkli \u00f6\u011frenmenin kolay ve zevkli oldu\u011funu g\u00f6stermek i\u00e7in yaz\u0131ld\u0131. Bu kitab\u0131n \u201ckimler i\u00e7in\u201d yaz\u0131ld\u0131\u011f\u0131na gelince\u2026 \u00c7ocuk ya da yeti\u015fkin, b\u00fct\u00fcn m\u00fczik\u00e7iler i\u00e7in!.. M\u00fczi\u011fe ilgi duyan herkes i\u00e7in\u2026 Asl\u0131nda m\u00fczik \u00f6\u011frencileri i\u00e7in bir \u201cders kitab\u0131\u201dd\u0131r elinizdeki. Ama m\u00fczik, s\u0131radan bir \u201cders\u201d de\u011fildir, \u00f6ncelikle \u201csevgi\u201ddir. Sadece profesyoneller de\u011fil, amat\u00f6r m\u00fczik\u00e7iler de sever m\u00fczi\u011fi. Bu sanata ilgi duyan dinleyiciler de\u2026 M\u00fczik sevgisini derinle\u015ftirmek i\u00e7in, onun temel bilgilerine e\u011filmek gerekmez mi? Profesyonel bir m\u00fczik\u00e7iden tutun, herhangi bir m\u00fcziksevere kadar herkes arad\u0131\u011f\u0131n\u0131 bulacakt\u0131r \u201cM\u00fczi\u011fin Kitab\u0131\u201dnda. <\/p>\n","protected":false},"excerpt":{"rendered":"<p>Bu kitap, m\u00fczik bilgisi i\u00e7inde yer alan temel konular\u0131 \u00f6\u011frenmenin kolay ve zevkli \u00f6\u011frenmenin kolay ve zevkli oldu\u011funu g\u00f6stermek i\u00e7in yaz\u0131ld\u0131. Bu kitab\u0131n \u201ckimler i\u00e7in\u201d yaz\u0131ld\u0131\u011f\u0131na<span class=\"excerpt-hellip\"> [\u2026]<\/span><\/p>\n","protected":false},"featured_media":0,"template":"","meta":{"_monsterinsights_skip_tracking":false,"_monsterinsights_sitenote_active":false,"_monsterinsights_sitenote_note":"","_monsterinsights_sitenote_category":0},"product_brand":[],"product_cat":[14556,20810],"product_tag":[],"class_list":{"0":"post-716989","1":"product","2":"type-product","3":"status-publish","5":"product_cat-muzik","6":"product_cat-ogrenim-kitaplari","7":"pa_cilt-ciltsiz","8":"pa_tur-kitap","9":"pa_yayinevi-islik-yayinlari","10":"pa_yazar-ahmet-say","12":"first","13":"instock","14":"sale","15":"shipping-taxable","16":"purchasable","17":"product-type-simple"},"_links":{"self":[{"href":"https:\/\/roveyayinevi.com.tr\/index.php\/wp-json\/wp\/v2\/product\/716989","targetHints":{"allow":["GET"]}}],"collection":[{"href":"https:\/\/roveyayinevi.com.tr\/index.php\/wp-json\/wp\/v2\/product"}],"about":[{"href":"https:\/\/roveyayinevi.com.tr\/index.php\/wp-json\/wp\/v2\/types\/product"}],"wp:attachment":[{"href":"https:\/\/roveyayinevi.com.tr\/index.php\/wp-json\/wp\/v2\/media?parent=716989"}],"wp:term":[{"taxonomy":"product_brand","embeddable":true,"href":"https:\/\/roveyayinevi.com.tr\/index.php\/wp-json\/wp\/v2\/product_brand?post=716989"},{"taxonomy":"product_cat","embeddable":true,"href":"https:\/\/roveyayinevi.com.tr\/index.php\/wp-json\/wp\/v2\/product_cat?post=716989"},{"taxonomy":"product_tag","embeddable":true,"href":"https:\/\/roveyayinevi.com.tr\/index.php\/wp-json\/wp\/v2\/product_tag?post=716989"}],"curies":[{"name":"wp","href":"https:\/\/api.w.org\/{rel}","templated":true}]}}