{"id":716987,"date":"2025-08-27T17:49:29","date_gmt":"2025-08-27T14:49:29","guid":{"rendered":"https:\/\/roveyayinevi.com.tr\/index.php\/urun\/lacanci-psikanalize-giris-sozlugu\/"},"modified":"2026-04-16T02:25:06","modified_gmt":"2026-04-15T23:25:06","slug":"lacanci-psikanalize-giris-sozlugu","status":"publish","type":"product","link":"https:\/\/roveyayinevi.com.tr\/index.php\/urun\/lacanci-psikanalize-giris-sozlugu\/","title":{"rendered":"Lacanc\u0131 Psikanalize Giri\u015f S\u00f6zl\u00fc\u011f\u00fc"},"content":{"rendered":"<p>Psikanaliz psikolojinin bir dal\u0131 de\u011fildir, t\u0131bb\u0131n ya da felsefenin ya da dilbilimin bir dal\u0131 da de\u011fildir. \u015e\u00fcphesiz bir psikoterapi bi\u00e7imi de de\u011fildir, zira hedefi iyile\u015ftirmek de\u011fil hakikatin dile getirilmesini sa\u011flamakt\u0131r   Lacan\u2019\u0131n d\u00fc\u015f\u00fcncesi psikanaliz kuram\u0131 ve prati\u011fini k\u00f6kten bir de\u011fi\u015ftirme te\u015febb\u00fcs\u00fcd\u00fcr asl\u0131nda ya da kendi ifadesiyle Freud\u2019a d\u00f6n\u00fc\u015f. Ancak Lacan\u2019\u0131n etkisi hi\u00e7bir zaman sadece psikanalizle s\u0131n\u0131rl\u0131 kalmam\u0131\u015f ve Lacan\u2019\u0131n d\u00fc\u015f\u00fcncesi film \u00e7al\u0131\u015fmalar\u0131ndan edebiyat ele\u015ftirisine, feminist kuramdan felsefeye kadar pek \u00e7ok alan\u0131 etkilemi\u015f, etkilemeye de devam etmektedir. Ne var ki d\u00fc\u015f\u00fcncesinin karma\u015f\u0131kl\u0131\u011f\u0131 ve kendine has \u00fcslubu nedeniyle yaz\u0131lar\u0131na g\u00fc\u00e7 n\u00fcfuz edildi\u011fi herkesin malumudur. Lacanc\u0131 Psikanalize Giri\u015f S\u00f6zl\u00fc\u011f\u00fc Lacan\u2019\u0131n d\u00fc\u015f\u00fcncesini anlamakta kilit rol oynayacak iki y\u00fcz\u00fc a\u015fk\u0131n kavram ve terimin hem genel psikanaliz kuram\u0131ndaki hem de Lacan\u2019\u0131n d\u00fc\u015f\u00fcncesindeki yerini, y\u0131llar i\u00e7indeki de\u011fi\u015fimleriyle birlikte a\u00e7\u0131klayarak bu zorlu\u011fu a\u015fma, Lacan\u2019\u0131 okumaya y\u00f6nelen okur i\u00e7in bu devasa fig\u00fcrle kar\u015f\u0131la\u015fmas\u0131nda bir k\u0131lavuz olma giri\u015fimidir.              Lacan\u2019\u0131n d\u00fc\u015f\u00fcncesinin klinik temellerini ve psikanaliz prati\u011findeki etkisini \u00f6n plana \u00e7\u0131karmas\u0131 bak\u0131m\u0131ndan s\u00f6zl\u00fck, okuru Lacan\u2019\u0131n d\u00fc\u015f\u00fcncesinin daha \u00f6nce eksik b\u0131rak\u0131lm\u0131\u015f bir y\u00f6n\u00fcyle tan\u0131\u015ft\u0131r\u0131yor. Ayr\u0131ca psikanaliz prati\u011fine ve Lacan\u2019\u0131n \u00e7al\u0131\u015fmalar\u0131na yapt\u0131\u011f\u0131 referanslarla uzmanlar\u0131n da faydalanabilece\u011fi bir s\u00f6zl\u00fck olma iddias\u0131n\u0131 ta\u015f\u0131yor.              Elinizdeki s\u00f6zl\u00fck Lacan\u2019\u0131n \u00e7al\u0131\u015fmalar\u0131n\u0131n hemen hemen tamam\u0131n\u0131n keskin bir g\u00f6zle taranmas\u0131n\u0131n \u00fcr\u00fcn\u00fcd\u00fcr. Okuru her f\u0131rsatta Lacan\u2019\u0131n metinlerine (ya da konu\u015fmalar\u0131na) ba\u015fvurmaya te\u015fvik ediyor ve okura en ba\u015fta bizzat Lacan\u2019\u0131n da yarat\u0131c\u0131 bir okur oldu\u011funu, Freud\u2019u okuman\u0131n devrimci bir yolunu sundu\u011funu hat\u0131rlat\u0131yor.<\/p>\n","protected":false},"excerpt":{"rendered":"<p>Psikanaliz psikolojinin bir dal\u0131 de\u011fildir, t\u0131bb\u0131n ya da felsefenin ya da dilbilimin bir dal\u0131 da de\u011fildir. \u015e\u00fcphesiz bir psikoterapi bi\u00e7imi de de\u011fildir, zira hedefi iyile\u015ftirmek de\u011fil<span class=\"excerpt-hellip\"> [\u2026]<\/span><\/p>\n","protected":false},"featured_media":0,"template":"","meta":{"_monsterinsights_skip_tracking":false,"_monsterinsights_sitenote_active":false,"_monsterinsights_sitenote_note":"","_monsterinsights_sitenote_category":0},"product_brand":[],"product_cat":[12755,12357],"product_tag":[],"class_list":{"0":"post-716987","1":"product","2":"type-product","3":"status-publish","5":"product_cat-gelisim-psikolojisi","6":"product_cat-psikoloji","7":"pa_cilt-ciltsiz","8":"pa_tur-kitap","9":"pa_yayinevi-islik-yayinlari","10":"pa_yazar-dylan-evans-howard-selina","12":"first","13":"instock","14":"sale","15":"shipping-taxable","16":"purchasable","17":"product-type-simple"},"_links":{"self":[{"href":"https:\/\/roveyayinevi.com.tr\/index.php\/wp-json\/wp\/v2\/product\/716987","targetHints":{"allow":["GET"]}}],"collection":[{"href":"https:\/\/roveyayinevi.com.tr\/index.php\/wp-json\/wp\/v2\/product"}],"about":[{"href":"https:\/\/roveyayinevi.com.tr\/index.php\/wp-json\/wp\/v2\/types\/product"}],"wp:attachment":[{"href":"https:\/\/roveyayinevi.com.tr\/index.php\/wp-json\/wp\/v2\/media?parent=716987"}],"wp:term":[{"taxonomy":"product_brand","embeddable":true,"href":"https:\/\/roveyayinevi.com.tr\/index.php\/wp-json\/wp\/v2\/product_brand?post=716987"},{"taxonomy":"product_cat","embeddable":true,"href":"https:\/\/roveyayinevi.com.tr\/index.php\/wp-json\/wp\/v2\/product_cat?post=716987"},{"taxonomy":"product_tag","embeddable":true,"href":"https:\/\/roveyayinevi.com.tr\/index.php\/wp-json\/wp\/v2\/product_tag?post=716987"}],"curies":[{"name":"wp","href":"https:\/\/api.w.org\/{rel}","templated":true}]}}