{"id":716982,"date":"2025-08-27T17:49:26","date_gmt":"2025-08-27T14:49:26","guid":{"rendered":"https:\/\/roveyayinevi.com.tr\/index.php\/urun\/pusu\/"},"modified":"2026-04-16T02:25:06","modified_gmt":"2026-04-15T23:25:06","slug":"pusu","status":"publish","type":"product","link":"https:\/\/roveyayinevi.com.tr\/index.php\/urun\/pusu\/","title":{"rendered":"Pusu"},"content":{"rendered":"<p>&#8220;Sheena Kamal okumaktan ve ba\u015fkalar\u0131na tavsiye etmekten mutluluk duyaca\u011f\u0131n\u0131z yazarlardan.&#8221;Kirkus Review&#8221;Pusu, bittikten sonra akl\u0131n\u0131z\u0131 uzunca bir s\u00fcre me\u015fgul edecek. Hatta belki sonsuza dek&#8230;&#8221;Jeffery Deaver&#8221;Sheena Kamal yeni Gillian Flynn olabilir!.\u201dIrish IndependentSabaha kar\u015f\u0131 Nora\u2019ya bir telefon gelir. Hatt\u0131n di\u011fer ucundaki adam ona y\u0131llar evvel evlatl\u0131k verdi\u011fi k\u0131z\u0131n\u0131n kayboldu\u011funu s\u00f6yler. Nora Watts ne yapaca\u011f\u0131n\u0131 bilemez ve bu i\u015fe kar\u0131\u015f\u0131p kar\u0131\u015fmamak konusunda karars\u0131z kal\u0131r ama sonra \u00f6z k\u0131z\u0131na s\u0131rt \u00e7eviremeyece\u011fini anlar ve Nora\u2019y\u0131 bulmak i\u00e7in k\u0131z\u0131 Bonnie\u2019nin \u00fcvey babas\u0131na yard\u0131m etmeyi kabul eder. Gen\u00e7 kad\u0131n, k\u0131z\u0131n\u0131 aramaya ba\u015flad\u0131\u011f\u0131ndaysa unutulmaya y\u00fcz tutmu\u015f, karanl\u0131k s\u0131rlar tek yek a\u00e7\u0131\u011fa \u00e7\u0131kacak ve her bir s\u0131r yaln\u0131zca Nora\u2019y\u0131 de\u011fil, etraf\u0131ndaki pek \u00e7ok insan\u0131 da derinden sarsacakt\u0131r.Kal\u0131plar\u0131 sarsan ve on be\u015ften fazla dile \u00e7evrilerek b\u00fcy\u00fck ba\u015far\u0131 elde eden Pusu, yazara Macavity, Strand Magazine gibi pek \u00e7ok prestijli polisiye \u00f6d\u00fcl\u00fcn\u00fc de kazand\u0131rd\u0131. \u00c7\u00fcnk\u00fc Sheena Kamal bu romanda karanl\u0131k bir \u00f6yk\u00fc anlatmakla kalm\u0131yor; capcanl\u0131 tasvirleri, hayat\u0131n i\u00e7inden karakterleri ve hep daha fazlas\u0131n\u0131 merak ettiren temposuyla tad\u0131na doyulmaz bir macera da vadediyor.<\/p>\n","protected":false},"excerpt":{"rendered":"<p>&#8220;Sheena Kamal okumaktan ve ba\u015fkalar\u0131na tavsiye etmekten mutluluk duyaca\u011f\u0131n\u0131z yazarlardan.&#8221;Kirkus Review&#8221;Pusu, bittikten sonra akl\u0131n\u0131z\u0131 uzunca bir s\u00fcre me\u015fgul edecek. Hatta belki sonsuza dek&#8230;&#8221;Jeffery Deaver&#8221;Sheena Kamal yeni<span class=\"excerpt-hellip\"> [\u2026]<\/span><\/p>\n","protected":false},"featured_media":0,"template":"","meta":{"_monsterinsights_skip_tracking":false,"_monsterinsights_sitenote_active":false,"_monsterinsights_sitenote_note":"","_monsterinsights_sitenote_category":0},"product_brand":[],"product_cat":[12291,17033],"product_tag":[],"class_list":{"0":"post-716982","1":"product","2":"type-product","3":"status-publish","5":"product_cat-edebiyat","6":"product_cat-korku-gerilim","7":"pa_cilt-ciltsiz","8":"pa_tur-kitap","9":"pa_yayinevi-ephesus-yayinlari","10":"pa_yazar-sheena-kamal","12":"first","13":"instock","14":"sale","15":"shipping-taxable","16":"purchasable","17":"product-type-simple"},"_links":{"self":[{"href":"https:\/\/roveyayinevi.com.tr\/index.php\/wp-json\/wp\/v2\/product\/716982","targetHints":{"allow":["GET"]}}],"collection":[{"href":"https:\/\/roveyayinevi.com.tr\/index.php\/wp-json\/wp\/v2\/product"}],"about":[{"href":"https:\/\/roveyayinevi.com.tr\/index.php\/wp-json\/wp\/v2\/types\/product"}],"wp:attachment":[{"href":"https:\/\/roveyayinevi.com.tr\/index.php\/wp-json\/wp\/v2\/media?parent=716982"}],"wp:term":[{"taxonomy":"product_brand","embeddable":true,"href":"https:\/\/roveyayinevi.com.tr\/index.php\/wp-json\/wp\/v2\/product_brand?post=716982"},{"taxonomy":"product_cat","embeddable":true,"href":"https:\/\/roveyayinevi.com.tr\/index.php\/wp-json\/wp\/v2\/product_cat?post=716982"},{"taxonomy":"product_tag","embeddable":true,"href":"https:\/\/roveyayinevi.com.tr\/index.php\/wp-json\/wp\/v2\/product_tag?post=716982"}],"curies":[{"name":"wp","href":"https:\/\/api.w.org\/{rel}","templated":true}]}}