{"id":716968,"date":"2025-08-27T17:49:16","date_gmt":"2025-08-27T14:49:16","guid":{"rendered":"https:\/\/roveyayinevi.com.tr\/index.php\/urun\/kurk-mantolu-madonna-11\/"},"modified":"2026-03-16T02:28:56","modified_gmt":"2026-03-15T23:28:56","slug":"kurk-mantolu-madonna-11","status":"publish","type":"product","link":"https:\/\/roveyayinevi.com.tr\/index.php\/urun\/kurk-mantolu-madonna-11\/","title":{"rendered":"K\u00fcrk Mantolu Madonna"},"content":{"rendered":"<p>\u201cB\u00fcy\u00fck salonun kap\u0131ya yak\u0131n bir duvar\u0131n\u0131n \u00f6n\u00fcnde birdenbire durdum. O andaki hislerimi, \u00f6zellikle aradan bu kadar sene ge\u00e7tikten sonra, anlatmama imk\u00e2n yok. Yaln\u0131z orada, k\u00fcrk mantolu bir kad\u0131n portresinin \u00f6n\u00fcnde, m\u0131hlanm\u0131\u015f gibi durdu\u011fumu hat\u0131rl\u0131yorum. Resimleri seyredip ge\u00e7enler, v\u00fccutlar\u0131yla beni sa\u011fa sola itiyorlar fakat ben oldu\u011fum yerden ayr\u0131lam\u0131yordum. Bu portrede ne vard\u0131?.. Bunu anlatamayaca\u011f\u0131m\u0131 biliyorum; yaln\u0131z, o zamana kadar hi\u00e7bir kad\u0131nda g\u00f6rmedi\u011fim garip, biraz vah\u015fi, biraz gururlu ve \u00e7ok kuvvetli bir ifade vard\u0131. Bu y\u00fcz\u00fc veya benzerini hi\u00e7bir yerde, hi\u00e7bir zaman g\u00f6rmedi\u011fimi ilk andan itibaren bilmeme ra\u011fmen, onunla aram\u0131zda bir tan\u0131\u015f\u0131kl\u0131k varm\u0131\u015f gibi bir hisse kap\u0131ld\u0131m. Bu soluk y\u00fcz, bu siyah ka\u015flar ve onlar\u0131n alt\u0131ndaki siyah g\u00f6zler; bu koyu kumral sa\u00e7lar ve as\u0131l, masumluk ile iradeyi, sonsuz bir h\u00fcz\u00fcn ile kuvvetli bir ki\u015fiyi birle\u015ftiren bu ifade, bana asla yabanc\u0131 olamazd\u0131.\u201d\u00d6zellikle romanlar\u0131nda edebiyata yeni bir boyut kazand\u0131rm\u0131\u015f, ger\u00e7ek\u00e7i roman\u0131n en \u00f6zg\u00fcn \u00f6rneklerini veren Sabahattin Ali&#8217;nin, bir solukta okuyaca\u011f\u0131n\u0131z eseri K\u00fcrk Mantolu Madonna&#8217;n\u0131n ba\u015fkahramanlar\u0131 olan Raif Efendi ve Maria Puder\u2019in s\u00fcr\u00fckleyici ve etkileyici a\u015fk\u0131 i\u00e7inize i\u015fleyecek&#8230;<\/p>\n","protected":false},"excerpt":{"rendered":"<p>\u201cB\u00fcy\u00fck salonun kap\u0131ya yak\u0131n bir duvar\u0131n\u0131n \u00f6n\u00fcnde birdenbire durdum. O andaki hislerimi, \u00f6zellikle aradan bu kadar sene ge\u00e7tikten sonra, anlatmama imk\u00e2n yok. Yaln\u0131z orada, k\u00fcrk mantolu<span class=\"excerpt-hellip\"> [\u2026]<\/span><\/p>\n","protected":false},"featured_media":0,"template":"","meta":{"_monsterinsights_skip_tracking":false,"_monsterinsights_sitenote_active":false,"_monsterinsights_sitenote_note":"","_monsterinsights_sitenote_category":0},"product_brand":[],"product_cat":[12291,12711],"product_tag":[],"class_list":{"0":"post-716968","1":"product","2":"type-product","3":"status-publish","5":"product_cat-edebiyat","6":"product_cat-roman-oyku","7":"pa_cilt-ciltsiz","8":"pa_tur-kitap","9":"pa_yayinevi-vaveyla-yayincilik","10":"pa_yazar-sabahattin-ali","12":"first","13":"instock","14":"sale","15":"shipping-taxable","16":"purchasable","17":"product-type-simple"},"_links":{"self":[{"href":"https:\/\/roveyayinevi.com.tr\/index.php\/wp-json\/wp\/v2\/product\/716968","targetHints":{"allow":["GET"]}}],"collection":[{"href":"https:\/\/roveyayinevi.com.tr\/index.php\/wp-json\/wp\/v2\/product"}],"about":[{"href":"https:\/\/roveyayinevi.com.tr\/index.php\/wp-json\/wp\/v2\/types\/product"}],"wp:attachment":[{"href":"https:\/\/roveyayinevi.com.tr\/index.php\/wp-json\/wp\/v2\/media?parent=716968"}],"wp:term":[{"taxonomy":"product_brand","embeddable":true,"href":"https:\/\/roveyayinevi.com.tr\/index.php\/wp-json\/wp\/v2\/product_brand?post=716968"},{"taxonomy":"product_cat","embeddable":true,"href":"https:\/\/roveyayinevi.com.tr\/index.php\/wp-json\/wp\/v2\/product_cat?post=716968"},{"taxonomy":"product_tag","embeddable":true,"href":"https:\/\/roveyayinevi.com.tr\/index.php\/wp-json\/wp\/v2\/product_tag?post=716968"}],"curies":[{"name":"wp","href":"https:\/\/api.w.org\/{rel}","templated":true}]}}