{"id":716956,"date":"2025-08-27T17:49:08","date_gmt":"2025-08-27T14:49:08","guid":{"rendered":"https:\/\/roveyayinevi.com.tr\/index.php\/urun\/gunun-gec-vakitleri\/"},"modified":"2026-04-16T02:25:05","modified_gmt":"2026-04-15T23:25:05","slug":"gunun-gec-vakitleri","status":"publish","type":"product","link":"https:\/\/roveyayinevi.com.tr\/index.php\/urun\/gunun-gec-vakitleri\/","title":{"rendered":"G\u00fcn\u00fcn Ge\u00e7 Vakitleri"},"content":{"rendered":"<p>Uluslararas\u0131 yaz\u0131n \u00e7evrelerince 20. y\u00fczy\u0131l\u0131n \u201cbilimkurguya edebiyat sayg\u0131nl\u0131\u011f\u0131 kazand\u0131ran\u201d se\u00e7kin yazarlar\u0131 aras\u0131nda ilk s\u0131ralarda an\u0131lan Ursula K. Le Guin; edebiyat ya\u015fam\u0131n\u0131n ba\u015f\u0131ndan beri \u015fiire \u00f6zel bir yer ay\u0131rm\u0131\u015f, \u015fiirlerini belirli aral\u0131klarla, ba\u011f\u0131ms\u0131z b\u00fct\u00fcnler ve yer yer de \u00f6zel se\u00e7kiler vas\u0131tas\u0131yla okura sunmu\u015ftur. Roman ve \u00f6yk\u00fclerinde kurdu\u011fu benzersiz dili derinden akan bir su gibi izleyip belirlemi\u015f olan Le Guin \u015fiirinin son \u00f6rnekleri Late in theDay ad\u0131yla 2016 y\u0131l\u0131nda yay\u0131mlanm\u0131\u015ft\u0131. G\u00fcn\u00fcn Ge\u00e7 Vakitleri, bu \u015fiir toplam\u0131n\u0131 Le Guin\u2019in kendi yazm\u0131\u015f oldu\u011fu \u00f6ns\u00f6z, sunu\u015f, sons\u00f6z ve ek metinlerle birlikte T\u00fcrk\u00e7eye aktar\u0131yor: \u0130nsanc\u0131ll\u0131\u011f\u0131n \u00f6l\u00fcm\u00fcn\u00fcn vah\u015f\u00ee t\u00f6renlerle kutsand\u0131\u011f\u0131 bir \u00e7a\u011fda k\u00e2h e\u015fyan\u0131n, k\u00e2h mitolojik kahramanlar\u0131n, k\u00e2h do\u011fan\u0131n insanc\u0131ll\u0131\u011f\u0131na s\u0131\u011f\u0131nan, okuyana hem son hem sonsuzluk hissini ayn\u0131 kuvvette duyuran ebed\u00ee bir zaman\u2019\u0131n \u015fiirleri&#8230; <\/p>\n","protected":false},"excerpt":{"rendered":"<p>Uluslararas\u0131 yaz\u0131n \u00e7evrelerince 20. y\u00fczy\u0131l\u0131n \u201cbilimkurguya edebiyat sayg\u0131nl\u0131\u011f\u0131 kazand\u0131ran\u201d se\u00e7kin yazarlar\u0131 aras\u0131nda ilk s\u0131ralarda an\u0131lan Ursula K. Le Guin; edebiyat ya\u015fam\u0131n\u0131n ba\u015f\u0131ndan beri \u015fiire \u00f6zel bir<span class=\"excerpt-hellip\"> [\u2026]<\/span><\/p>\n","protected":false},"featured_media":0,"template":"","meta":{"_monsterinsights_skip_tracking":false,"_monsterinsights_sitenote_active":false,"_monsterinsights_sitenote_note":"","_monsterinsights_sitenote_category":0},"product_brand":[],"product_cat":[12291,12509],"product_tag":[],"class_list":{"0":"post-716956","1":"product","2":"type-product","3":"status-publish","5":"product_cat-edebiyat","6":"product_cat-siir","7":"pa_cilt-ciltsiz","8":"pa_tur-kitap","9":"pa_yayinevi-ayrinti-yayinlari","10":"pa_yazar-ursula-k-le-guin","12":"first","13":"instock","14":"sale","15":"shipping-taxable","16":"purchasable","17":"product-type-simple"},"_links":{"self":[{"href":"https:\/\/roveyayinevi.com.tr\/index.php\/wp-json\/wp\/v2\/product\/716956","targetHints":{"allow":["GET"]}}],"collection":[{"href":"https:\/\/roveyayinevi.com.tr\/index.php\/wp-json\/wp\/v2\/product"}],"about":[{"href":"https:\/\/roveyayinevi.com.tr\/index.php\/wp-json\/wp\/v2\/types\/product"}],"wp:attachment":[{"href":"https:\/\/roveyayinevi.com.tr\/index.php\/wp-json\/wp\/v2\/media?parent=716956"}],"wp:term":[{"taxonomy":"product_brand","embeddable":true,"href":"https:\/\/roveyayinevi.com.tr\/index.php\/wp-json\/wp\/v2\/product_brand?post=716956"},{"taxonomy":"product_cat","embeddable":true,"href":"https:\/\/roveyayinevi.com.tr\/index.php\/wp-json\/wp\/v2\/product_cat?post=716956"},{"taxonomy":"product_tag","embeddable":true,"href":"https:\/\/roveyayinevi.com.tr\/index.php\/wp-json\/wp\/v2\/product_tag?post=716956"}],"curies":[{"name":"wp","href":"https:\/\/api.w.org\/{rel}","templated":true}]}}