{"id":716932,"date":"2025-08-27T17:48:52","date_gmt":"2025-08-27T14:48:52","guid":{"rendered":"https:\/\/roveyayinevi.com.tr\/index.php\/urun\/billur-kosk-hikayeleri-2\/"},"modified":"2026-04-16T02:25:05","modified_gmt":"2026-04-15T23:25:05","slug":"billur-kosk-hikayeleri-2","status":"publish","type":"product","link":"https:\/\/roveyayinevi.com.tr\/index.php\/urun\/billur-kosk-hikayeleri-2\/","title":{"rendered":"Billur K\u00f6\u015fk Hikayeleri"},"content":{"rendered":"<p>&#8220;Bir varm\u0131\u015f, bir yokmu\u015f, Allah\u2019\u0131n kulu \u00e7okmu\u015f&#8230;&#8221; tekerlemesiyle ba\u015flay\u0131p arada \u00e7ekilen onca \u0131zd\u0131raba, ayr\u0131l\u0131\u011fa, haks\u0131zl\u0131\u011fa ra\u011fmen sonu hep &#8220;Onlar ermi\u015f muradlar\u0131na, dar\u0131s\u0131 bizlerin ba\u015f\u0131na,&#8221; c\u00fcmlesiyle noktalanan s\u00f6zl\u00fc edebiyat\u0131m\u0131z, masallar\u0131m\u0131z&#8230; S\u00f6zl\u00fc olarak \u00fcretilmi\u015f ve ge\u00e7mi\u015ften bug\u00fcne kulaktan kula\u011fa yay\u0131larak ula\u015fm\u0131\u015f tek miras\u0131m\u0131z&#8230;\u00d6l\u00fcms\u00fczl\u00fcklerini kazanan masallar\u0131m\u0131zla \u015fehzadelerin, han\u0131m sultanlar\u0131n, padi\u015fahlar\u0131n ve k\u00f6t\u00fc kalpli insanlar\u0131n b\u00fcy\u00fcl\u00fc d\u00fcnyas\u0131nda biz de bu kitapla yerimizi al\u0131yoruz. Onlarla a\u011flay\u0131p onlarla g\u00fcl\u00fcyor, hayattan ders \u00e7\u0131kar\u0131yoruz. Bu b\u00fcy\u00fcl\u00fc d\u00fcnyan\u0131n k\u0131rk g\u00fcn k\u0131rk gece s\u00fcren kutlamalar\u0131nda yerimizi alman\u0131n tam zaman\u0131&#8230;<\/p>\n","protected":false},"excerpt":{"rendered":"<p>&#8220;Bir varm\u0131\u015f, bir yokmu\u015f, Allah\u2019\u0131n kulu \u00e7okmu\u015f&#8230;&#8221; tekerlemesiyle ba\u015flay\u0131p arada \u00e7ekilen onca \u0131zd\u0131raba, ayr\u0131l\u0131\u011fa, haks\u0131zl\u0131\u011fa ra\u011fmen sonu hep &#8220;Onlar ermi\u015f muradlar\u0131na, dar\u0131s\u0131 bizlerin ba\u015f\u0131na,&#8221; c\u00fcmlesiyle noktalanan<span class=\"excerpt-hellip\"> [\u2026]<\/span><\/p>\n","protected":false},"featured_media":0,"template":"","meta":{"_monsterinsights_skip_tracking":false,"_monsterinsights_sitenote_active":false,"_monsterinsights_sitenote_note":"","_monsterinsights_sitenote_category":0},"product_brand":[],"product_cat":[12274,12523],"product_tag":[],"class_list":{"0":"post-716932","1":"product","2":"type-product","3":"status-publish","5":"product_cat-cocuk-ve-genclik-kitaplari","6":"product_cat-masallar","7":"pa_cilt-ciltsiz","8":"pa_tur-kitap","9":"pa_yayinevi-antik-kitap","10":"pa_yazar-anonim","12":"first","13":"instock","14":"sale","15":"shipping-taxable","16":"purchasable","17":"product-type-simple"},"_links":{"self":[{"href":"https:\/\/roveyayinevi.com.tr\/index.php\/wp-json\/wp\/v2\/product\/716932","targetHints":{"allow":["GET"]}}],"collection":[{"href":"https:\/\/roveyayinevi.com.tr\/index.php\/wp-json\/wp\/v2\/product"}],"about":[{"href":"https:\/\/roveyayinevi.com.tr\/index.php\/wp-json\/wp\/v2\/types\/product"}],"wp:attachment":[{"href":"https:\/\/roveyayinevi.com.tr\/index.php\/wp-json\/wp\/v2\/media?parent=716932"}],"wp:term":[{"taxonomy":"product_brand","embeddable":true,"href":"https:\/\/roveyayinevi.com.tr\/index.php\/wp-json\/wp\/v2\/product_brand?post=716932"},{"taxonomy":"product_cat","embeddable":true,"href":"https:\/\/roveyayinevi.com.tr\/index.php\/wp-json\/wp\/v2\/product_cat?post=716932"},{"taxonomy":"product_tag","embeddable":true,"href":"https:\/\/roveyayinevi.com.tr\/index.php\/wp-json\/wp\/v2\/product_tag?post=716932"}],"curies":[{"name":"wp","href":"https:\/\/api.w.org\/{rel}","templated":true}]}}