{"id":716924,"date":"2025-08-27T17:48:48","date_gmt":"2025-08-27T14:48:48","guid":{"rendered":"https:\/\/roveyayinevi.com.tr\/index.php\/urun\/iliman-iklim-cocuklar-icin-yaratici-etkinliklerle-ekoloji\/"},"modified":"2026-04-16T02:25:05","modified_gmt":"2026-04-15T23:25:05","slug":"iliman-iklim-cocuklar-icin-yaratici-etkinliklerle-ekoloji","status":"publish","type":"product","link":"https:\/\/roveyayinevi.com.tr\/index.php\/urun\/iliman-iklim-cocuklar-icin-yaratici-etkinliklerle-ekoloji\/","title":{"rendered":"Il\u0131man \u0130klim &#8211; \u00c7ocuklar \u0130\u00e7in Yarat\u0131c\u0131 Etkinliklerle Ekoloji"},"content":{"rendered":"<p>Ekoloji hi\u00e7 bu kadar keyifli olmam\u0131\u015ft\u0131!Hayal g\u00fcc\u00fc ve yarat\u0131c\u0131 etkinliklerle dolu bu ekoloji serisinde canl\u0131lar\u0131n bilinmeyen y\u00f6nlerini ke\u015ffedecek, Kes-Yap\u0131\u015ft\u0131r-Boya etkinlikleriyle e\u011flenceli vakit ge\u00e7ireceksiniz.Ya\u015fam\u0131n\u0131n \u00e7o\u011funu a\u011fa\u00e7 tepesinde ge\u00e7iren canl\u0131 hangisi? Asla dokunulmamas\u0131 gereken zehirli bitki hangisi? Hi\u00e7 t\u00fcl elbise giymi\u015f bir mantar g\u00f6rd\u00fcn\u00fcz m\u00fc? Il\u0131man b\u00f6lgelerin en tuhaf ve ola\u011fan\u00fcst\u00fc canl\u0131lar\u0131, kes-boya-yap\u0131\u015ft\u0131r, origami gibi etkinliklerle beraber bu kitapta.<\/p>\n","protected":false},"excerpt":{"rendered":"<p>Ekoloji hi\u00e7 bu kadar keyifli olmam\u0131\u015ft\u0131!Hayal g\u00fcc\u00fc ve yarat\u0131c\u0131 etkinliklerle dolu bu ekoloji serisinde canl\u0131lar\u0131n bilinmeyen y\u00f6nlerini ke\u015ffedecek, Kes-Yap\u0131\u015ft\u0131r-Boya etkinlikleriyle e\u011flenceli vakit ge\u00e7ireceksiniz.Ya\u015fam\u0131n\u0131n \u00e7o\u011funu a\u011fa\u00e7 tepesinde<span class=\"excerpt-hellip\"> [\u2026]<\/span><\/p>\n","protected":false},"featured_media":0,"template":"","meta":{"_monsterinsights_skip_tracking":false,"_monsterinsights_sitenote_active":false,"_monsterinsights_sitenote_note":"","_monsterinsights_sitenote_category":0},"product_brand":[],"product_cat":[12644,12274],"product_tag":[],"class_list":{"0":"post-716924","1":"product","2":"type-product","3":"status-publish","5":"product_cat-boyama-kitaplari","6":"product_cat-cocuk-ve-genclik-kitaplari","7":"pa_cilt-ciltsiz","8":"pa_tur-kitap","9":"pa_yayinevi-erdem-yayinlari","10":"pa_yazar-yoo-gye-soon","12":"first","13":"instock","14":"sale","15":"shipping-taxable","16":"purchasable","17":"product-type-simple"},"_links":{"self":[{"href":"https:\/\/roveyayinevi.com.tr\/index.php\/wp-json\/wp\/v2\/product\/716924","targetHints":{"allow":["GET"]}}],"collection":[{"href":"https:\/\/roveyayinevi.com.tr\/index.php\/wp-json\/wp\/v2\/product"}],"about":[{"href":"https:\/\/roveyayinevi.com.tr\/index.php\/wp-json\/wp\/v2\/types\/product"}],"wp:attachment":[{"href":"https:\/\/roveyayinevi.com.tr\/index.php\/wp-json\/wp\/v2\/media?parent=716924"}],"wp:term":[{"taxonomy":"product_brand","embeddable":true,"href":"https:\/\/roveyayinevi.com.tr\/index.php\/wp-json\/wp\/v2\/product_brand?post=716924"},{"taxonomy":"product_cat","embeddable":true,"href":"https:\/\/roveyayinevi.com.tr\/index.php\/wp-json\/wp\/v2\/product_cat?post=716924"},{"taxonomy":"product_tag","embeddable":true,"href":"https:\/\/roveyayinevi.com.tr\/index.php\/wp-json\/wp\/v2\/product_tag?post=716924"}],"curies":[{"name":"wp","href":"https:\/\/api.w.org\/{rel}","templated":true}]}}