{"id":716923,"date":"2025-08-27T17:48:47","date_gmt":"2025-08-27T14:48:47","guid":{"rendered":"https:\/\/roveyayinevi.com.tr\/index.php\/urun\/degirmen-3\/"},"modified":"2026-04-08T02:32:07","modified_gmt":"2026-04-07T23:32:07","slug":"degirmen-3","status":"publish","type":"product","link":"https:\/\/roveyayinevi.com.tr\/index.php\/urun\/degirmen-3\/","title":{"rendered":"De\u011firmen"},"content":{"rendered":"<p>D\u0131\u015far\u0131da f\u0131rt\u0131na gittik\u00e7e art\u0131yor ve r\u00fczg\u00e2r \u0131slak kam\u00e7\u0131s\u0131n\u0131 kerpi\u00e7 duvarlarda gezdiriyordu. Y\u00fckselen sular tahta oluklardan ta\u015f\u0131yor, hayk\u0131ra hayk\u0131ra yerlere d\u00f6k\u00fcl\u00fcyordu. \u0130\u00e7eride ta\u015flar nihayetsiz bir co\u015fkunlukla homurdan\u0131yor; \u00e7\u0131lg\u0131n gibi d\u00f6nen kay\u0131\u015flar \u015fakl\u0131yor; birbirine ge\u00e7en tahta \u00e7arklar\u0131n di\u015fleri a\u011flar gibi g\u0131c\u0131rd\u0131yordu. Ve bunlar\u0131n hepsini bast\u0131ran deli bir ses k\u00e2h yalvar\u0131yor, k\u00e2h hiddetle k\u0131vran\u0131yor, susacak gibi olduktan sonra tekrar y\u00fckseliyordu. Alacakaranl\u0131kta Atmaca\u2019n\u0131n siyah ve parlak g\u00f6zleri hi\u00e7 k\u0131p\u0131rdamadan gen\u00e7 k\u0131za bak\u0131yorlard\u0131, gen\u00e7 k\u0131z\u0131n ac\u0131nacak bir peri\u015fanl\u0131kla \u00e7\u0131rp\u0131nan b\u00fcy\u00fcm\u00fc\u015f g\u00f6zlerine&#8230; <\/p>\n","protected":false},"excerpt":{"rendered":"<p>D\u0131\u015far\u0131da f\u0131rt\u0131na gittik\u00e7e art\u0131yor ve r\u00fczg\u00e2r \u0131slak kam\u00e7\u0131s\u0131n\u0131 kerpi\u00e7 duvarlarda gezdiriyordu. Y\u00fckselen sular tahta oluklardan ta\u015f\u0131yor, hayk\u0131ra hayk\u0131ra yerlere d\u00f6k\u00fcl\u00fcyordu. \u0130\u00e7eride ta\u015flar nihayetsiz bir co\u015fkunlukla homurdan\u0131yor;<span class=\"excerpt-hellip\"> [\u2026]<\/span><\/p>\n","protected":false},"featured_media":0,"template":"","meta":{"_monsterinsights_skip_tracking":false,"_monsterinsights_sitenote_active":false,"_monsterinsights_sitenote_note":"","_monsterinsights_sitenote_category":0},"product_brand":[],"product_cat":[12291,12711],"product_tag":[],"class_list":{"0":"post-716923","1":"product","2":"type-product","3":"status-publish","5":"product_cat-edebiyat","6":"product_cat-roman-oyku","7":"pa_cilt-ciltsiz","8":"pa_tur-kitap","9":"pa_yayinevi-ayrinti-yayinlari","10":"pa_yazar-sabahattin-ali","12":"first","13":"instock","14":"sale","15":"shipping-taxable","16":"purchasable","17":"product-type-simple"},"_links":{"self":[{"href":"https:\/\/roveyayinevi.com.tr\/index.php\/wp-json\/wp\/v2\/product\/716923","targetHints":{"allow":["GET"]}}],"collection":[{"href":"https:\/\/roveyayinevi.com.tr\/index.php\/wp-json\/wp\/v2\/product"}],"about":[{"href":"https:\/\/roveyayinevi.com.tr\/index.php\/wp-json\/wp\/v2\/types\/product"}],"wp:attachment":[{"href":"https:\/\/roveyayinevi.com.tr\/index.php\/wp-json\/wp\/v2\/media?parent=716923"}],"wp:term":[{"taxonomy":"product_brand","embeddable":true,"href":"https:\/\/roveyayinevi.com.tr\/index.php\/wp-json\/wp\/v2\/product_brand?post=716923"},{"taxonomy":"product_cat","embeddable":true,"href":"https:\/\/roveyayinevi.com.tr\/index.php\/wp-json\/wp\/v2\/product_cat?post=716923"},{"taxonomy":"product_tag","embeddable":true,"href":"https:\/\/roveyayinevi.com.tr\/index.php\/wp-json\/wp\/v2\/product_tag?post=716923"}],"curies":[{"name":"wp","href":"https:\/\/api.w.org\/{rel}","templated":true}]}}