{"id":716901,"date":"2025-08-27T17:48:34","date_gmt":"2025-08-27T14:48:34","guid":{"rendered":"https:\/\/roveyayinevi.com.tr\/index.php\/urun\/kirlangiclar\/"},"modified":"2025-11-21T05:10:14","modified_gmt":"2025-11-21T02:10:14","slug":"kirlangiclar","status":"publish","type":"product","link":"https:\/\/roveyayinevi.com.tr\/index.php\/urun\/kirlangiclar\/","title":{"rendered":"K\u0131rlang\u0131\u00e7lar"},"content":{"rendered":"<p>\u0130nsana ve i\u00e7inde ya\u015fad\u0131\u011f\u0131 toplumager\u00e7ek\u00e7i ve ele\u015ftirel bak\u0131\u015f\u0131, yal\u0131n ve i\u00e7ten anlat\u0131m\u0131yla T\u00fcrk\u00f6yk\u00fcc\u00fcl\u00fc\u011f\u00fcne damgas\u0131n\u0131 vuran yazar Sabahattin Ali en sevilen \u00f6yk\u00fcleriyleg\u00fcn\u00fcm\u00fcz\u00fc kucakl\u0131yor. Yazar\u0131n \u00f6yk\u00fc ser\u00fcvenini kronolojikolarak yans\u0131tan bu \u00f6zel se\u00e7kiile gen\u00e7 okurlar Sabahattin Ali\u2019nin d\u00fcnyaya,topluma ve insana bak\u0131\u015f\u0131n\u0131 tan\u0131yacak, edebiyat\u0131n g\u00fcc\u00fcyle sarmalanacakve T\u00fcrk\u00e7enin g\u00fczelli\u011fine bir kez daha hayran kalacaklar. <\/p>\n","protected":false},"excerpt":{"rendered":"<p>\u0130nsana ve i\u00e7inde ya\u015fad\u0131\u011f\u0131 toplumager\u00e7ek\u00e7i ve ele\u015ftirel bak\u0131\u015f\u0131, yal\u0131n ve i\u00e7ten anlat\u0131m\u0131yla T\u00fcrk\u00f6yk\u00fcc\u00fcl\u00fc\u011f\u00fcne damgas\u0131n\u0131 vuran yazar Sabahattin Ali en sevilen \u00f6yk\u00fcleriyleg\u00fcn\u00fcm\u00fcz\u00fc kucakl\u0131yor. Yazar\u0131n \u00f6yk\u00fc ser\u00fcvenini kronolojikolarak<span class=\"excerpt-hellip\"> [\u2026]<\/span><\/p>\n","protected":false},"featured_media":0,"template":"","meta":{"_monsterinsights_skip_tracking":false,"_monsterinsights_sitenote_active":false,"_monsterinsights_sitenote_note":"","_monsterinsights_sitenote_category":0},"product_brand":[],"product_cat":[12291,12711],"product_tag":[],"class_list":{"0":"post-716901","1":"product","2":"type-product","3":"status-publish","5":"product_cat-edebiyat","6":"product_cat-roman-oyku","7":"pa_cilt-ciltsiz","8":"pa_tur-kitap","9":"pa_yayinevi-dogan-egmont-yayincilik","10":"pa_yazar-sabahattin-ali","12":"first","13":"instock","14":"sale","15":"shipping-taxable","16":"purchasable","17":"product-type-simple"},"_links":{"self":[{"href":"https:\/\/roveyayinevi.com.tr\/index.php\/wp-json\/wp\/v2\/product\/716901","targetHints":{"allow":["GET"]}}],"collection":[{"href":"https:\/\/roveyayinevi.com.tr\/index.php\/wp-json\/wp\/v2\/product"}],"about":[{"href":"https:\/\/roveyayinevi.com.tr\/index.php\/wp-json\/wp\/v2\/types\/product"}],"wp:attachment":[{"href":"https:\/\/roveyayinevi.com.tr\/index.php\/wp-json\/wp\/v2\/media?parent=716901"}],"wp:term":[{"taxonomy":"product_brand","embeddable":true,"href":"https:\/\/roveyayinevi.com.tr\/index.php\/wp-json\/wp\/v2\/product_brand?post=716901"},{"taxonomy":"product_cat","embeddable":true,"href":"https:\/\/roveyayinevi.com.tr\/index.php\/wp-json\/wp\/v2\/product_cat?post=716901"},{"taxonomy":"product_tag","embeddable":true,"href":"https:\/\/roveyayinevi.com.tr\/index.php\/wp-json\/wp\/v2\/product_tag?post=716901"}],"curies":[{"name":"wp","href":"https:\/\/api.w.org\/{rel}","templated":true}]}}