{"id":716899,"date":"2025-08-27T17:48:32","date_gmt":"2025-08-27T14:48:32","guid":{"rendered":"https:\/\/roveyayinevi.com.tr\/index.php\/urun\/cocuklar-icin-cozumlu-sudoku-2\/"},"modified":"2026-04-16T02:25:04","modified_gmt":"2026-04-15T23:25:04","slug":"cocuklar-icin-cozumlu-sudoku-2","status":"publish","type":"product","link":"https:\/\/roveyayinevi.com.tr\/index.php\/urun\/cocuklar-icin-cozumlu-sudoku-2\/","title":{"rendered":"\u00c7ocuklar \u0130\u00e7in \u00c7\u00f6z\u00fcml\u00fc Sudoku 2"},"content":{"rendered":"<p>\u00c7ocuklar i\u00e7in \u00c7\u00f6z\u00fcml\u00fc Sudoku 1, 9&#215;9 ebad\u0131nda 40 bulmaca ve \u00e7\u00f6z\u00fcmlerinden olu\u015fmaktad\u0131r.Bulmacalar, Sudoku mant\u0131\u011f\u0131na uygun olarak her rakam, her bir sat\u0131rda, her bir s\u00fctunda ve her bir k\u00fc\u00e7\u00fck 9&#215;9 karede sadece bir kez yer alacak \u015fekilde \u00e7\u00f6z\u00fclecektir.Bulmacalar\u0131n \u00e7\u00f6z\u00fcmleri, toplu halde kitab\u0131n arka sayfalar\u0131nda yer almaktad\u0131r.<\/p>\n","protected":false},"excerpt":{"rendered":"<p>\u00c7ocuklar i\u00e7in \u00c7\u00f6z\u00fcml\u00fc Sudoku 1, 9&#215;9 ebad\u0131nda 40 bulmaca ve \u00e7\u00f6z\u00fcmlerinden olu\u015fmaktad\u0131r.Bulmacalar, Sudoku mant\u0131\u011f\u0131na uygun olarak her rakam, her bir sat\u0131rda, her bir s\u00fctunda ve her<span class=\"excerpt-hellip\"> [\u2026]<\/span><\/p>\n","protected":false},"featured_media":0,"template":"","meta":{"_monsterinsights_skip_tracking":false,"_monsterinsights_sitenote_active":false,"_monsterinsights_sitenote_note":"","_monsterinsights_sitenote_category":0},"product_brand":[],"product_cat":[12492,12274],"product_tag":[],"class_list":{"0":"post-716899","1":"product","2":"type-product","3":"status-publish","5":"product_cat-bilmece-bulmaca","6":"product_cat-cocuk-ve-genclik-kitaplari","7":"pa_cilt-ciltsiz","8":"pa_tur-kitap10","9":"pa_yayinevi-potikare-yayincilik","10":"pa_yazar-kolektif","12":"first","13":"instock","14":"sale","15":"shipping-taxable","16":"purchasable","17":"product-type-simple"},"_links":{"self":[{"href":"https:\/\/roveyayinevi.com.tr\/index.php\/wp-json\/wp\/v2\/product\/716899","targetHints":{"allow":["GET"]}}],"collection":[{"href":"https:\/\/roveyayinevi.com.tr\/index.php\/wp-json\/wp\/v2\/product"}],"about":[{"href":"https:\/\/roveyayinevi.com.tr\/index.php\/wp-json\/wp\/v2\/types\/product"}],"wp:attachment":[{"href":"https:\/\/roveyayinevi.com.tr\/index.php\/wp-json\/wp\/v2\/media?parent=716899"}],"wp:term":[{"taxonomy":"product_brand","embeddable":true,"href":"https:\/\/roveyayinevi.com.tr\/index.php\/wp-json\/wp\/v2\/product_brand?post=716899"},{"taxonomy":"product_cat","embeddable":true,"href":"https:\/\/roveyayinevi.com.tr\/index.php\/wp-json\/wp\/v2\/product_cat?post=716899"},{"taxonomy":"product_tag","embeddable":true,"href":"https:\/\/roveyayinevi.com.tr\/index.php\/wp-json\/wp\/v2\/product_tag?post=716899"}],"curies":[{"name":"wp","href":"https:\/\/api.w.org\/{rel}","templated":true}]}}