{"id":716890,"date":"2025-08-27T17:48:26","date_gmt":"2025-08-27T14:48:26","guid":{"rendered":"https:\/\/roveyayinevi.com.tr\/index.php\/urun\/intihar-kulubu\/"},"modified":"2026-04-16T02:25:04","modified_gmt":"2026-04-15T23:25:04","slug":"intihar-kulubu","status":"publish","type":"product","link":"https:\/\/roveyayinevi.com.tr\/index.php\/urun\/intihar-kulubu\/","title":{"rendered":"\u0130ntihar Kul\u00fcb\u00fc"},"content":{"rendered":"<p>\u201cStevenson, okura g\u00f6stermek istedi\u011fi resmi tam olarak ortaya koyacak kelimeleri \u00f6zenle se\u00e7iyor.\u201d Harrold BloomRobert Louis Stevenson, Dr. Jekyll ve Bay Hyde, Define Adas\u0131 gibi klasik romanlar\u0131n yan\u0131 s\u0131ra \u00f6yk\u00fcleriyle de tan\u0131nmaktad\u0131r. Stevenson, \u0130ntihar Kul\u00fcb\u00fc\u2019nde de bizi Bohemya Prensi Florizel ve e\u015flik\u00e7isi Albay Geraldine ile tan\u0131\u015ft\u0131r\u0131yor. \u0130kili sahte kimliklerle Londra sokaklar\u0131nda maceralara at\u0131lmay\u0131, tuhaf insanlarla dostluk etmeyi, s\u0131radan halk\u0131n aras\u0131na kar\u0131\u015fmay\u0131 sever. Bir g\u00fcn \u0130ntihar Kul\u00fcb\u00fc ismindeki gizemli bir \u00f6rg\u00fct\u00fcn varl\u0131\u011f\u0131n\u0131 \u00f6\u011frendiklerinde meraklar\u0131na yenilirler. \u0130nsanlar\u0131n hayatlar\u0131n\u0131 kaybetmelerini sa\u011flayan bu gizli \u00f6rg\u00fcte s\u0131zan ikilinin, zamana kar\u015f\u0131 bir yar\u0131\u015fta \u0130ntihar Kul\u00fcb\u00fc\u2019n\u00fc ve gizemli Ba\u015fkan\u2019\u0131 durdurmaktan ba\u015fka bir se\u00e7ene\u011fi kalmayacakt\u0131r. Dedektif \u00f6yk\u00fcleri\u2019nin geli\u015fiminde \u00f6nemli bir ad\u0131m olan \u0130ntihar Kul\u00fcb\u00fc\u2019n\u00fc her Sherlock Holmes hayran\u0131n\u0131n okumas\u0131 gerek. <\/p>\n","protected":false},"excerpt":{"rendered":"<p>\u201cStevenson, okura g\u00f6stermek istedi\u011fi resmi tam olarak ortaya koyacak kelimeleri \u00f6zenle se\u00e7iyor.\u201d Harrold BloomRobert Louis Stevenson, Dr. Jekyll ve Bay Hyde, Define Adas\u0131 gibi klasik romanlar\u0131n<span class=\"excerpt-hellip\"> [\u2026]<\/span><\/p>\n","protected":false},"featured_media":0,"template":"","meta":{"_monsterinsights_skip_tracking":false,"_monsterinsights_sitenote_active":false,"_monsterinsights_sitenote_note":"","_monsterinsights_sitenote_category":0},"product_brand":[],"product_cat":[12291,12711],"product_tag":[],"class_list":{"0":"post-716890","1":"product","2":"type-product","3":"status-publish","5":"product_cat-edebiyat","6":"product_cat-roman-oyku","7":"pa_cilt-ciltsiz","8":"pa_tur-kitap","9":"pa_yayinevi-ithaki-yayinlari","10":"pa_yazar-robert-louis-stevenson","12":"first","13":"instock","14":"sale","15":"shipping-taxable","16":"purchasable","17":"product-type-simple"},"_links":{"self":[{"href":"https:\/\/roveyayinevi.com.tr\/index.php\/wp-json\/wp\/v2\/product\/716890","targetHints":{"allow":["GET"]}}],"collection":[{"href":"https:\/\/roveyayinevi.com.tr\/index.php\/wp-json\/wp\/v2\/product"}],"about":[{"href":"https:\/\/roveyayinevi.com.tr\/index.php\/wp-json\/wp\/v2\/types\/product"}],"wp:attachment":[{"href":"https:\/\/roveyayinevi.com.tr\/index.php\/wp-json\/wp\/v2\/media?parent=716890"}],"wp:term":[{"taxonomy":"product_brand","embeddable":true,"href":"https:\/\/roveyayinevi.com.tr\/index.php\/wp-json\/wp\/v2\/product_brand?post=716890"},{"taxonomy":"product_cat","embeddable":true,"href":"https:\/\/roveyayinevi.com.tr\/index.php\/wp-json\/wp\/v2\/product_cat?post=716890"},{"taxonomy":"product_tag","embeddable":true,"href":"https:\/\/roveyayinevi.com.tr\/index.php\/wp-json\/wp\/v2\/product_tag?post=716890"}],"curies":[{"name":"wp","href":"https:\/\/api.w.org\/{rel}","templated":true}]}}