{"id":716880,"date":"2025-08-27T17:48:19","date_gmt":"2025-08-27T14:48:19","guid":{"rendered":"https:\/\/roveyayinevi.com.tr\/index.php\/urun\/bebegimle-gunlugum\/"},"modified":"2026-04-16T02:25:04","modified_gmt":"2026-04-15T23:25:04","slug":"bebegimle-gunlugum","status":"publish","type":"product","link":"https:\/\/roveyayinevi.com.tr\/index.php\/urun\/bebegimle-gunlugum\/","title":{"rendered":"Bebe\u011fimle G\u00fcnl\u00fc\u011f\u00fcm"},"content":{"rendered":"<p>Ya\u015fam\u0131n\u0131za yeni bir \u00fcyenin kat\u0131laca\u011f\u0131n\u0131 \u00f6\u011frendi\u011finiz andan itibaren ge\u00e7irece\u011finiz b\u00fct\u00fcn zamanlar siz ve bebe\u011finiz i\u00e7in son derece k\u0131ymetli ve e\u015fsiz olacak. \u0130\u015fte bu \u00f6zel anlar\u0131 ileride bir yeti\u015fkin olacak \u00e7ocu\u011funuzla birlikte hat\u0131rlaman\u0131z, yazd\u0131klar\u0131n\u0131z\u0131 ve biriktirdiklerinizi birlikte okuman\u0131z i\u00e7in sizlere bu kitap-g\u00fcnl\u00fc\u011f\u00fc haz\u0131rlad\u0131k.  Bu kitap-g\u00fcnl\u00fck, hamileli\u011finizden itibaren bebe\u011finize nas\u0131l haz\u0131rland\u0131\u011f\u0131n\u0131z\u0131 ve onun ilk an\u0131lar\u0131n\u0131 ileride hat\u0131rlamak ve hatta bebe\u011finizin kendi ebeveynlik yolculu\u011funda ona rehber olmas\u0131 i\u00e7in saklayabilirsiniz. Kendi duygular\u0131n\u0131z gibi, bebe\u011finizin ilk anlar\u0131n\u0131 not ederek onun geli\u015fimini takip edebilirsiniz. \u0130lk ne zaman size anne ya da baba dedi, ilk ne zaman emekledi, ne zaman kendi ba\u015f\u0131na aya\u011fa kalkt\u0131 gibi b\u00f6l\u00fcmler sizin de ekleyeceklerinizle daha da zenginle\u015fecektir. Son olarak, bebe\u011finizin ileride kaybolup gitmesini istemeyece\u011finiz \u00f6nemli anlar\u0131n\u0131 foto\u011fraflayarak onun i\u00e7in \u00e7ok \u00f6zel bir alb\u00fcm olu\u015fturabilirsiniz. \u0130leride g\u00fcl\u00fcmseyerek bakaca\u011f\u0131n\u0131z, g\u00fczel an\u0131larla dolu bir kitap-g\u00fcnl\u00fck olmas\u0131 dile\u011fiyle\u2026<\/p>\n","protected":false},"excerpt":{"rendered":"<p>Ya\u015fam\u0131n\u0131za yeni bir \u00fcyenin kat\u0131laca\u011f\u0131n\u0131 \u00f6\u011frendi\u011finiz andan itibaren ge\u00e7irece\u011finiz b\u00fct\u00fcn zamanlar siz ve bebe\u011finiz i\u00e7in son derece k\u0131ymetli ve e\u015fsiz olacak. \u0130\u015fte bu \u00f6zel anlar\u0131 ileride<span class=\"excerpt-hellip\"> [\u2026]<\/span><\/p>\n","protected":false},"featured_media":0,"template":"","meta":{"_monsterinsights_skip_tracking":false,"_monsterinsights_sitenote_active":false,"_monsterinsights_sitenote_note":"","_monsterinsights_sitenote_category":0},"product_brand":[],"product_cat":[12831,12324],"product_tag":[],"class_list":{"0":"post-716880","1":"product","2":"type-product","3":"status-publish","5":"product_cat-aile-ve-cocuk","6":"product_cat-sosyoloji","7":"pa_cilt-ciltsiz","8":"pa_tur-kitap","9":"pa_yayinevi-masalperest","10":"pa_yazar-kolektif","12":"first","13":"instock","14":"sale","15":"shipping-taxable","16":"purchasable","17":"product-type-simple"},"_links":{"self":[{"href":"https:\/\/roveyayinevi.com.tr\/index.php\/wp-json\/wp\/v2\/product\/716880","targetHints":{"allow":["GET"]}}],"collection":[{"href":"https:\/\/roveyayinevi.com.tr\/index.php\/wp-json\/wp\/v2\/product"}],"about":[{"href":"https:\/\/roveyayinevi.com.tr\/index.php\/wp-json\/wp\/v2\/types\/product"}],"wp:attachment":[{"href":"https:\/\/roveyayinevi.com.tr\/index.php\/wp-json\/wp\/v2\/media?parent=716880"}],"wp:term":[{"taxonomy":"product_brand","embeddable":true,"href":"https:\/\/roveyayinevi.com.tr\/index.php\/wp-json\/wp\/v2\/product_brand?post=716880"},{"taxonomy":"product_cat","embeddable":true,"href":"https:\/\/roveyayinevi.com.tr\/index.php\/wp-json\/wp\/v2\/product_cat?post=716880"},{"taxonomy":"product_tag","embeddable":true,"href":"https:\/\/roveyayinevi.com.tr\/index.php\/wp-json\/wp\/v2\/product_tag?post=716880"}],"curies":[{"name":"wp","href":"https:\/\/api.w.org\/{rel}","templated":true}]}}