{"id":716866,"date":"2025-08-27T17:48:11","date_gmt":"2025-08-27T14:48:11","guid":{"rendered":"https:\/\/roveyayinevi.com.tr\/index.php\/urun\/bir-yurek-yuruyusu\/"},"modified":"2026-04-16T02:25:03","modified_gmt":"2026-04-15T23:25:03","slug":"bir-yurek-yuruyusu","status":"publish","type":"product","link":"https:\/\/roveyayinevi.com.tr\/index.php\/urun\/bir-yurek-yuruyusu\/","title":{"rendered":"Bir Y\u00fcrek Y\u00fcr\u00fcy\u00fc\u015f\u00fc"},"content":{"rendered":"<p>Bir t\u00fcrl\u00fc anla\u015famam\u0131\u015flar\u2026Gel zaman, git zaman bir sars\u0131nt\u0131, bir rahats\u0131zl\u0131k s\u0131k s\u0131k yoklar olmu\u015f ikisini de. Karanl\u0131k bir yola do\u011fru \u00e7ekildiklerini fark etmi\u015fler.Do\u011fum vakti gelmi\u015ftir art\u0131k. Yapacak bir \u015fey yoktur. \u00c7aresizdirler. Bir me\u00e7hule, bir karanl\u0131\u011fa do\u011fru gidecekler! \u00d6nce birincisi kaym\u0131\u015f a\u015fa\u011f\u0131lara, kaybolup gitmi\u015f. Geride kalansa, karde\u015finin arkas\u0131ndan h\u00fcz\u00fcnle m\u0131r\u0131ldanm\u0131\u015f:\u201cArt\u0131k demir almak vakti gelmi\u015fse zamandan, Me\u00e7hule giden bir gemi kalkar bu limandan\u2026Bir\u00e7ok gidenin her biri memnun ki yerinden, Bir\u00e7ok seneler ge\u00e7ti d\u00f6nen yok seferinden!\u201dVe kendisi de o yolculu\u011fa haz\u0131rlanmaya ba\u015flam\u0131\u015f. Fakat akl\u0131nda hep \u00f6nden giden arkada\u015f\u0131n\u0131n b\u0131rakt\u0131\u011f\u0131 ku\u015fku varm\u0131\u015f! Do\u011fumdan sonra hayat var m\u0131 acaba?<\/p>\n","protected":false},"excerpt":{"rendered":"<p>Bir t\u00fcrl\u00fc anla\u015famam\u0131\u015flar\u2026Gel zaman, git zaman bir sars\u0131nt\u0131, bir rahats\u0131zl\u0131k s\u0131k s\u0131k yoklar olmu\u015f ikisini de. Karanl\u0131k bir yola do\u011fru \u00e7ekildiklerini fark etmi\u015fler.Do\u011fum vakti gelmi\u015ftir art\u0131k.<span class=\"excerpt-hellip\"> [\u2026]<\/span><\/p>\n","protected":false},"featured_media":0,"template":"","meta":{"_monsterinsights_skip_tracking":false,"_monsterinsights_sitenote_active":false,"_monsterinsights_sitenote_note":"","_monsterinsights_sitenote_category":0},"product_brand":[],"product_cat":[12777,12291],"product_tag":[],"class_list":{"0":"post-716866","1":"product","2":"type-product","3":"status-publish","5":"product_cat-deneme","6":"product_cat-edebiyat","7":"pa_cilt-ciltsiz","8":"pa_tur-kitap","9":"pa_yayinevi-yade-yayinlari","10":"pa_yazar-osman-arslan","12":"first","13":"instock","14":"sale","15":"shipping-taxable","16":"purchasable","17":"product-type-simple"},"_links":{"self":[{"href":"https:\/\/roveyayinevi.com.tr\/index.php\/wp-json\/wp\/v2\/product\/716866","targetHints":{"allow":["GET"]}}],"collection":[{"href":"https:\/\/roveyayinevi.com.tr\/index.php\/wp-json\/wp\/v2\/product"}],"about":[{"href":"https:\/\/roveyayinevi.com.tr\/index.php\/wp-json\/wp\/v2\/types\/product"}],"wp:attachment":[{"href":"https:\/\/roveyayinevi.com.tr\/index.php\/wp-json\/wp\/v2\/media?parent=716866"}],"wp:term":[{"taxonomy":"product_brand","embeddable":true,"href":"https:\/\/roveyayinevi.com.tr\/index.php\/wp-json\/wp\/v2\/product_brand?post=716866"},{"taxonomy":"product_cat","embeddable":true,"href":"https:\/\/roveyayinevi.com.tr\/index.php\/wp-json\/wp\/v2\/product_cat?post=716866"},{"taxonomy":"product_tag","embeddable":true,"href":"https:\/\/roveyayinevi.com.tr\/index.php\/wp-json\/wp\/v2\/product_tag?post=716866"}],"curies":[{"name":"wp","href":"https:\/\/api.w.org\/{rel}","templated":true}]}}