{"id":716844,"date":"2025-08-27T17:47:57","date_gmt":"2025-08-27T14:47:57","guid":{"rendered":"https:\/\/roveyayinevi.com.tr\/index.php\/urun\/istanbul-sanat-macerasi\/"},"modified":"2026-04-16T02:25:03","modified_gmt":"2026-04-15T23:25:03","slug":"istanbul-sanat-macerasi","status":"publish","type":"product","link":"https:\/\/roveyayinevi.com.tr\/index.php\/urun\/istanbul-sanat-macerasi\/","title":{"rendered":"\u0130stanbul Sanat Maceras\u0131"},"content":{"rendered":"<p>Kitab\u0131n rehberli\u011finde \u0130stanbul\u2019u sanat ve k\u00fclt\u00fcr\u00fcyle tan\u0131maya \u00e7al\u0131\u015fan bir grup \u00e7ocu\u011fun sanat maceras\u0131na, bu b\u00fcy\u00fcl\u00fc \u015fehri ziyaret eden di\u011fer \u00e7ocuklar ve aileleri de kat\u0131ls\u0131nlar istiyoruz.Sizleri bu \u015fehri fikirleriyle, eserleriyle in\u015fa eden sanat\u00e7\u0131larla tan\u0131\u015fmaya, onlar\u0131n sevdi\u011fi yemeklere, gittikleri mekanlara k\u0131saca reng\u00e2renk bir d\u00fcnyaya davet ediyoruz. Do\u011fu ve Bat\u0131\u2019y\u0131 birle\u015ftiren bu b\u00fcy\u00fcl\u00fc \u015fehirde, farkl\u0131 d\u00f6nemlere yolculuk yaparken farkl\u0131 tatlar\u0131 ke\u015ffedece\u011fiz.<\/p>\n","protected":false},"excerpt":{"rendered":"<p>Kitab\u0131n rehberli\u011finde \u0130stanbul\u2019u sanat ve k\u00fclt\u00fcr\u00fcyle tan\u0131maya \u00e7al\u0131\u015fan bir grup \u00e7ocu\u011fun sanat maceras\u0131na, bu b\u00fcy\u00fcl\u00fc \u015fehri ziyaret eden di\u011fer \u00e7ocuklar ve aileleri de kat\u0131ls\u0131nlar istiyoruz.Sizleri bu<span class=\"excerpt-hellip\"> [\u2026]<\/span><\/p>\n","protected":false},"featured_media":0,"template":"","meta":{"_monsterinsights_skip_tracking":false,"_monsterinsights_sitenote_active":false,"_monsterinsights_sitenote_note":"","_monsterinsights_sitenote_category":0},"product_brand":[],"product_cat":[13055,13054],"product_tag":[],"class_list":{"0":"post-716844","1":"product","2":"type-product","3":"status-publish","5":"product_cat-gezi-rehberi","6":"product_cat-gezi-ve-rehber-kitaplari","7":"pa_cilt-ciltsiz","8":"pa_tur-kitap","9":"pa_yayinevi-potikare-yayincilik","10":"pa_yazar-melek-oral-koray-alp-gani-oral","12":"first","13":"instock","14":"sale","15":"shipping-taxable","16":"purchasable","17":"product-type-simple"},"_links":{"self":[{"href":"https:\/\/roveyayinevi.com.tr\/index.php\/wp-json\/wp\/v2\/product\/716844","targetHints":{"allow":["GET"]}}],"collection":[{"href":"https:\/\/roveyayinevi.com.tr\/index.php\/wp-json\/wp\/v2\/product"}],"about":[{"href":"https:\/\/roveyayinevi.com.tr\/index.php\/wp-json\/wp\/v2\/types\/product"}],"wp:attachment":[{"href":"https:\/\/roveyayinevi.com.tr\/index.php\/wp-json\/wp\/v2\/media?parent=716844"}],"wp:term":[{"taxonomy":"product_brand","embeddable":true,"href":"https:\/\/roveyayinevi.com.tr\/index.php\/wp-json\/wp\/v2\/product_brand?post=716844"},{"taxonomy":"product_cat","embeddable":true,"href":"https:\/\/roveyayinevi.com.tr\/index.php\/wp-json\/wp\/v2\/product_cat?post=716844"},{"taxonomy":"product_tag","embeddable":true,"href":"https:\/\/roveyayinevi.com.tr\/index.php\/wp-json\/wp\/v2\/product_tag?post=716844"}],"curies":[{"name":"wp","href":"https:\/\/api.w.org\/{rel}","templated":true}]}}