{"id":716842,"date":"2025-08-27T17:47:55","date_gmt":"2025-08-27T14:47:55","guid":{"rendered":"https:\/\/roveyayinevi.com.tr\/index.php\/urun\/masal-iki-dunya-arasindaki-ask\/"},"modified":"2026-04-13T02:31:17","modified_gmt":"2026-04-12T23:31:17","slug":"masal-iki-dunya-arasindaki-ask","status":"publish","type":"product","link":"https:\/\/roveyayinevi.com.tr\/index.php\/urun\/masal-iki-dunya-arasindaki-ask\/","title":{"rendered":"Masal &#8211; \u0130ki D\u00fcnya Aras\u0131ndaki A\u015fk"},"content":{"rendered":"<p>Masal bizi asl\u0131m\u0131za kavu\u015fturan efsunlu s\u00f6zd\u00fcr. Biz yeti\u015fkinler ne zaman bir masal dinlesek i\u00e7imizdeki \u00e7ocuk uyanmaya ba\u015flar. Ne zaman bir masal anlat\u0131lsa i\u00e7 evrenimizin karanl\u0131k odalar\u0131nda kilitli kalan \u00e7ocu\u011fun kalbi g\u00fcm g\u00fcm atmaya ba\u015flar. Kalbin bu \u00e7a\u011fr\u0131s\u0131 o karanl\u0131k odan\u0131n kap\u0131s\u0131n\u0131 a\u00e7acak t\u0131ls\u0131md\u0131r. B\u00f6ylece kap\u0131 yava\u015f yava\u015f aralan\u0131r, i\u00e7imizdeki \u00e7ocuk \u00e7ekinerek kafas\u0131n\u0131 d\u0131\u015far\u0131 uzat\u0131r ve kapal\u0131 kald\u0131\u011f\u0131 o odadan masal\u0131n efsunlu sesine kulak vererek usulca d\u0131\u015far\u0131ya \u00e7\u0131kmaya ba\u015flar.  \u00c7\u00fcnk\u00fc masal bizi asl\u0131m\u0131za kavu\u015fturan efsunlu s\u00f6zd\u00fcr. Masal dinleyip, masal anlatt\u0131k\u00e7a bizi terk etmi\u015f olan i\u00e7imizdeki \u00e7ocuk, masal\u0131n cazibesine kap\u0131l\u0131p yuvas\u0131na geri d\u00f6ner. Masal bilin\u00e7d\u0131\u015f\u0131m\u0131z ile olan ba\u011f\u0131m\u0131z\u0131 g\u00fc\u00e7lendirir. Di\u015fil yan\u0131m\u0131z\u0131 b\u00fcy\u00fct\u00fcr. \u0130\u00e7imizdeki kahraman\u0131 uyand\u0131r\u0131r. \u00d6zetle masal, insan olma ser\u00fcveninde bize g\u00fc\u00e7 verir, el uzat\u0131r ve rehberlik eder. <\/p>\n","protected":false},"excerpt":{"rendered":"<p>Masal bizi asl\u0131m\u0131za kavu\u015fturan efsunlu s\u00f6zd\u00fcr. Biz yeti\u015fkinler ne zaman bir masal dinlesek i\u00e7imizdeki \u00e7ocuk uyanmaya ba\u015flar. Ne zaman bir masal anlat\u0131lsa i\u00e7 evrenimizin karanl\u0131k odalar\u0131nda<span class=\"excerpt-hellip\"> [\u2026]<\/span><\/p>\n","protected":false},"featured_media":0,"template":"","meta":{"_monsterinsights_skip_tracking":false,"_monsterinsights_sitenote_active":false,"_monsterinsights_sitenote_note":"","_monsterinsights_sitenote_category":0},"product_brand":[],"product_cat":[12364,12376],"product_tag":[],"class_list":{"0":"post-716842","1":"product","2":"type-product","3":"status-publish","5":"product_cat-genel-konular","6":"product_cat-kisisel-gelisim","7":"pa_cilt-ciltsiz","8":"pa_tur-kitap","9":"pa_yayinevi-dogan-novus","10":"pa_yazar-nazli-cevik-azazi","12":"first","13":"instock","14":"sale","15":"shipping-taxable","16":"purchasable","17":"product-type-simple"},"_links":{"self":[{"href":"https:\/\/roveyayinevi.com.tr\/index.php\/wp-json\/wp\/v2\/product\/716842","targetHints":{"allow":["GET"]}}],"collection":[{"href":"https:\/\/roveyayinevi.com.tr\/index.php\/wp-json\/wp\/v2\/product"}],"about":[{"href":"https:\/\/roveyayinevi.com.tr\/index.php\/wp-json\/wp\/v2\/types\/product"}],"wp:attachment":[{"href":"https:\/\/roveyayinevi.com.tr\/index.php\/wp-json\/wp\/v2\/media?parent=716842"}],"wp:term":[{"taxonomy":"product_brand","embeddable":true,"href":"https:\/\/roveyayinevi.com.tr\/index.php\/wp-json\/wp\/v2\/product_brand?post=716842"},{"taxonomy":"product_cat","embeddable":true,"href":"https:\/\/roveyayinevi.com.tr\/index.php\/wp-json\/wp\/v2\/product_cat?post=716842"},{"taxonomy":"product_tag","embeddable":true,"href":"https:\/\/roveyayinevi.com.tr\/index.php\/wp-json\/wp\/v2\/product_tag?post=716842"}],"curies":[{"name":"wp","href":"https:\/\/api.w.org\/{rel}","templated":true}]}}