{"id":716841,"date":"2025-08-27T17:47:55","date_gmt":"2025-08-27T14:47:55","guid":{"rendered":"https:\/\/roveyayinevi.com.tr\/index.php\/urun\/hakikatin-olumu\/"},"modified":"2026-03-16T02:28:54","modified_gmt":"2026-03-15T23:28:54","slug":"hakikatin-olumu","status":"publish","type":"product","link":"https:\/\/roveyayinevi.com.tr\/index.php\/urun\/hakikatin-olumu\/","title":{"rendered":"Hakikatin \u00d6l\u00fcm\u00fc"},"content":{"rendered":"<p>Yalan hi\u00e7 bu kadar ger\u00e7ek olmam\u0131\u015ft\u0131 Liderler ger\u00e7ekleri alaya al\u0131p k\u00fc\u00e7\u00fcms\u00fcyor. Komplo teorileri havada u\u00e7u\u015fuyor. Bilim tart\u0131\u015fmaya a\u00e7\u0131l\u0131yor. Uydurma haberler, internet ve sosyal medya arac\u0131l\u0131\u011f\u0131yla planl\u0131\u015fekilde yay\u0131l\u0131yor. Sa\u011fduyu kaybolurken, vasat fikirler uzman g\u00f6r\u00fc\u015flerinin \u00f6n\u00fcne ge\u00e7iyor. Nesnelli\u011fin yerini \u00f6nyarg\u0131n\u0131n, mant\u0131\u011f\u0131n yerini duygunun, akl\u0131n yerini ise inanc\u0131n ald\u0131\u011f\u0131 hakikat sonras\u0131 \u00e7a\u011fa ho\u015f geldiniz. Hakikatin \u00d6l\u00fcm\u00fc, Trump\u2019\u0131n ki\u015fili\u011finde cisimle\u015fen, Amerika\u2019n\u0131n nesnel ger\u00e7eklerden uzakla\u015fma e\u011filimine ele\u015ftirel bir bak\u0131\u015f.  <\/p>\n","protected":false},"excerpt":{"rendered":"<p>Yalan hi\u00e7 bu kadar ger\u00e7ek olmam\u0131\u015ft\u0131 Liderler ger\u00e7ekleri alaya al\u0131p k\u00fc\u00e7\u00fcms\u00fcyor. Komplo teorileri havada u\u00e7u\u015fuyor. Bilim tart\u0131\u015fmaya a\u00e7\u0131l\u0131yor. Uydurma haberler, internet ve sosyal medya arac\u0131l\u0131\u011f\u0131yla planl\u0131\u015fekilde<span class=\"excerpt-hellip\"> [\u2026]<\/span><\/p>\n","protected":false},"featured_media":0,"template":"","meta":{"_monsterinsights_skip_tracking":false,"_monsterinsights_sitenote_active":false,"_monsterinsights_sitenote_note":"","_monsterinsights_sitenote_category":0},"product_brand":[],"product_cat":[13590,12337],"product_tag":[],"class_list":{"0":"post-716841","1":"product","2":"type-product","3":"status-publish","5":"product_cat-arastirma-inceleme-politika-siyaset","6":"product_cat-politika-siyaset","7":"pa_cilt-ciltsiz","8":"pa_tur-kitap","9":"pa_yayinevi-dogan-kitap","10":"pa_yazar-michiko-kakutani","12":"first","13":"instock","14":"sale","15":"shipping-taxable","16":"purchasable","17":"product-type-simple"},"_links":{"self":[{"href":"https:\/\/roveyayinevi.com.tr\/index.php\/wp-json\/wp\/v2\/product\/716841","targetHints":{"allow":["GET"]}}],"collection":[{"href":"https:\/\/roveyayinevi.com.tr\/index.php\/wp-json\/wp\/v2\/product"}],"about":[{"href":"https:\/\/roveyayinevi.com.tr\/index.php\/wp-json\/wp\/v2\/types\/product"}],"wp:attachment":[{"href":"https:\/\/roveyayinevi.com.tr\/index.php\/wp-json\/wp\/v2\/media?parent=716841"}],"wp:term":[{"taxonomy":"product_brand","embeddable":true,"href":"https:\/\/roveyayinevi.com.tr\/index.php\/wp-json\/wp\/v2\/product_brand?post=716841"},{"taxonomy":"product_cat","embeddable":true,"href":"https:\/\/roveyayinevi.com.tr\/index.php\/wp-json\/wp\/v2\/product_cat?post=716841"},{"taxonomy":"product_tag","embeddable":true,"href":"https:\/\/roveyayinevi.com.tr\/index.php\/wp-json\/wp\/v2\/product_tag?post=716841"}],"curies":[{"name":"wp","href":"https:\/\/api.w.org\/{rel}","templated":true}]}}