{"id":716825,"date":"2025-08-27T17:47:39","date_gmt":"2025-08-27T14:47:39","guid":{"rendered":"https:\/\/roveyayinevi.com.tr\/index.php\/urun\/livorluk\/"},"modified":"2026-04-16T02:25:02","modified_gmt":"2026-04-15T23:25:02","slug":"livorluk","status":"publish","type":"product","link":"https:\/\/roveyayinevi.com.tr\/index.php\/urun\/livorluk\/","title":{"rendered":"Livorluk"},"content":{"rendered":"<p>\u201cYeter mi lan bu para?\u201d \u201cYeter o\u011flum, hem de iki kilo al\u0131r.\u201d \u201cNe yapacaz lan iki kiloyu?\u201d \u201cBen s\u0131rf bir kilo yerim.\u201d dedi B\u00fclent. \u201cYok deve, nah yersin!\u201d \u201c\u0130yi, tamam, bir kilo alal\u0131m.\u201d   Okul bitince, g\u00f6revimi yerine getirmek i\u00e7in eve gelip, annemden mangal\u0131 istedim. \u201cO\u011flum, baban k\u0131zar, al\u0131n hamsiyi getirin buraya, ben yapar\u0131m.\u201d \u201cOlmaz anne, s\u00f6z verdim, mutlaka mangal\u0131 g\u00f6t\u00fcrmem laz\u0131m.\u201d Gen\u00e7 giri\u015fimci olarak, ekibi toplam\u0131\u015f\u0131z, hamsinin ne kadar al\u0131naca\u011f\u0131na karar vermi\u015fiz, bu konuda finans\u0131 sa\u011flam\u0131\u015f\u0131z, bize kimse engel olamaz h\u00e2liyle. Biraz \u00e7\u0131ra, odun ve \u0131zgaray\u0131 da y\u00fcklendim. Burhanlar\u0131n evinin biti\u015fi\u011findeki, yeni bina yap\u0131lan arazide bulu\u015ftuk. Buras\u0131 uygun yerdi, in\u015faattan dolay\u0131 d\u0131\u015far\u0131da bir de musluk vard\u0131 ve bal\u0131klar\u0131 burada temizleyecektik.   \u201cBen mangal\u0131 yak\u0131yorum, k\u00f6z ancak olur o zamana.\u201d Cerrah olaca\u011f\u0131 o g\u00fcnden belli olan B\u00fclent, hamsilerin kafas\u0131n\u0131 koparmaya, kar\u0131nlar\u0131n\u0131 de\u015fmeye ba\u015flam\u0131\u015ft\u0131. B\u00fct\u00fcn bal\u0131klar temizlendikten sonra s\u0131ra, y\u0131kanmalar\u0131na gelmi\u015fti. Gelmi\u015fti de musluktan bir damla \u015f\u00f6yle dursun, \u201ct\u0131s\u201d sesi bile gelmemi\u015fti, birlikte etrafta vana aramaya koyulduk. Burhan, hamsinin kokusunu alan kedilerden sermayeyi korumak i\u00e7in, bek\u00e7ilik g\u00f6revini \u00fcstlenmi\u015fti. Kendi aralar\u0131nda m\u0131r\u0131ldayarak strateji geli\u015ftirmeye \u00e7al\u0131\u015fan kedilere, etraftaki tu\u011fla par\u00e7alar\u0131n\u0131 f\u0131rlatmaya ba\u015flam\u0131\u015ft\u0131. \u201cNerede lan bu \u2026m\u0131na kodumun vanas\u0131?\u201d <\/p>\n","protected":false},"excerpt":{"rendered":"<p>\u201cYeter mi lan bu para?\u201d \u201cYeter o\u011flum, hem de iki kilo al\u0131r.\u201d \u201cNe yapacaz lan iki kiloyu?\u201d \u201cBen s\u0131rf bir kilo yerim.\u201d dedi B\u00fclent. \u201cYok deve,<span class=\"excerpt-hellip\"> [\u2026]<\/span><\/p>\n","protected":false},"featured_media":0,"template":"","meta":{"_monsterinsights_skip_tracking":false,"_monsterinsights_sitenote_active":false,"_monsterinsights_sitenote_note":"","_monsterinsights_sitenote_category":0},"product_brand":[],"product_cat":[12291,12711],"product_tag":[],"class_list":{"0":"post-716825","1":"product","2":"type-product","3":"status-publish","5":"product_cat-edebiyat","6":"product_cat-roman-oyku","7":"pa_cilt-ciltsiz","8":"pa_tur-kitap","9":"pa_yayinevi-karina-yayinevi","10":"pa_yazar-aykut-karli","12":"first","13":"instock","14":"sale","15":"shipping-taxable","16":"purchasable","17":"product-type-simple"},"_links":{"self":[{"href":"https:\/\/roveyayinevi.com.tr\/index.php\/wp-json\/wp\/v2\/product\/716825","targetHints":{"allow":["GET"]}}],"collection":[{"href":"https:\/\/roveyayinevi.com.tr\/index.php\/wp-json\/wp\/v2\/product"}],"about":[{"href":"https:\/\/roveyayinevi.com.tr\/index.php\/wp-json\/wp\/v2\/types\/product"}],"wp:attachment":[{"href":"https:\/\/roveyayinevi.com.tr\/index.php\/wp-json\/wp\/v2\/media?parent=716825"}],"wp:term":[{"taxonomy":"product_brand","embeddable":true,"href":"https:\/\/roveyayinevi.com.tr\/index.php\/wp-json\/wp\/v2\/product_brand?post=716825"},{"taxonomy":"product_cat","embeddable":true,"href":"https:\/\/roveyayinevi.com.tr\/index.php\/wp-json\/wp\/v2\/product_cat?post=716825"},{"taxonomy":"product_tag","embeddable":true,"href":"https:\/\/roveyayinevi.com.tr\/index.php\/wp-json\/wp\/v2\/product_tag?post=716825"}],"curies":[{"name":"wp","href":"https:\/\/api.w.org\/{rel}","templated":true}]}}