{"id":716824,"date":"2025-08-27T17:47:38","date_gmt":"2025-08-27T14:47:38","guid":{"rendered":"https:\/\/roveyayinevi.com.tr\/index.php\/urun\/deniz-canlilari-tepeden-kuyruga\/"},"modified":"2026-04-16T02:25:02","modified_gmt":"2026-04-15T23:25:02","slug":"deniz-canlilari-tepeden-kuyruga","status":"publish","type":"product","link":"https:\/\/roveyayinevi.com.tr\/index.php\/urun\/deniz-canlilari-tepeden-kuyruga\/","title":{"rendered":"Deniz Canl\u0131lar\u0131 &#8211; Tepeden Kuyru\u011fa"},"content":{"rendered":"<p>Yelken bal\u0131\u011f\u0131n\u0131n y\u00fczgecinden mavi balinan\u0131n a\u011fz\u0131na, deniz canl\u0131lar\u0131n\u0131n ak\u0131llara durgunluk veren \u00f6zellikleri varPeki bunlar\u0131 e\u011flenceli bir oyun e\u015fli\u011finde \u00f6\u011frenmeye ne dersin? Peki bunlar\u0131 e\u011flenceli bir oyun e\u015fli\u011finde \u00f6\u011frenmeye ne dersin? \u00d6nce deniz canl\u0131s\u0131n\u0131n v\u00fccudundan bir b\u00f6l\u00fcm\u00fcn b\u00fcy\u00fct\u00fcl m\u00fc\u015f resmini g\u00f6receksin. Bunun hangi canl\u0131ya ait oldu\u011funu tahmin etmek ise senin g\u00f6revin.Tahminini yap ve hemen sayfay\u0131 \u00e7evir: Deniz canl\u0131s\u0131n\u0131n ismi, tam boy resmi ve hakk\u0131nda bir s\u00fcr\u00fc \u015fahane bilgi orada seni bekliyor.<\/p>\n","protected":false},"excerpt":{"rendered":"<p>Yelken bal\u0131\u011f\u0131n\u0131n y\u00fczgecinden mavi balinan\u0131n a\u011fz\u0131na, deniz canl\u0131lar\u0131n\u0131n ak\u0131llara durgunluk veren \u00f6zellikleri varPeki bunlar\u0131 e\u011flenceli bir oyun e\u015fli\u011finde \u00f6\u011frenmeye ne dersin? Peki bunlar\u0131 e\u011flenceli bir oyun<span class=\"excerpt-hellip\"> [\u2026]<\/span><\/p>\n","protected":false},"featured_media":0,"template":"","meta":{"_monsterinsights_skip_tracking":false,"_monsterinsights_sitenote_active":false,"_monsterinsights_sitenote_note":"","_monsterinsights_sitenote_category":0},"product_brand":[],"product_cat":[12274,12518],"product_tag":[],"class_list":{"0":"post-716824","1":"product","2":"type-product","3":"status-publish","5":"product_cat-cocuk-ve-genclik-kitaplari","6":"product_cat-okul-oncesi-kitaplar","7":"pa_cilt-ciltsiz","8":"pa_tur-kitap","9":"pa_yayinevi-domingo-yayinevi","10":"pa_yazar-stacey-roderick","12":"first","13":"instock","14":"sale","15":"shipping-taxable","16":"purchasable","17":"product-type-simple"},"_links":{"self":[{"href":"https:\/\/roveyayinevi.com.tr\/index.php\/wp-json\/wp\/v2\/product\/716824","targetHints":{"allow":["GET"]}}],"collection":[{"href":"https:\/\/roveyayinevi.com.tr\/index.php\/wp-json\/wp\/v2\/product"}],"about":[{"href":"https:\/\/roveyayinevi.com.tr\/index.php\/wp-json\/wp\/v2\/types\/product"}],"wp:attachment":[{"href":"https:\/\/roveyayinevi.com.tr\/index.php\/wp-json\/wp\/v2\/media?parent=716824"}],"wp:term":[{"taxonomy":"product_brand","embeddable":true,"href":"https:\/\/roveyayinevi.com.tr\/index.php\/wp-json\/wp\/v2\/product_brand?post=716824"},{"taxonomy":"product_cat","embeddable":true,"href":"https:\/\/roveyayinevi.com.tr\/index.php\/wp-json\/wp\/v2\/product_cat?post=716824"},{"taxonomy":"product_tag","embeddable":true,"href":"https:\/\/roveyayinevi.com.tr\/index.php\/wp-json\/wp\/v2\/product_tag?post=716824"}],"curies":[{"name":"wp","href":"https:\/\/api.w.org\/{rel}","templated":true}]}}