{"id":716817,"date":"2025-08-27T17:47:33","date_gmt":"2025-08-27T14:47:33","guid":{"rendered":"https:\/\/roveyayinevi.com.tr\/index.php\/urun\/kurk-mantolu-madonna-8\/"},"modified":"2026-04-16T02:25:02","modified_gmt":"2026-04-15T23:25:02","slug":"kurk-mantolu-madonna-8","status":"publish","type":"product","link":"https:\/\/roveyayinevi.com.tr\/index.php\/urun\/kurk-mantolu-madonna-8\/","title":{"rendered":"K\u00fcrk Mantolu Madonna"},"content":{"rendered":"<p>1976 y\u0131l\u0131nda bask\u0131s\u0131n\u0131 yapt\u0131\u011f\u0131m\u0131z K\u00fcrk Mantolu Madonna\u2019n\u0131n orijinal metne sad\u0131k yeniden bas\u0131m\u0131\u2026 Bireyin i\u00e7 d\u00fcnyas\u0131n\u0131, insan ruhunun derinliklerini eserlerinde ustal\u0131kla i\u015fleyen Sabahattin Ali, bu kitab\u0131nda tutkulu bir a\u015fk ile hayat\u0131n ger\u00e7ekleri aras\u0131nda s\u0131k\u0131\u015fm\u0131\u015f iki insan\u0131n s\u00fcr\u00fckleyici \u00f6yk\u00fcs\u00fcn\u00fc anlat\u0131yor.Edebiyat\u0131m\u0131z\u0131n klasikle\u015fmi\u015f eserlerinden olan K\u00fcrk Mantolu Madonna, b\u00fcy\u00fcleyici anlat\u0131m\u0131yla insan ruhunun derinliklerine sesleniyor\u2026<\/p>\n","protected":false},"excerpt":{"rendered":"<p>1976 y\u0131l\u0131nda bask\u0131s\u0131n\u0131 yapt\u0131\u011f\u0131m\u0131z K\u00fcrk Mantolu Madonna\u2019n\u0131n orijinal metne sad\u0131k yeniden bas\u0131m\u0131\u2026 Bireyin i\u00e7 d\u00fcnyas\u0131n\u0131, insan ruhunun derinliklerini eserlerinde ustal\u0131kla i\u015fleyen Sabahattin Ali, bu kitab\u0131nda tutkulu<span class=\"excerpt-hellip\"> [\u2026]<\/span><\/p>\n","protected":false},"featured_media":0,"template":"","meta":{"_monsterinsights_skip_tracking":false,"_monsterinsights_sitenote_active":false,"_monsterinsights_sitenote_note":"","_monsterinsights_sitenote_category":0},"product_brand":[],"product_cat":[12291,12711],"product_tag":[],"class_list":{"0":"post-716817","1":"product","2":"type-product","3":"status-publish","5":"product_cat-edebiyat","6":"product_cat-roman-oyku","7":"pa_cilt-ciltsiz","8":"pa_tur-kitap","9":"pa_yayinevi-bilgi-yayinevi","10":"pa_yazar-sabahattin-ali","12":"first","13":"instock","14":"sale","15":"shipping-taxable","16":"purchasable","17":"product-type-simple"},"_links":{"self":[{"href":"https:\/\/roveyayinevi.com.tr\/index.php\/wp-json\/wp\/v2\/product\/716817","targetHints":{"allow":["GET"]}}],"collection":[{"href":"https:\/\/roveyayinevi.com.tr\/index.php\/wp-json\/wp\/v2\/product"}],"about":[{"href":"https:\/\/roveyayinevi.com.tr\/index.php\/wp-json\/wp\/v2\/types\/product"}],"wp:attachment":[{"href":"https:\/\/roveyayinevi.com.tr\/index.php\/wp-json\/wp\/v2\/media?parent=716817"}],"wp:term":[{"taxonomy":"product_brand","embeddable":true,"href":"https:\/\/roveyayinevi.com.tr\/index.php\/wp-json\/wp\/v2\/product_brand?post=716817"},{"taxonomy":"product_cat","embeddable":true,"href":"https:\/\/roveyayinevi.com.tr\/index.php\/wp-json\/wp\/v2\/product_cat?post=716817"},{"taxonomy":"product_tag","embeddable":true,"href":"https:\/\/roveyayinevi.com.tr\/index.php\/wp-json\/wp\/v2\/product_tag?post=716817"}],"curies":[{"name":"wp","href":"https:\/\/api.w.org\/{rel}","templated":true}]}}