{"id":716816,"date":"2025-08-27T17:47:33","date_gmt":"2025-08-27T14:47:33","guid":{"rendered":"https:\/\/roveyayinevi.com.tr\/index.php\/urun\/kagni-ses\/"},"modified":"2026-04-16T02:25:02","modified_gmt":"2026-04-15T23:25:02","slug":"kagni-ses","status":"publish","type":"product","link":"https:\/\/roveyayinevi.com.tr\/index.php\/urun\/kagni-ses\/","title":{"rendered":"Ka\u011fn\u0131 &#8211; Ses"},"content":{"rendered":"<p>1972 y\u0131l\u0131nda bask\u0131s\u0131n\u0131 yapt\u0131\u011f\u0131m\u0131z Ka\u011fn\u0131  -Ses\u2019in orijinal metne sad\u0131k yeniden bas\u0131m\u0131\u2026 Sabahattin Ali, \u00f6yk\u00fclerinde yaln\u0131zca karakterlerin duygu d\u00fcnyas\u0131n\u0131 ba\u015far\u0131l\u0131 bir \u015fekilde aktarmakla kalm\u0131yor, Anadolu insan\u0131n\u0131n ya\u015fam\u0131n\u0131 ve i\u00e7inde bulundu\u011fu k\u00fclt\u00fcr \u00e7at\u0131\u015fmas\u0131n\u0131 ak\u0131c\u0131 ve sade anlat\u0131m\u0131yla okuyucuya sunuyor. Yazar\u0131n ya\u015fam\u0131ndan izler ta\u015f\u0131yan \u00f6yk\u00fcler, usta bir dil ve ola\u011fan\u00fcst\u00fc kurgu yetene\u011fi ile okuyucuyla bulu\u015fuyor. <\/p>\n","protected":false},"excerpt":{"rendered":"<p>1972 y\u0131l\u0131nda bask\u0131s\u0131n\u0131 yapt\u0131\u011f\u0131m\u0131z Ka\u011fn\u0131 -Ses\u2019in orijinal metne sad\u0131k yeniden bas\u0131m\u0131\u2026 Sabahattin Ali, \u00f6yk\u00fclerinde yaln\u0131zca karakterlerin duygu d\u00fcnyas\u0131n\u0131 ba\u015far\u0131l\u0131 bir \u015fekilde aktarmakla kalm\u0131yor, Anadolu insan\u0131n\u0131n ya\u015fam\u0131n\u0131<span class=\"excerpt-hellip\"> [\u2026]<\/span><\/p>\n","protected":false},"featured_media":0,"template":"","meta":{"_monsterinsights_skip_tracking":false,"_monsterinsights_sitenote_active":false,"_monsterinsights_sitenote_note":"","_monsterinsights_sitenote_category":0},"product_brand":[],"product_cat":[12291,12711],"product_tag":[],"class_list":{"0":"post-716816","1":"product","2":"type-product","3":"status-publish","5":"product_cat-edebiyat","6":"product_cat-roman-oyku","7":"pa_cilt-ciltsiz","8":"pa_tur-kitap","9":"pa_yayinevi-bilgi-yayinevi","10":"pa_yazar-sabahattin-ali","12":"first","13":"instock","14":"sale","15":"shipping-taxable","16":"purchasable","17":"product-type-simple"},"_links":{"self":[{"href":"https:\/\/roveyayinevi.com.tr\/index.php\/wp-json\/wp\/v2\/product\/716816","targetHints":{"allow":["GET"]}}],"collection":[{"href":"https:\/\/roveyayinevi.com.tr\/index.php\/wp-json\/wp\/v2\/product"}],"about":[{"href":"https:\/\/roveyayinevi.com.tr\/index.php\/wp-json\/wp\/v2\/types\/product"}],"wp:attachment":[{"href":"https:\/\/roveyayinevi.com.tr\/index.php\/wp-json\/wp\/v2\/media?parent=716816"}],"wp:term":[{"taxonomy":"product_brand","embeddable":true,"href":"https:\/\/roveyayinevi.com.tr\/index.php\/wp-json\/wp\/v2\/product_brand?post=716816"},{"taxonomy":"product_cat","embeddable":true,"href":"https:\/\/roveyayinevi.com.tr\/index.php\/wp-json\/wp\/v2\/product_cat?post=716816"},{"taxonomy":"product_tag","embeddable":true,"href":"https:\/\/roveyayinevi.com.tr\/index.php\/wp-json\/wp\/v2\/product_tag?post=716816"}],"curies":[{"name":"wp","href":"https:\/\/api.w.org\/{rel}","templated":true}]}}