{"id":716812,"date":"2025-08-27T17:47:30","date_gmt":"2025-08-27T14:47:30","guid":{"rendered":"https:\/\/roveyayinevi.com.tr\/index.php\/urun\/kayip-tanrica-3\/"},"modified":"2026-04-16T02:25:02","modified_gmt":"2026-04-15T23:25:02","slug":"kayip-tanrica-3","status":"publish","type":"product","link":"https:\/\/roveyayinevi.com.tr\/index.php\/urun\/kayip-tanrica-3\/","title":{"rendered":"Kay\u0131p Tanr\u0131\u00e7a 3"},"content":{"rendered":"<p>Hayat\u0131ndaki zorluklar\u0131 g\u00fcc\u00fc ve sevdikleri sayesinde a\u015fan Sarah i\u00e7in geriye tek bir zorlu g\u00f6rev kalm\u0131\u015ft\u0131r: Babas\u0131yla y\u00fczle\u015fmek. Bunun i\u00e7in yeterince g\u00fc\u00e7l\u00fc m\u00fcd\u00fcr? Peki ya hi\u00e7bir \u015fey sand\u0131\u011f\u0131 gibi de\u011filse?\u201c\u00c7fae ke pare? (Ne g\u00f6rd\u00fcn?)\u201d dedi.Kad\u0131n b\u00fct\u00fcn ejder efendilerine bakt\u0131. Salondaki sessizlik, d\u0131\u015far\u0131dan yank\u0131lanan ejderha \u00e7\u0131\u011fl\u0131klar\u0131yla bozulmu\u015ftu.Kad\u0131n en sonunda krala d\u00f6nd\u00fc ve \u00f6l\u00fc gibi bir sesle, \u201cPashe Perendine (Tanr\u0131\u2019y\u0131 g\u00f6rd\u00fcm),\u201d dedi.Gece derin ve sessizdi.Ad\u0131mlar\u0131m beni hem yakacak hem de kurtaracak olan \u015feye do\u011fru istemsizce ilerlerken onun a\u00e7\u0131k k\u0131rm\u0131z\u0131 renkteki g\u00f6zlerine bakt\u0131m. Benim gelmemi bekliyormu\u015f gibi,kutsal bir \u015feyin ismini telaffuz edercesine,\u201cMerhaba, Sarah,\u201d dedi.Hafif\u00e7e g\u00fcl\u00fcmsedim.<\/p>\n","protected":false},"excerpt":{"rendered":"<p>Hayat\u0131ndaki zorluklar\u0131 g\u00fcc\u00fc ve sevdikleri sayesinde a\u015fan Sarah i\u00e7in geriye tek bir zorlu g\u00f6rev kalm\u0131\u015ft\u0131r: Babas\u0131yla y\u00fczle\u015fmek. Bunun i\u00e7in yeterince g\u00fc\u00e7l\u00fc m\u00fcd\u00fcr? Peki ya hi\u00e7bir \u015fey<span class=\"excerpt-hellip\"> [\u2026]<\/span><\/p>\n","protected":false},"featured_media":0,"template":"","meta":{"_monsterinsights_skip_tracking":false,"_monsterinsights_sitenote_active":false,"_monsterinsights_sitenote_note":"","_monsterinsights_sitenote_category":0},"product_brand":[],"product_cat":[12291,12711],"product_tag":[],"class_list":{"0":"post-716812","1":"product","2":"type-product","3":"status-publish","5":"product_cat-edebiyat","6":"product_cat-roman-oyku","7":"pa_cilt-ciltsiz","8":"pa_tur-kitap","9":"pa_yayinevi-epsilon-yayinlari","10":"pa_yazar-cansu-muyan","12":"first","13":"instock","14":"sale","15":"shipping-taxable","16":"purchasable","17":"product-type-simple"},"_links":{"self":[{"href":"https:\/\/roveyayinevi.com.tr\/index.php\/wp-json\/wp\/v2\/product\/716812","targetHints":{"allow":["GET"]}}],"collection":[{"href":"https:\/\/roveyayinevi.com.tr\/index.php\/wp-json\/wp\/v2\/product"}],"about":[{"href":"https:\/\/roveyayinevi.com.tr\/index.php\/wp-json\/wp\/v2\/types\/product"}],"wp:attachment":[{"href":"https:\/\/roveyayinevi.com.tr\/index.php\/wp-json\/wp\/v2\/media?parent=716812"}],"wp:term":[{"taxonomy":"product_brand","embeddable":true,"href":"https:\/\/roveyayinevi.com.tr\/index.php\/wp-json\/wp\/v2\/product_brand?post=716812"},{"taxonomy":"product_cat","embeddable":true,"href":"https:\/\/roveyayinevi.com.tr\/index.php\/wp-json\/wp\/v2\/product_cat?post=716812"},{"taxonomy":"product_tag","embeddable":true,"href":"https:\/\/roveyayinevi.com.tr\/index.php\/wp-json\/wp\/v2\/product_tag?post=716812"}],"curies":[{"name":"wp","href":"https:\/\/api.w.org\/{rel}","templated":true}]}}