{"id":716804,"date":"2025-08-27T17:47:24","date_gmt":"2025-08-27T14:47:24","guid":{"rendered":"https:\/\/roveyayinevi.com.tr\/index.php\/urun\/bahar-noktasi\/"},"modified":"2026-04-16T02:25:02","modified_gmt":"2026-04-15T23:25:02","slug":"bahar-noktasi","status":"publish","type":"product","link":"https:\/\/roveyayinevi.com.tr\/index.php\/urun\/bahar-noktasi\/","title":{"rendered":"Bahar Noktas\u0131"},"content":{"rendered":"<p>William Shakespeare (1564-1616): \u0130ngiliz \u015fair ve oyun yazar\u0131, eserlerinde insanl\u0131k durumlar\u0131n\u0131 dile getiri\u015f g\u00fcc\u00fcyle d\u00f6rt y\u00fcz y\u0131ld\u0131r okur ve seyircilerini etkilemeyi s\u00fcrd\u00fcr\u00fcyor. Hasan \u00c2li Y\u00fccel Klasikler dizimizde Bir Yaz Gecesi R\u00fcyas\u0131 (\u00d6zdemir Nutku \u00e7evirisi) ad\u0131yla yer alan bu oyunda Shakespeare, ya\u015fam\u0131 oyun i\u00e7inde bir dizi oyun olarak sunar. Di\u011fer komedilerinde oldu\u011fu gibi bu oyunda da ya\u015fad\u0131\u011f\u0131 \u00e7a\u011f\u0131n ger\u00e7ekli\u011finden yola \u00e7\u0131kmakta, ama yine do\u011fa\u00fcst\u00fc \u00f6geler, d\u00fc\u015fsel \u00fclkeler ve masal kahramanlar\u0131yla bu karma\u015f\u0131k ger\u00e7ekli\u011fi zenginle\u015ftirmektedir. Bahar Noktas\u0131\u2019nda hem \u00e7a\u011f\u0131n \u00f6zg\u00fcrle\u015fen insanlar\u0131ndan, hem antik mitolojiden, hem de \u0130ngiliz folklorundan esinlenilerek yarat\u0131lm\u0131\u015f bir y\u00fcksek R\u00f6nesans ve geleneksel halk k\u00fclt\u00fcr\u00fc bire\u015fimiyle kar\u015f\u0131la\u015f\u0131r\u0131z.<\/p>\n","protected":false},"excerpt":{"rendered":"<p>William Shakespeare (1564-1616): \u0130ngiliz \u015fair ve oyun yazar\u0131, eserlerinde insanl\u0131k durumlar\u0131n\u0131 dile getiri\u015f g\u00fcc\u00fcyle d\u00f6rt y\u00fcz y\u0131ld\u0131r okur ve seyircilerini etkilemeyi s\u00fcrd\u00fcr\u00fcyor. Hasan \u00c2li Y\u00fccel Klasikler<span class=\"excerpt-hellip\"> [\u2026]<\/span><\/p>\n","protected":false},"featured_media":0,"template":"","meta":{"_monsterinsights_skip_tracking":false,"_monsterinsights_sitenote_active":false,"_monsterinsights_sitenote_note":"","_monsterinsights_sitenote_category":0},"product_brand":[],"product_cat":[12291,15566],"product_tag":[],"class_list":{"0":"post-716804","1":"product","2":"type-product","3":"status-publish","5":"product_cat-edebiyat","6":"product_cat-oyun","7":"pa_cilt-ciltsiz","8":"pa_tur-kitap","9":"pa_yayinevi-is-bankasi-kultur-yayinlari","10":"pa_yazar-william-shakespeare","12":"first","13":"instock","14":"sale","15":"shipping-taxable","16":"purchasable","17":"product-type-simple"},"_links":{"self":[{"href":"https:\/\/roveyayinevi.com.tr\/index.php\/wp-json\/wp\/v2\/product\/716804","targetHints":{"allow":["GET"]}}],"collection":[{"href":"https:\/\/roveyayinevi.com.tr\/index.php\/wp-json\/wp\/v2\/product"}],"about":[{"href":"https:\/\/roveyayinevi.com.tr\/index.php\/wp-json\/wp\/v2\/types\/product"}],"wp:attachment":[{"href":"https:\/\/roveyayinevi.com.tr\/index.php\/wp-json\/wp\/v2\/media?parent=716804"}],"wp:term":[{"taxonomy":"product_brand","embeddable":true,"href":"https:\/\/roveyayinevi.com.tr\/index.php\/wp-json\/wp\/v2\/product_brand?post=716804"},{"taxonomy":"product_cat","embeddable":true,"href":"https:\/\/roveyayinevi.com.tr\/index.php\/wp-json\/wp\/v2\/product_cat?post=716804"},{"taxonomy":"product_tag","embeddable":true,"href":"https:\/\/roveyayinevi.com.tr\/index.php\/wp-json\/wp\/v2\/product_tag?post=716804"}],"curies":[{"name":"wp","href":"https:\/\/api.w.org\/{rel}","templated":true}]}}