{"id":716788,"date":"2025-08-27T17:47:14","date_gmt":"2025-08-27T14:47:14","guid":{"rendered":"https:\/\/roveyayinevi.com.tr\/index.php\/urun\/jane-steele\/"},"modified":"2026-04-16T02:25:02","modified_gmt":"2026-04-15T23:25:02","slug":"jane-steele","status":"publish","type":"product","link":"https:\/\/roveyayinevi.com.tr\/index.php\/urun\/jane-steele\/","title":{"rendered":"Jane Steele"},"content":{"rendered":"<p>Yetim kalan Jane Steele \u00f6nce kindar teyzesi ve sald\u0131rgan kuzeninin elinde, sonra da can\u0131 i\u00e7in m\u00fccadele etmek zorunda kald\u0131\u011f\u0131 okulda zul\u00fcm g\u00f6rd\u00fckten sonra ona ac\u0131 \u00e7ektirenlerin cesetlerini arkas\u0131nda b\u0131rak\u0131p Londra\u2019ya ka\u00e7m\u0131\u015ft\u0131. Bir g\u00fcn, y\u0131llarca kanundan ka\u00e7t\u0131ktan sonra yakalan\u0131p idam edilenlerin korkun\u00e7 itiraflar\u0131n\u0131 kaleme alan Jane\u2019in kar\u015f\u0131s\u0131na, onu \u00e7ok heyecanland\u0131ran bir ilan \u00e7\u0131kt\u0131. Teyzesi \u00f6lm\u00fc\u015ft\u00fc ve Jane\u2019in \u00e7ocuklu\u011funu ge\u00e7irdi\u011fi evin yeni bir sahibi vard\u0131: M\u00fcrebbiye arayan Bay Charles Thornfield.   Evin kendisine miras kal\u0131p kalmad\u0131\u011f\u0131n\u0131 \u00f6\u011frenmek isteyen Jane kimli\u011fini gizleyerek i\u015fe ba\u015flad\u0131\u011f\u0131nda, Highgate Malik\u00e2nesi\u2019nin yeni ve tuhaf sahipleriyle tan\u0131\u015ft\u0131: Sikh Sava\u015flar\u0131\u2019ndan yeni d\u00f6nm\u00fc\u015f ordu doktoru, b\u00fcy\u00fcleyici fakat sert Bay Thornfield ve onunla ili\u015fkisi iddia edilenlerden \u00e7ok daha derin ve karanl\u0131k olan zarif Sikh u\u015fa\u011f\u0131 Bay Sardar Singh. Jane ikilinin ge\u00e7mi\u015findeki \u015fiddeti g\u00f6rd\u00fck\u00e7e ve Bay Thornfield\u2019a kar\u015f\u0131 hisleri de\u011fi\u015ftik\u00e7e kendini bir ikilemin ortas\u0131nda bulacakt\u0131: Ona her \u015feyiyle, bedeniyle, ruhuyla ve s\u0131rlar\u0131yla sahip olurken kendi s\u0131rlar\u0131n\u0131 gizleyebilecek miydi?   \u201cKomik ve muhte\u015fem bir dille yaz\u0131lm\u0131\u015f bu kitap o kadar g\u00fczel ki bitmesini istemeyeceksiniz.\u201d People   \u201cJane Steele\u2019in i\u015fledi\u011fi su\u00e7lar sizi \u00e7ok e\u011flendirecek.\u201d  The New York Times Book Review \u201cJane Eyre hik\u00e2yesine keyifli bir bak\u0131\u015f a\u00e7\u0131s\u0131\u2026 G\u00f6rg\u00fc kurallar\u0131yla saf karma\u015fan\u0131n kar\u015f\u0131la\u015fmas\u0131.\u201d  USA Today   \u201cBu hik\u00e2ye Jane Eyre ile Dexter\u2019\u0131n birle\u015fmesi gibi. Hem romantik, hem korkun\u00e7 hem de alayc\u0131 bu hik\u00e2yede Bront\u00eb\u2019nin ana karakteri karanl\u0131k ge\u00e7mi\u015fi olan bir sava\u015f\u00e7\u0131ya d\u00f6n\u00fc\u015ft\u00fcr\u00fclm\u00fc\u015f.\u201d  Cosmopolitan   \u201cFaye\u2019in tarih\u00ee gizem romanlar\u0131 yazmaktaki ba\u015far\u0131s\u0131 19. y\u00fczy\u0131lda ge\u00e7en New York \u00fc\u00e7lemesinde kendini g\u00f6stermesine ra\u011fmen bu kurnaz ve alayc\u0131 roman onun yetene\u011fini ba\u015fka bir seviyeye ta\u015f\u0131yor. Bront\u00eb seven herkesin okumas\u0131 gereken bir kitap.\u201d Booklist, starred review   \u201cGen\u00e7 Jane Steele\u2019in en sevdi\u011fi roman Jane Eyre kendi hayat\u0131na hem \u00e7ok az hem de \u00e7ok fazla benziyor\u2026 Okurun elinden d\u00fc\u015f\u00fcremeyece\u011fi bu roman hem kara mizah hem de kan dondurucu bir hayal g\u00fcc\u00fc kullanarak Gotik edebiyat\u0131na uydu\u011fu kadar bir dedektif hik\u00e2yesinde de yer bulacak bir karakter yarat\u0131yor.\u201d  Library Journal, starred review   \u201cBu kitaba bay\u0131ld\u0131m! Konu\u015fmalar \u00e7ok ger\u00e7ek\u00e7i ve tarih\u00ee bilgiler de do\u011fru. Jane Steele\u2019i okumak \u00e7ok keyifli; hem \u00e7ok cesur hem de \u00e7ok h\u00fcz\u00fcnl\u00fc. Hik\u00e2ye \u00e7ok d\u00fczg\u00fcn ve h\u0131z\u0131 ola\u011fan\u00fcst\u00fc.\u201d  Sue Grafton, New York Times, \u00e7oksatan yazar\u0131 \u201cMuhte\u015fem bir kitap. Giri\u015fi o kadar etkileyiciydi ki nefesimi kesti. Jane Steele kolay kolay unutulacak bir karakter de\u011fil.\u201d \u2013 R.L. Stine, The Goosebumps ve Fear Street serilerinin yazar\u0131   \u201cLyndsay Faye tarih\u00ee bir kitapta ba\u015far\u0131lmas\u0131 \u00e7ok zor bir i\u015fin alt\u0131ndan kalkarak uzun s\u00fcre gizli kalm\u0131\u015f kadim bir eser hissi veren bir roman yazm\u0131\u015f. Siz fark etmeden kalbinizi \u00e7alacak. Faye\u2019in di\u011fer kitaplar\u0131 gibi Jane Steele de dikkat \u00e7ekici bir roman.\u201d  Matthew Pearl, New York Times \u00e7oksatan yazar\u0131   \u201cOrijinal ve sanatsal bir kitap\u2026 Merak uyand\u0131ran konusuyla Jane Steele, yanan bir \u015f\u00f6minenin yan\u0131nda rahat bir koltu\u011fa oturmak istemenize ve en sevdi\u011finiz i\u00e7ece\u011fi yudumlayarak keyifli bir ak\u015fam ge\u00e7irmenizi sa\u011flayacak.\u201d  Otto Penzler, The Mysterious Bookshop\u2019\u0131n sahibi   \u201cGer\u00e7ekten \u00e7ok keyifli! Lyndsay Faye diktat\u00f6rlere ya da aptallara boyun e\u011fmeyen bir kad\u0131n karakter yaratm\u0131\u015f. Sonucu da kara mizahla dolu, g\u00f6rkemli bir dille yaz\u0131lm\u0131\u015f bir infazc\u0131 hik\u00e2yesi.\u201d  Suzanne Rindell, The Other Typist\u2019in yazar\u0131   \u201cB\u00fcy\u00fcleyici. Jane Steele ilk c\u00fcmlesinden son sayfas\u0131na kadar m\u00fckemmel yaz\u0131lm\u0131\u015f ve elinizden b\u0131rakamayaca\u011f\u0131n\u0131z bir kitap. Lyndsay Faye \u00e7ok ba\u015far\u0131l\u0131 bir hik\u00e2ye anlat\u0131c\u0131s\u0131 ve bu, \u015fu \u00e2na kadarki en iyi eserlerinden biri.\u201d Maria Konnikova, Mastermind kitab\u0131n\u0131n \u00e7oksatan yazar\u0131   \u201c\u0130htiyac\u0131m oldu\u011funu fark etmedi\u011fim bir kitap. \u00c7ok etkileyici, \u015fa\u015f\u0131rt\u0131c\u0131 ve zeki bir hik\u00e2ye olan Jane Steele sizi yakal\u0131yor ve b\u0131rakm\u0131yor, \u00e7\u0131lg\u0131n bir maceraya s\u00fcr\u00fckl\u00fcyor. Y\u0131llard\u0131r bu kadar keyif ald\u0131\u011f\u0131m bir kitap olmad\u0131!\u201d Deanna Raybourn, New York Times \u00e7oksatan yazar\u0131   \u201cJane Steele\u2019in nefes kesen ilk c\u00fcmlesinden Jane Eyre hik\u00e2yesine tamamen yeni bir bak\u0131\u015f a\u00e7\u0131s\u0131 kazand\u0131ran \u015fa\u015f\u0131rt\u0131c\u0131 bir macerayla kar\u015f\u0131 kar\u015f\u0131ya oldu\u011funuzu g\u00f6r\u00fcyorsunuz. Fakat bu canl\u0131 ve hareketli hik\u00e2yenin alt\u0131nda ger\u00e7ek bir kalp ve neredeyse unutulmu\u015f bir tarihle unutulmas\u0131 imk\u00e2ns\u0131z bir ana karakter yat\u0131yor. \u015eimdiden bu y\u0131l\u0131n en sevdi\u011fim gerilimlerinden birini yazd\u0131\u011f\u0131 i\u00e7in Lyndsay Faye\u2019e te\u015fekk\u00fcr ediyorum.\u201d \u2013 Sarah Weinman, Women Crime Writers: Eight Suspense Novels of the 1940s &amp; 50s kitab\u0131n\u0131n edit\u00f6r\u00fc   \u201cJane Steele\u2019i k\u00f6t\u00fc insanlara korkun\u00e7 \u015feyler yapan unutulmaz kahramanlar listesinde Tom Ripley, Hannibal Lecter ve Dexter Morgan\u2019\u0131n yan\u0131na koyabilirsiniz. Cesur, yarat\u0131c\u0131 ve ba\u015ftan \u00e7\u0131kar\u0131c\u0131 bir muziplikle bu elinizden b\u0131rakamayaca\u011f\u0131n\u0131z kitap Jane Eyre\u2019\u0131 anmas\u0131na ra\u011fmen tamamen yeni bir hik\u00e2ye olmay\u0131 da ba\u015far\u0131yor. Lyndsay Faye bir ba\u015fyap\u0131t yaratm\u0131\u015f.\u201d  Hillary Davidson, Anthony Award sahibi Blood Always Tells\u2019in yazar\u0131  \u201cFaye, Bront\u00eb\u2019nin hik\u00e2yesini yeniden yazmaya \u00e7al\u0131\u015fm\u0131yor. Roman\u0131 en iyi yazarlar\u0131n karakterlerine g\u00f6nderme yapsa da kendi kad\u0131n karakterinin ge\u00e7mi\u015finde yatan karanl\u0131k s\u0131rlar\u0131 ve kanl\u0131 maceralar\u0131 bize baz\u0131 kad\u0131nlar\u0131n ba\u015fka zamanlarda asla bas\u0131lmam\u0131\u015f hik\u00e2yelerini hat\u0131rlat\u0131yor\u2026 Bu kitab\u0131n verdi\u011fi en b\u00fcy\u00fck zevk kendimizi geli\u015ftirmek i\u00e7in ba\u015fkalar\u0131n\u0131 motive eden \u015fey ne kadar vah\u015fi ya da bar\u0131\u015f\u00e7\u0131l olursa olsun anlamam\u0131z gerekti\u011fine dair inanc\u0131.<\/p>\n","protected":false},"excerpt":{"rendered":"<p>Yetim kalan Jane Steele \u00f6nce kindar teyzesi ve sald\u0131rgan kuzeninin elinde, sonra da can\u0131 i\u00e7in m\u00fccadele etmek zorunda kald\u0131\u011f\u0131 okulda zul\u00fcm g\u00f6rd\u00fckten sonra ona ac\u0131 \u00e7ektirenlerin<span class=\"excerpt-hellip\"> [\u2026]<\/span><\/p>\n","protected":false},"featured_media":0,"template":"","meta":{"_monsterinsights_skip_tracking":false,"_monsterinsights_sitenote_active":false,"_monsterinsights_sitenote_note":"","_monsterinsights_sitenote_category":0},"product_brand":[],"product_cat":[12291,12711],"product_tag":[],"class_list":{"0":"post-716788","1":"product","2":"type-product","3":"status-publish","5":"product_cat-edebiyat","6":"product_cat-roman-oyku","7":"pa_cilt-ciltsiz","8":"pa_tur-kitap","9":"pa_yayinevi-yabanci-yayinevi","10":"pa_yazar-lyndsay-faye","12":"first","13":"instock","14":"sale","15":"shipping-taxable","16":"purchasable","17":"product-type-simple"},"_links":{"self":[{"href":"https:\/\/roveyayinevi.com.tr\/index.php\/wp-json\/wp\/v2\/product\/716788","targetHints":{"allow":["GET"]}}],"collection":[{"href":"https:\/\/roveyayinevi.com.tr\/index.php\/wp-json\/wp\/v2\/product"}],"about":[{"href":"https:\/\/roveyayinevi.com.tr\/index.php\/wp-json\/wp\/v2\/types\/product"}],"wp:attachment":[{"href":"https:\/\/roveyayinevi.com.tr\/index.php\/wp-json\/wp\/v2\/media?parent=716788"}],"wp:term":[{"taxonomy":"product_brand","embeddable":true,"href":"https:\/\/roveyayinevi.com.tr\/index.php\/wp-json\/wp\/v2\/product_brand?post=716788"},{"taxonomy":"product_cat","embeddable":true,"href":"https:\/\/roveyayinevi.com.tr\/index.php\/wp-json\/wp\/v2\/product_cat?post=716788"},{"taxonomy":"product_tag","embeddable":true,"href":"https:\/\/roveyayinevi.com.tr\/index.php\/wp-json\/wp\/v2\/product_tag?post=716788"}],"curies":[{"name":"wp","href":"https:\/\/api.w.org\/{rel}","templated":true}]}}