{"id":716776,"date":"2025-08-27T17:47:05","date_gmt":"2025-08-27T14:47:05","guid":{"rendered":"https:\/\/roveyayinevi.com.tr\/index.php\/urun\/kurk-mantolu-madonna-7\/"},"modified":"2026-04-16T02:25:01","modified_gmt":"2026-04-15T23:25:01","slug":"kurk-mantolu-madonna-7","status":"publish","type":"product","link":"https:\/\/roveyayinevi.com.tr\/index.php\/urun\/kurk-mantolu-madonna-7\/","title":{"rendered":"K\u00fcrk Mantolu Madonna"},"content":{"rendered":"<p>Yaln\u0131z orada, k\u00fcrk mantolu bir kad\u0131n portresinin \u00f6n\u00fcnde, m\u0131hlanm\u0131\u015f gibi durdu\u011fumu hat\u0131rl\u0131yorum. Resimleri seyredip ge\u00e7enler, v\u00fccutlar\u0131yla beni sa\u011fa sola itiyorlar fakat ben oldu\u011fum yerden ayr\u0131lam\u0131yordum. Bu portrede ne vard\u0131?&#8230; Bunu izah edemeyece\u011fimi biliyorum; yaln\u0131z, o zamana kadar hi\u00e7bir kad\u0131nda g\u00f6rmedi\u011fim garip, biraz vah\u015fi, biraz ma\u011frur ve \u00e7ok kuvvetli bir ifade vard\u0131. Bu \u00e7ehreyi veya benzerini hi\u00e7bir yerde, hi\u00e7bir zaman g\u00f6rmedi\u011fimi ilk andan itibaren bilmeme ra\u011fmen, onunla aram\u0131zda bir tan\u0131\u015f\u0131kl\u0131k varm\u0131\u015f gibi bir hisse kap\u0131ld\u0131m. \u015eark\u0131lara, t\u00fcrk\u00fclere d\u00f6k\u00fclen \u015fiirleri, \u00e7\u0131\u011f\u0131r a\u00e7an hik\u00e2yecili\u011fi, her biri ba\u015fyap\u0131t niteli\u011findeki romanlar\u0131yla edebiyat\u0131m\u0131z\u0131n en \u00f6nemli isimlerinden olan Sabahattin Ali, K\u00fcrk Mantolu Madonna roman\u0131nda s\u0131radan, kendi h\u00e2linde k\u00fc\u00e7\u00fck bir memurun hayat\u0131na odaklan\u0131r. I. D\u00fcnya Sava\u015f\u0131\u2019n\u0131n hemen ertesinde, aile mesle\u011fiyle ilgili e\u011fitim g\u00f6rmesi i\u00e7in Berlin\u2019e g\u00f6nderilen gen\u00e7 Raif Efendi, k\u00fclt\u00fcr\u00fcne yabanc\u0131 oldu\u011fu bu kentin kaotik ortam\u0131na uyum sa\u011flayamaz. Sessiz, i\u00e7ine kapan\u0131k Raif\u2019i, s\u0131\u011f\u0131nd\u0131\u011f\u0131 kitaplar ve d\u00fc\u015fler d\u00fcnyas\u0131ndan Yahudi as\u0131ll\u0131 bir ressam k\u0131zla ya\u015fad\u0131\u011f\u0131 tutkulu a\u015fk \u00e7\u0131karacakt\u0131r. Biri Bat\u0131\u2019dan \u00f6teki Do\u011fu\u2019dan gelen iki ya\u015fam ka\u00e7a\u011f\u0131n\u0131n, iki d\u00fc\u015f insan\u0131n\u0131n mutlulu\u011fu uzun s\u00fcrmez. Hik\u00e2ye klasik tragedya sahnesinin ola\u011fan ak\u0131\u015f\u0131 \u00e7er\u00e7evesinde geli\u015fecek, kendini dura\u011fan zaman\u0131n h\u00fck\u00fcm s\u00fcrd\u00fc\u011f\u00fc bunalt\u0131c\u0131 g\u00fcndelik hayat atmosferinde yapayaln\u0131z bir fig\u00fcr olarak bulan kahraman\u0131 ka\u00e7\u0131n\u0131lmaz yazg\u0131s\u0131na do\u011fru s\u00fcr\u00fckleyecektir. K\u00fcrk Mantolu Madonna, roman ki\u015filiklerine getirdi\u011fi \u00e7arp\u0131c\u0131 ve derinlikli psikolojik \u00e7izimlerle \u00e7a\u011fda\u015f\u0131 anlat\u0131lar i\u00e7inde benzeri bulunmayan h\u00fcz\u00fcnl\u00fc bir a\u015fk hik\u00e2yesi, okuru kuvvetli bir sahicilik duygusuyla saran \u00e7a\u011fda\u015f bir tragedya&#8230; <\/p>\n","protected":false},"excerpt":{"rendered":"<p>Yaln\u0131z orada, k\u00fcrk mantolu bir kad\u0131n portresinin \u00f6n\u00fcnde, m\u0131hlanm\u0131\u015f gibi durdu\u011fumu hat\u0131rl\u0131yorum. Resimleri seyredip ge\u00e7enler, v\u00fccutlar\u0131yla beni sa\u011fa sola itiyorlar fakat ben oldu\u011fum yerden ayr\u0131lam\u0131yordum. Bu<span class=\"excerpt-hellip\"> [\u2026]<\/span><\/p>\n","protected":false},"featured_media":0,"template":"","meta":{"_monsterinsights_skip_tracking":false,"_monsterinsights_sitenote_active":false,"_monsterinsights_sitenote_note":"","_monsterinsights_sitenote_category":0},"product_brand":[],"product_cat":[12291,12711],"product_tag":[],"class_list":{"0":"post-716776","1":"product","2":"type-product","3":"status-publish","5":"product_cat-edebiyat","6":"product_cat-roman-oyku","7":"pa_cilt-ciltsiz","8":"pa_tur-kitap","9":"pa_yayinevi-ayrinti-yayinlari","10":"pa_yazar-sabahattin-ali","12":"first","13":"instock","14":"sale","15":"shipping-taxable","16":"purchasable","17":"product-type-simple"},"_links":{"self":[{"href":"https:\/\/roveyayinevi.com.tr\/index.php\/wp-json\/wp\/v2\/product\/716776","targetHints":{"allow":["GET"]}}],"collection":[{"href":"https:\/\/roveyayinevi.com.tr\/index.php\/wp-json\/wp\/v2\/product"}],"about":[{"href":"https:\/\/roveyayinevi.com.tr\/index.php\/wp-json\/wp\/v2\/types\/product"}],"wp:attachment":[{"href":"https:\/\/roveyayinevi.com.tr\/index.php\/wp-json\/wp\/v2\/media?parent=716776"}],"wp:term":[{"taxonomy":"product_brand","embeddable":true,"href":"https:\/\/roveyayinevi.com.tr\/index.php\/wp-json\/wp\/v2\/product_brand?post=716776"},{"taxonomy":"product_cat","embeddable":true,"href":"https:\/\/roveyayinevi.com.tr\/index.php\/wp-json\/wp\/v2\/product_cat?post=716776"},{"taxonomy":"product_tag","embeddable":true,"href":"https:\/\/roveyayinevi.com.tr\/index.php\/wp-json\/wp\/v2\/product_tag?post=716776"}],"curies":[{"name":"wp","href":"https:\/\/api.w.org\/{rel}","templated":true}]}}