{"id":716773,"date":"2025-08-27T17:47:04","date_gmt":"2025-08-27T14:47:04","guid":{"rendered":"https:\/\/roveyayinevi.com.tr\/index.php\/urun\/insanligi-yeniden-buyulemek\/"},"modified":"2026-04-16T02:25:01","modified_gmt":"2026-04-15T23:25:01","slug":"insanligi-yeniden-buyulemek","status":"publish","type":"product","link":"https:\/\/roveyayinevi.com.tr\/index.php\/urun\/insanligi-yeniden-buyulemek\/","title":{"rendered":"\u0130nsanl\u0131\u011f\u0131 Yeniden B\u00fcy\u00fclemek"},"content":{"rendered":"<p>\u0130nsanlar bu gezegenin \u2018kanseri\u2019 midir? Yery\u00fcz\u00fcn\u00fcn ve t\u00fcm canl\u0131 t\u00fcrlerinin varl\u0131\u011f\u0131n\u0131 tehdit eden, evrimdeki korkun\u00e7 bir anomali durumunu mu olu\u015ftururlar? Bu sorular, insan ruhuna  ak\u0131l ve yenilik yaratma yetilerine  modern \u00e7a\u011fda neredeyse e\u015fi benzeri g\u00f6r\u00fclmemi\u015f b\u00fcy\u00fckl\u00fckte bir hakaret anlam\u0131na gelir. Bunlara y\u00f6nelik anti h\u00fcmanist tepki ise on sekizinci y\u00fczy\u0131l ayd\u0131nlanmas\u0131n\u0131n geli\u015ftirdi\u011fi ve on dokuzuncu y\u00fczy\u0131ldaki \u00e7e\u015fitli sosyalizmlerin besledi\u011fi ak\u0131l, laiklik, bilim ve insan\u0131n evrenselli\u011fine y\u00f6nelik vurgunun yerini alan narsisist bir mistisizm, mizantropi ve toplumsal dingincilik ortaya koyar. \u00d6mr\u00fc boyunca radikal ve \u00f6nc\u00fc bir \u00e7evreci olan Murray Bookchin, bu sorulara ses getiren bir cevap vermi\u015fti, \u2018Hay\u0131r!\u2019 Anti-h\u00fcmanizmin \u00e7e\u015fitli bi\u00e7imlerine y\u00f6nelik \u00e7o\u011fu zaman n\u00fckteli ve amans\u0131z ele\u015ftiriler i\u00e7eren ara\u015ft\u0131rmas\u0131nda Bookchin, bizi ku\u015fatan sorunlar\u0131n toplumsal irrasyonalizmden kaynakland\u0131\u011f\u0131n\u0131 ve bu sorunlar\u0131n mistisizm ve dingincili\u011fe geri \u00e7ekilmekle de\u011fil, yaln\u0131zca ak\u0131l ve hayal g\u00fcc\u00fc ile \u00e7\u00f6z\u00fclebilece\u011fini ileri s\u00fcrmektedir. Bookchin meselenin bizlerin fazlas\u0131yla insan, ak\u0131lc\u0131 ve medeni olmam\u0131zla de\u011fil, bilakis yeterince insan, ak\u0131lc\u0131 ve medeni olmay\u0131\u015f\u0131m\u0131zla ilgili oldu\u011fu hususunda uyarmaktad\u0131r. Derin ekolojistlerin, sosyobiyologlar\u0131n, Malthus\u00e7ular\u0131n, \u2018Gaiac\u0131lar\u0131n\u2019 ve \u00e7o\u011fu postmodernistin biyolojist ve indirgemeci d\u00fc\u015f\u00fcncelerine k\u0131\u015fk\u0131rt\u0131c\u0131 bir bi\u00e7imde meydan okuyan bu heyecanl\u0131 kitapta Bookchin, ayd\u0131nlanmac\u0131 h\u00fcmanizm ad\u0131n\u0131 verdi\u011fi \u015feyi \u00f6nermektedir  zaman\u0131m\u0131za sinen ve bizi zay\u0131flatan cesaret eksikli\u011fine kar\u015f\u0131 d\u00fc\u015f\u00fcnce, umut ve yenilenmeye y\u00f6nelik bir mesaj. <\/p>\n","protected":false},"excerpt":{"rendered":"<p>\u0130nsanlar bu gezegenin \u2018kanseri\u2019 midir? Yery\u00fcz\u00fcn\u00fcn ve t\u00fcm canl\u0131 t\u00fcrlerinin varl\u0131\u011f\u0131n\u0131 tehdit eden, evrimdeki korkun\u00e7 bir anomali durumunu mu olu\u015ftururlar? Bu sorular, insan ruhuna ak\u0131l ve<span class=\"excerpt-hellip\"> [\u2026]<\/span><\/p>\n","protected":false},"featured_media":0,"template":"","meta":{"_monsterinsights_skip_tracking":false,"_monsterinsights_sitenote_active":false,"_monsterinsights_sitenote_note":"","_monsterinsights_sitenote_category":0},"product_brand":[],"product_cat":[12370,12304],"product_tag":[],"class_list":{"0":"post-716773","1":"product","2":"type-product","3":"status-publish","5":"product_cat-arastirma-inceleme","6":"product_cat-tarih","7":"pa_cilt-ciltsiz","8":"pa_tur-kitap","9":"pa_yayinevi-sumer-yayin","10":"pa_yazar-murray-bookchin","12":"first","13":"instock","14":"sale","15":"shipping-taxable","16":"purchasable","17":"product-type-simple"},"_links":{"self":[{"href":"https:\/\/roveyayinevi.com.tr\/index.php\/wp-json\/wp\/v2\/product\/716773","targetHints":{"allow":["GET"]}}],"collection":[{"href":"https:\/\/roveyayinevi.com.tr\/index.php\/wp-json\/wp\/v2\/product"}],"about":[{"href":"https:\/\/roveyayinevi.com.tr\/index.php\/wp-json\/wp\/v2\/types\/product"}],"wp:attachment":[{"href":"https:\/\/roveyayinevi.com.tr\/index.php\/wp-json\/wp\/v2\/media?parent=716773"}],"wp:term":[{"taxonomy":"product_brand","embeddable":true,"href":"https:\/\/roveyayinevi.com.tr\/index.php\/wp-json\/wp\/v2\/product_brand?post=716773"},{"taxonomy":"product_cat","embeddable":true,"href":"https:\/\/roveyayinevi.com.tr\/index.php\/wp-json\/wp\/v2\/product_cat?post=716773"},{"taxonomy":"product_tag","embeddable":true,"href":"https:\/\/roveyayinevi.com.tr\/index.php\/wp-json\/wp\/v2\/product_tag?post=716773"}],"curies":[{"name":"wp","href":"https:\/\/api.w.org\/{rel}","templated":true}]}}