{"id":716766,"date":"2025-08-27T17:47:00","date_gmt":"2025-08-27T14:47:00","guid":{"rendered":"https:\/\/roveyayinevi.com.tr\/index.php\/urun\/eleftherios-venizelos-2\/"},"modified":"2026-04-16T02:25:01","modified_gmt":"2026-04-15T23:25:01","slug":"eleftherios-venizelos-2","status":"publish","type":"product","link":"https:\/\/roveyayinevi.com.tr\/index.php\/urun\/eleftherios-venizelos-2\/","title":{"rendered":"Eleftherios Venizelos"},"content":{"rendered":"<p>Modern Yunanistan tarihinin en \u00f6nemli devlet adamlar\u0131ndan biri olan Eleftherios Venizelos kimdi? Megali \u0130dea fikrinin en me\u015fhur uygulay\u0131c\u0131s\u0131, 1897 ve 1905 y\u0131llar\u0131ndaki Girit \u0130syanlar\u0131n\u0131n lideri, Balkan Sava\u015flar\u0131 d\u00f6neminde Yunanistan Ba\u015fbakan\u0131 ve Birinci D\u00fcnya Sava\u015f\u0131 sonunda Osmanl\u0131 Devleti&#8217;nin par\u00e7alanma metni olan Sevr Antla\u015fmas\u0131&#8217;n\u0131 imzalayan Venizelos tarihin ak\u0131\u015f\u0131n\u0131n de\u011fi\u015fti\u011fi zamanlarda hep ba\u015froldeydi. Venizelos&#8217;un hem modern Yunanistan siyasetine hem de T\u00fcrk-Yunan ili\u015fkilerine etkisi neydi?Yunanistan Meclis Ar\u015fivi, Yunanistan Milli K\u00fct\u00fcphanesi, D\u00f6nemin Atina gazeteleri ve Eleftherios Venizelos&#8217;un ki\u015fisel ar\u015fivi gibi birinci el kaynaklardan faydalan\u0131larak haz\u0131rlanan bu \u00e7al\u0131\u015fma, hem Eleftherios Venizelos&#8217;un siyasi hedeflerine ve Yunanistan siyasetindeki etkisine hem de g\u00fcn\u00fcm\u00fczde de tart\u0131\u015f\u0131lmaya devam eden T\u00fcrk-Yunan ili\u015fkilerine Yunanca kaynaklar \u00fczerinden \u0131\u015f\u0131k tutmaya \u00e7al\u0131\u015f\u0131lm\u0131\u015ft\u0131r.<\/p>\n","protected":false},"excerpt":{"rendered":"<p>Modern Yunanistan tarihinin en \u00f6nemli devlet adamlar\u0131ndan biri olan Eleftherios Venizelos kimdi? Megali \u0130dea fikrinin en me\u015fhur uygulay\u0131c\u0131s\u0131, 1897 ve 1905 y\u0131llar\u0131ndaki Girit \u0130syanlar\u0131n\u0131n lideri, Balkan<span class=\"excerpt-hellip\"> [\u2026]<\/span><\/p>\n","protected":false},"featured_media":0,"template":"","meta":{"_monsterinsights_skip_tracking":false,"_monsterinsights_sitenote_active":false,"_monsterinsights_sitenote_note":"","_monsterinsights_sitenote_category":0},"product_brand":[],"product_cat":[12370,12304],"product_tag":[],"class_list":{"0":"post-716766","1":"product","2":"type-product","3":"status-publish","5":"product_cat-arastirma-inceleme","6":"product_cat-tarih","7":"pa_cilt-ciltsiz","8":"pa_tur-kitap","9":"pa_yayinevi-yeditepe-yayinevi","10":"pa_yazar-murat-eser","12":"first","13":"instock","14":"sale","15":"shipping-taxable","16":"purchasable","17":"product-type-simple"},"_links":{"self":[{"href":"https:\/\/roveyayinevi.com.tr\/index.php\/wp-json\/wp\/v2\/product\/716766","targetHints":{"allow":["GET"]}}],"collection":[{"href":"https:\/\/roveyayinevi.com.tr\/index.php\/wp-json\/wp\/v2\/product"}],"about":[{"href":"https:\/\/roveyayinevi.com.tr\/index.php\/wp-json\/wp\/v2\/types\/product"}],"wp:attachment":[{"href":"https:\/\/roveyayinevi.com.tr\/index.php\/wp-json\/wp\/v2\/media?parent=716766"}],"wp:term":[{"taxonomy":"product_brand","embeddable":true,"href":"https:\/\/roveyayinevi.com.tr\/index.php\/wp-json\/wp\/v2\/product_brand?post=716766"},{"taxonomy":"product_cat","embeddable":true,"href":"https:\/\/roveyayinevi.com.tr\/index.php\/wp-json\/wp\/v2\/product_cat?post=716766"},{"taxonomy":"product_tag","embeddable":true,"href":"https:\/\/roveyayinevi.com.tr\/index.php\/wp-json\/wp\/v2\/product_tag?post=716766"}],"curies":[{"name":"wp","href":"https:\/\/api.w.org\/{rel}","templated":true}]}}