{"id":716764,"date":"2025-08-27T17:46:59","date_gmt":"2025-08-27T14:46:59","guid":{"rendered":"https:\/\/roveyayinevi.com.tr\/index.php\/urun\/iki-din-iki-fetih\/"},"modified":"2026-04-16T02:25:01","modified_gmt":"2026-04-15T23:25:01","slug":"iki-din-iki-fetih","status":"publish","type":"product","link":"https:\/\/roveyayinevi.com.tr\/index.php\/urun\/iki-din-iki-fetih\/","title":{"rendered":"\u0130ki Din \u0130ki Fetih"},"content":{"rendered":"<p>Orta\u00e7a\u011f boyunca egemenlik alanlar\u0131n\u0131 geni\u015fleten tek tanr\u0131l\u0131 dinlerin, \u00e7ok tanr\u0131l\u0131 toplumlar kar\u015f\u0131s\u0131nda sadece siyasal ve asker\u00ee ara\u00e7lar\u0131 m\u0131 kulland\u0131\u011f\u0131 yoksa sosyal ve k\u00fclt\u00fcrel dayanaklar\u0131 m\u0131 oldu\u011fu tart\u0131\u015fmal\u0131 bir aland\u0131r. Tarihin bu karanl\u0131k noktas\u0131n\u0131 ayd\u0131nlatmak i\u00e7in iki \u00f6rnek \u00fczerinden kar\u015f\u0131la\u015ft\u0131rmal\u0131 bir analiz yapmak ise elinizdeki \u00e7al\u0131\u015fman\u0131n temel \u00e7\u0131k\u0131\u015f noktas\u0131d\u0131r.Toplumlar\u0131n dinsel de\u011fi\u015fimlerini anlamak ancak onlarla ayn\u0131 s\u00fcre\u00e7leri payla\u015fan ba\u015fka toplumlar ile kar\u015f\u0131la\u015ft\u0131r\u0131lmas\u0131yla m\u00fcmk\u00fcn olacakt\u0131r. Burada se\u00e7ilen \u0130skandinavya ve Hindistan \u00f6rnekleri, co\u011fraf\u00ee uzakl\u0131klar\u0131na ra\u011fmen hemen hemen ayn\u0131 d\u00f6nemde meydana gelmeleriyle dikkat \u00e7ekmektedir.Bu \u00f6zg\u00fcn \u00e7al\u0131\u015fmada on ve on birinci y\u00fczy\u0131lda ger\u00e7ekle\u015ftirilen s\u00f6z konusu iki dinsel fetih kar\u015f\u0131l\u0131kl\u0131 olarak incelenmi\u015ftir. Co\u011fraf\u00ee kavramlar, teorik yakla\u015f\u0131mlar ve dinin tarih \u00fczerinde b\u0131rakt\u0131\u011f\u0131 derin izler iki \u00f6rnek \u00fczerinden tart\u0131\u015f\u0131lm\u0131\u015ft\u0131r.<\/p>\n","protected":false},"excerpt":{"rendered":"<p>Orta\u00e7a\u011f boyunca egemenlik alanlar\u0131n\u0131 geni\u015fleten tek tanr\u0131l\u0131 dinlerin, \u00e7ok tanr\u0131l\u0131 toplumlar kar\u015f\u0131s\u0131nda sadece siyasal ve asker\u00ee ara\u00e7lar\u0131 m\u0131 kulland\u0131\u011f\u0131 yoksa sosyal ve k\u00fclt\u00fcrel dayanaklar\u0131 m\u0131 oldu\u011fu<span class=\"excerpt-hellip\"> [\u2026]<\/span><\/p>\n","protected":false},"featured_media":0,"template":"","meta":{"_monsterinsights_skip_tracking":false,"_monsterinsights_sitenote_active":false,"_monsterinsights_sitenote_note":"","_monsterinsights_sitenote_category":0},"product_brand":[],"product_cat":[12370,12304],"product_tag":[],"class_list":{"0":"post-716764","1":"product","2":"type-product","3":"status-publish","5":"product_cat-arastirma-inceleme","6":"product_cat-tarih","7":"pa_cilt-ciltsiz","8":"pa_tur-kitap","9":"pa_yayinevi-yeditepe-yayinevi","10":"pa_yazar-selahattin-ozkan","12":"first","13":"instock","14":"sale","15":"shipping-taxable","16":"purchasable","17":"product-type-simple"},"_links":{"self":[{"href":"https:\/\/roveyayinevi.com.tr\/index.php\/wp-json\/wp\/v2\/product\/716764","targetHints":{"allow":["GET"]}}],"collection":[{"href":"https:\/\/roveyayinevi.com.tr\/index.php\/wp-json\/wp\/v2\/product"}],"about":[{"href":"https:\/\/roveyayinevi.com.tr\/index.php\/wp-json\/wp\/v2\/types\/product"}],"wp:attachment":[{"href":"https:\/\/roveyayinevi.com.tr\/index.php\/wp-json\/wp\/v2\/media?parent=716764"}],"wp:term":[{"taxonomy":"product_brand","embeddable":true,"href":"https:\/\/roveyayinevi.com.tr\/index.php\/wp-json\/wp\/v2\/product_brand?post=716764"},{"taxonomy":"product_cat","embeddable":true,"href":"https:\/\/roveyayinevi.com.tr\/index.php\/wp-json\/wp\/v2\/product_cat?post=716764"},{"taxonomy":"product_tag","embeddable":true,"href":"https:\/\/roveyayinevi.com.tr\/index.php\/wp-json\/wp\/v2\/product_tag?post=716764"}],"curies":[{"name":"wp","href":"https:\/\/api.w.org\/{rel}","templated":true}]}}